D/VrLib (10266): VRManager set thread priority to 0
V/VRManagerService( 942): ---- demoteProcessThread 'com.climaxstudios.BanditSix' requestPriority(pid=10266, tid=10305, prio=0 ----
V/VRManagerService( 942): ---- demoteProcessThread 'com.climaxstudios.BanditSix' requestPriority(pid=10266, tid=10287, prio=0 ----
W/TimeWarp(10266): Warp GPU time: 0.0 ms
D/OVR ( 9239): Debug: SensorFusion::handleMessage - RotationRate zero
I/OVR (10266): DeviceManagerThread - event 69 (499Hz) (Tid=10318)
D/OVR ( 9239): Debug: SensorFusion::handleMessage - RotationRate zero
D/OVR ( 9239): Debug: SensorFusion::handleMessage - RotationRate zero
W/TimeWarp(10266): Warp GPU time: 0.0 ms
I/OVR (10266): DeviceManagerThread - event 69 (498Hz) (Tid=10318)
W/TimeWarp(10266): TimeWarp Watchdog: restored SCHED_FIFO on tid 10305
D/VrLib (10266): setSchedFifoStatic tid:10305 pto:1
D/VrLib (10266): VRManager set thread priority to 1
W/TimeWarp(10266): TimeWarp Watchdog: restored SCHED_FIFO on tid 10287
D/VrLib (10266): setSchedFifoStatic tid:10287 pto:1
V/VRManagerService( 942): ---- elevateProcessThread 'com.climaxstudios.BanditSix' requestPriority(pid=10266, tid=10305, prio=1 ----
V/VRManagerService( 942): ---- elevateProcessThread 'com.climaxstudios.BanditSix' requestPriority(pid=10266, tid=10287, prio=1 ----
D/VrLib (10266): VRManager set thread priority to 1
W/VrApi (10266): CPU0 Clock 1190 MHz, GPU Clock 300000 MHz, Power Level State 0, normal
W/UnityPlugin(10266): FPS: 2 GPU time: 0.0 ms
W/TimeWarp(10266): Warp GPU time: 0.0 ms
W/VrApi (10266): CPU0 Clock 1190 MHz, GPU Clock 300000 MHz, Power Level State 0, normal
W/UnityPlugin(10266): FPS: 9 GPU time: 0.0 ms
D/VrLib (10266): OvrPhoneStateListener.onSignalStrengthsChanged4
W/VrApi (10266): nativeCellularSignalEvent( 4 )
D/STATUSBAR-NetworkController( 1224): onSignalStrengthsChanged signalStrength=SignalStrength: 19 -1 -1 -1 -1 -1 -1 99 2147483647 2147483647 2147483647 -1 2147483647 gsm|lte 0x4 level=4
I/OVR (10266): DeviceManagerThread - event 69 (499Hz) (Tid=10318)
W/TimeWarp(10266): Frame 42869 Eye 1 latency 0.008
W/TimeWarp(10266): Frame 42871 Eye 0 latency 0.009
W/TimeWarp(10266): Frame 42872 Eye 1 latency 0.009
W/TimeWarp(10266): Frame 42873 Eye 0 latency 0.009
D/OVR ( 9239): Debug: SensorFusion::handleMessage - RotationRate zero
D/OVR ( 9239): Debug: SensorFusion::handleMessage - RotationRate zero
W/TimeWarp(10266): Frame 42874 Eye 1 latency 0.008
W/TimeWarp(10266): Frame 42875 Eye 0 latency 0.009
W/TimeWarp(10266): Frame 42876 Eye 1 latency 0.009
W/TimeWarp(10266): Frame 42877 Eye 0 latency 0.009
W/TimeWarp(10266): Frame 42878 Eye 1 latency 0.008
W/TimeWarp(10266): Frame 42879 Eye 0 latency 0.009
W/TimeWarp(10266): Warp GPU time: 0.0 ms
W/VrApi (10266): CPU0 Clock 1190 MHz, GPU Clock 300000 MHz, Power Level State 0, normal
W/UnityPlugin(10266): FPS: 29 GPU time: 0.0 ms
W/TimeWarp(10266): Frame 42881 Eye 1 latency 0.009
W/TimeWarp(10266): Frame 42887 Eye 0 latency 0.008
W/TimeWarp(10266): Frame 42888 Eye 1 latency 0.009
I/OVR (10266): DeviceManagerThread - poll(fds,2,2) = 0 (Tid=10318)
W/TimeWarp(10266): Frame 42894 Eye 0 latency 0.008
W/TimeWarp(10266): Frame 42896 Eye 0 latency 0.009
W/TimeWarp(10266): Frame 42897 Eye 0 latency 0.009
W/TimeWarp(10266): Frame 42899 Eye 0 latency 0.009
W/TimeWarp(10266): Frame 42902 Eye 0 latency 0.009
I/OVR (10266): DeviceManagerThread - event 69 (499Hz) (Tid=10318)
W/TimeWarp(10266): Frame 42903 Eye 0 latency 0.008
W/TimeWarp(10266): Frame 42905 Eye 0 latency 0.008
W/TimeWarp(10266): Frame 42906 Eye 1 latency 0.008
W/TimeWarp(10266): Frame 42909 Eye 0 latency 0.008
W/TimeWarp(10266): Frame 42911 Eye 0 latency 0.009
W/TimeWarp(10266): Frame 42913 Eye 0 latency 0.009
W/TimeWarp(10266): Frame 42915 Eye 0 latency 0.009
W/TimeWarp(10266): Frame 42917 Eye 0 latency 0.008
W/TimeWarp(10266): Frame 42919 Eye 0 latency 0.008
W/TimeWarp(10266): Frame 42921 Eye 0 latency 0.008
W/TimeWarp(10266): Frame 42923 Eye 0 latency 0.008
W/TimeWarp(10266): Frame 42925 Eye 0 latency 0.008
W/TimeWarp(10266): Frame 42927 Eye 0 latency 0.008
W/TimeWarp(10266): Frame 42929 Eye 0 latency 0.009
W/TimeWarp(10266): Frame 42931 Eye 0 latency 0.008
W/TimeWarp(10266): Frame 42933 Eye 0 latency 0.009
D/SSRMv3:SsrmController( 942): SIOP:: AP = 470, PST = 471
W/TimeWarp(10266): Frame 42936 Eye 1 latency 0.008
W/TimeWarp(10266): Frame 42938 Eye 1 latency 0.008
W/TimeWarp(10266): Frame 42939 Eye 0 latency 0.008
W/TimeWarp(10266): Warp GPU time: 0.0 ms
W/VrApi (10266): CPU0 Clock 1190 MHz, GPU Clock 300000 MHz, Power Level State 0, normal
W/UnityPlugin(10266): FPS: 30 GPU time: 0.0 ms
W/TimeWarp(10266): Frame 42945 Eye 0 latency 0.009
W/TimeWarp(10266): Frame 42947 Eye 0 latency 0.009
W/TimeWarp(10266): Frame 42949 Eye 0 latency 0.009
W/TimeWarp(10266): Frame 42953 Eye 0 latency 0.008
W/TimeWarp(10266): Frame 42959 Eye 0 latency 0.009
W/TimeWarp(10266): Frame 42961 Eye 0 latency 0.009
I/OVR (10266): DeviceManagerThread - event 69 (498Hz) (Tid=10318)
W/TimeWarp(10266): Frame 42963 Eye 0 latency 0.009
W/TimeWarp(10266): Frame 42965 Eye 0 latency 0.008
W/TimeWarp(10266): Frame 42967 Eye 0 latency 0.009
W/TimeWarp(10266): Frame 42969 Eye 0 latency 0.009
W/TimeWarp(10266): Frame 42971 Eye 0 latency 0.008
W/TimeWarp(10266): Frame 42973 Eye 0 latency 0.008
W/TimeWarp(10266): Frame 42975 Eye 0 latency 0.008
W/TimeWarp(10266): Frame 42977 Eye 0 latency 0.009
W/TimeWarp(10266): Frame 42979 Eye 0 latency 0.009
W/TimeWarp(10266): Frame 42981 Eye 0 latency 0.008
W/TimeWarp(10266): Frame 42983 Eye 0 latency 0.009
W/TimeWarp(10266): Frame 42985 Eye 0 latency 0.009
W/TimeWarp(10266): Frame 42987 Eye 0 latency 0.008
W/TimeWarp(10266): Frame 42989 Eye 0 latency 0.008
W/TimeWarp(10266): Frame 42990 Eye 0 latency 0.009
W/TimeWarp(10266): Frame 42999 Eye 0 latency 0.008
W/TimeWarp(10266): Warp GPU time: 0.0 ms
W/VrApi (10266): CPU0 Clock 1190 MHz, GPU Clock 300000 MHz, Power Level State 0, normal
W/UnityPlugin(10266): FPS: 30 GPU time: 0.0 ms
W/TimeWarp(10266): Frame 43003 Eye 0 latency 0.008
W/TimeWarp(10266): Frame 43005 Eye 0 latency 0.008
W/TimeWarp(10266): Frame 43007 Eye 0 latency 0.009
W/TimeWarp(10266): Frame 43008 Eye 0 latency 0.008
W/TimeWarp(10266): Frame 43011 Eye 0 latency 0.009
W/TimeWarp(10266): Frame 43013 Eye 0 latency 0.009
W/TimeWarp(10266): Frame 43015 Eye 0 latency 0.009
W/TimeWarp(10266): Frame 43019 Eye 0 latency 0.009
W/TimeWarp(10266): Frame 43021 Eye 0 latency 0.008
I/OVR (10266): DeviceManagerThread - event 69 (499Hz) (Tid=10318)
W/TimeWarp(10266): Frame 43023 Eye 0 latency 0.008
W/TimeWarp(10266): Frame 43025 Eye 0 latency 0.009
W/TimeWarp(10266): Frame 43027 Eye 0 latency 0.008
W/TimeWarp(10266): Frame 43029 Eye 0 latency 0.008
W/TimeWarp(10266): Frame 43031 Eye 0 latency 0.009
W/TimeWarp(10266): Frame 43033 Eye 0 latency 0.009
W/TimeWarp(10266): Frame 43037 Eye 0 latency 0.009
W/TimeWarp(10266): Frame 43039 Eye 0 latency 0.008
D/OVR ( 9239): Debug: SensorFusion::handleMessage - RotationRate zero
W/TimeWarp(10266): Frame 43041 Eye 0 latency 0.008
W/TimeWarp(10266): Frame 43042 Eye 0 latency 0.009
W/TimeWarp(10266): Frame 43042 Eye 1 latency 0.008
W/TimeWarp(10266): Frame 43043 Eye 1 latency 0.008
D/OVR ( 9239): Debug: SensorFusion::handleMessage - RotationRate zero
W/TimeWarp(10266): Frame 43045 Eye 0 latency 0.008
W/TimeWarp(10266): Frame 43047 Eye 0 latency 0.008
W/TimeWarp(10266): Frame 43049 Eye 0 latency 0.009
W/TimeWarp(10266): Frame 43051 Eye 0 latency 0.009
W/TimeWarp(10266): Frame 43053 Eye 0 latency 0.009
W/TimeWarp(10266): Frame 43057 Eye 0 latency 0.009
W/TimeWarp(10266): Warp GPU time: 0.0 ms
W/TimeWarp(10266): Frame 43059 Eye 0 latency 0.008
W/VrApi (10266): CPU0 Clock 1190 MHz, GPU Clock 300000 MHz, Power Level State 0, normal
W/UnityPlugin(10266): FPS: 30 GPU time: 0.0 ms
W/TimeWarp(10266): Frame 43063 Eye 0 latency 0.009
W/TimeWarp(10266): Frame 43065 Eye 0 latency 0.008
W/TimeWarp(10266): Frame 43073 Eye 0 latency 0.008
W/TimeWarp(10266): Frame 43077 Eye 0 latency 0.008
W/TimeWarp(10266): Frame 43079 Eye 0 latency 0.009
W/TimeWarp(10266): Frame 43081 Eye 0 latency 0.008
I/OVR (10266): DeviceManagerThread - event 69 (499Hz) (Tid=10318)
W/TimeWarp(10266): Frame 43089 Eye 0 latency 0.009
W/TimeWarp(10266): Frame 43091 Eye 0 latency 0.008
W/TimeWarp(10266): Frame 43097 Eye 0 latency 0.008
W/TimeWarp(10266): Frame 43103 Eye 0 latency 0.009
W/TimeWarp(10266): Frame 43105 Eye 0 latency 0.008
W/TimeWarp(10266): Frame 43109 Eye 0 latency 0.008
W/TimeWarp(10266): Frame 43110 Eye 0 latency 0.008
W/TimeWarp(10266): Frame 43111 Eye 0 latency 0.008
W/TimeWarp(10266): Frame 43115 Eye 0 latency 0.008
W/TimeWarp(10266): Frame 43117 Eye 0 latency 0.008
W/TimeWarp(10266): Warp GPU time: 0.0 ms
W/TimeWarp(10266): Frame 43119 Eye 0 latency 0.009
W/VrApi (10266): CPU0 Clock 1190 MHz, GPU Clock 300000 MHz, Power Level State 0, normal
W/UnityPlugin(10266): FPS: 30 GPU time: 0.0 ms
W/TimeWarp(10266): Frame 43123 Eye 0 latency 0.009
W/TimeWarp(10266): Frame 43125 Eye 0 latency 0.008
W/TimeWarp(10266): Frame 43127 Eye 0 latency 0.009
W/TimeWarp(10266): Frame 43129 Eye 0 latency 0.009
W/TimeWarp(10266): Frame 43131 Eye 0 latency 0.008
W/TimeWarp(10266): Frame 43135 Eye 0 latency 0.008
W/TimeWarp(10266): Frame 43139 Eye 0 latency 0.009
I/OVR (10266): DeviceManagerThread - event 69 (498Hz) (Tid=10318)
W/TimeWarp(10266): Frame 43143 Eye 0 latency 0.008
W/TimeWarp(10266): Frame 43145 Eye 0 latency 0.008
W/TimeWarp(10266): Frame 43153 Eye 0 latency 0.009
W/TimeWarp(10266): Frame 43155 Eye 0 latency 0.009
W/TimeWarp(10266): Frame 43161 Eye 0 latency 0.008
W/TimeWarp(10266): Frame 43171 Eye 0 latency 0.008
W/TimeWarp(10266): Frame 43173 Eye 0 latency 0.008
W/TimeWarp(10266): Frame 43177 Eye 0 latency 0.008
W/TimeWarp(10266): Warp GPU time: 0.0 ms
W/TimeWarp(10266): Frame 43179 Eye 0 latency 0.008
W/VrApi (10266): CPU0 Clock 1190 MHz, GPU Clock 300000 MHz, Power Level State 0, normal
W/UnityPlugin(10266): FPS: 30 GPU time: 0.0 ms
W/TimeWarp(10266): Frame 43183 Eye 0 latency 0.008
D/OVR ( 9239): Debug: SensorFusion::handleMessage - RotationRate zero
W/TimeWarp(10266): Frame 43187 Eye 0 latency 0.008
W/TimeWarp(10266): Frame 43189 Eye 0 latency 0.008
D/ad ( 942): mCheck2ndHMTtableRunnable!
D/ad ( 942): battery temp will be check in 60000 ms.
W/TimeWarp(10266): Frame 43193 Eye 0 latency 0.008
D/OVR ( 9239): Debug: SensorFusion::handleMessage - RotationRate zero
W/TimeWarp(10266): Frame 43197 Eye 0 latency 0.008
W/TimeWarp(10266): Frame 43199 Eye 0 latency 0.008
I/OVR (10266): DeviceManagerThread - event 69 (499Hz) (Tid=10318)
W/TimeWarp(10266): Frame 43203 Eye 0 latency 0.009
W/TimeWarp(10266): Frame 43205 Eye 0 latency 0.008
W/TimeWarp(10266): Frame 43213 Eye 0 latency 0.008
W/TimeWarp(10266): Frame 43223 Eye 0 latency 0.008
W/TimeWarp(10266): Frame 43225 Eye 0 latency 0.008
W/TimeWarp(10266): Frame 43226 Eye 0 latency 0.008
W/TimeWarp(10266): Frame 43226 Eye 1 latency 0.008
W/TimeWarp(10266): Warp GPU time: 0.0 ms
W/VrApi (10266): CPU0 Clock 1190 MHz, GPU Clock 300000 MHz, Power Level State 0, normal
W/UnityPlugin(10266): FPS: 30 GPU time: 0.0 ms
W/TimeWarp(10266): Frame 43241 Eye 1 latency 0.009
W/TimeWarp(10266): Frame 43245 Eye 0 latency 0.009
W/TimeWarp(10266): Frame 43247 Eye 0 latency 0.008
D/OVR ( 9239): Debug: SensorFusion::handleMessage - RotationRate zero
W/TimeWarp(10266): Frame 43251 Eye 0 latency 0.009
W/TimeWarp(10266): Frame 43253 Eye 0 latency 0.008
W/TimeWarp(10266): Frame 43257 Eye 0 latency 0.009
I/OVR (10266): DeviceManagerThread - event 69 (499Hz) (Tid=10318)
W/TimeWarp(10266): Frame 43265 Eye 0 latency 0.008
W/TimeWarp(10266): Frame 43267 Eye 0 latency 0.009
W/TimeWarp(10266): Frame 43273 Eye 0 latency 0.009
W/TimeWarp(10266): Frame 43277 Eye 0 latency 0.008
D/OVR ( 9239): Debug: SensorFusion::handleMessage - RotationRate zero
W/TimeWarp(10266): Frame 43279 Eye 0 latency 0.009
W/TimeWarp(10266): Frame 43285 Eye 0 latency 0.009
W/TimeWarp(10266): Frame 43287 Eye 0 latency 0.008
W/TimeWarp(10266): Frame 43289 Eye 0 latency 0.008
W/TimeWarp(10266): Frame 43293 Eye 0 latency 0.009
W/TimeWarp(10266): Frame 43296 Eye 1 latency 0.008
W/VrApi (10266): CPU0 Clock 1190 MHz, GPU Clock 300000 MHz, Power Level State 0, normal
W/UnityPlugin(10266): FPS: 29 GPU time: 0.0 ms
W/TimeWarp(10266): Warp GPU time: 0.0 ms
W/TimeWarp(10266): Frame 43301 Eye 0 latency 0.009
W/TimeWarp(10266): Frame 43303 Eye 0 latency 0.009
W/TimeWarp(10266): Frame 43305 Eye 0 latency 0.009
W/TimeWarp(10266): Frame 43307 Eye 0 latency 0.008
W/TimeWarp(10266): Frame 43308 Eye 1 latency 0.009
W/TimeWarp(10266): Frame 43310 Eye 0 latency 0.010
W/TimeWarp(10266): Frame 43315 Eye 0 latency 0.009
W/TimeWarp(10266): Frame 43316 Eye 1 latency 0.009
W/TimeWarp(10266): Frame 43319 Eye 0 latency 0.008
W/TimeWarp(10266): Frame 43321 Eye 0 latency 0.008
I/OVR (10266): DeviceManagerThread - event 69 (499Hz) (Tid=10318)
W/TimeWarp(10266): Frame 43323 Eye 0 latency 0.008
D/OVR ( 9239): Debug: SensorFusion::handleMessage - RotationRate zero
W/TimeWarp(10266): Frame 43325 Eye 0 latency 0.008
W/TimeWarp(10266): Frame 43327 Eye 0 latency 0.008
D/OVR ( 9239): Debug: SensorFusion::handleMessage - RotationRate zero
W/TimeWarp(10266): Frame 43329 Eye 0 latency 0.009
W/TimeWarp(10266): Frame 43331 Eye 0 latency 0.009
W/TimeWarp(10266): Frame 43335 Eye 0 latency 0.008
W/TimeWarp(10266): Frame 43337 Eye 0 latency 0.009
W/TimeWarp(10266): Frame 43339 Eye 0 latency 0.009
W/TimeWarp(10266): Frame 43343 Eye 0 latency 0.008
W/TimeWarp(10266): Frame 43347 Eye 0 latency 0.008
W/TimeWarp(10266): Frame 43349 Eye 0 latency 0.008
W/TimeWarp(10266): Frame 43351 Eye 0 latency 0.009
W/TimeWarp(10266): Frame 43353 Eye 0 latency 0.008
D/OVR ( 9239): Debug: SensorFusion::handleMessage - RotationRate zero
W/TimeWarp(10266): Frame 43355 Eye 0 latency 0.008
W/TimeWarp(10266): Frame 43357 Eye 0 latency 0.008
W/TimeWarp(10266): Warp GPU time: 0.0 ms
W/VrApi (10266): CPU0 Clock 1190 MHz, GPU Clock 300000 MHz, Power Level State 0, normal
W/UnityPlugin(10266): FPS: 29 GPU time: 0.0 ms
W/TimeWarp(10266): Frame 43363 Eye 0 latency 0.009
W/TimeWarp(10266): Frame 43367 Eye 0 latency 0.009
W/TimeWarp(10266): Frame 43369 Eye 0 latency 0.008
W/TimeWarp(10266): Frame 43371 Eye 0 latency 0.008
W/TimeWarp(10266): Frame 43372 Eye 0 latency 0.008
W/TimeWarp(10266): Frame 43372 Eye 1 latency 0.008
W/TimeWarp(10266): Frame 43375 Eye 0 latency 0.009
W/TimeWarp(10266): Frame 43377 Eye 0 latency 0.008
W/TimeWarp(10266): Frame 43381 Eye 0 latency 0.009
I/OVR (10266): DeviceManagerThread - event 69 (499Hz) (Tid=10318)
W/TimeWarp(10266): Frame 43389 Eye 0 latency 0.009
W/TimeWarp(10266): Frame 43391 Eye 0 latency 0.008
W/TimeWarp(10266): Frame 43393 Eye 0 latency 0.008
W/TimeWarp(10266): Frame 43397 Eye 0 latency 0.009
W/TimeWarp(10266): Frame 43399 Eye 0 latency 0.008
W/TimeWarp(10266): Frame 43401 Eye 0 latency 0.008
W/TimeWarp(10266): Frame 43403 Eye 0 latency 0.009
W/TimeWarp(10266): Frame 43405 Eye 0 latency 0.009
W/TimeWarp(10266): Frame 43407 Eye 0 latency 0.009
W/TimeWarp(10266): Frame 43409 Eye 0 latency 0.008
W/TimeWarp(10266): Frame 43411 Eye 0 latency 0.008
W/TimeWarp(10266): Frame 43413 Eye 0 latency 0.009
W/TimeWarp(10266): Frame 43417 Eye 0 latency 0.009
W/TimeWarp(10266): Warp GPU time: 0.0 ms
W/VrApi (10266): CPU0 Clock 1190 MHz, GPU Clock 300000 MHz, Power Level State 0, normal
W/UnityPlugin(10266): FPS: 30 GPU time: 0.0 ms
W/TimeWarp(10266): Frame 43423 Eye 0 latency 0.008
W/TimeWarp(10266): Frame 43427 Eye 0 latency 0.009
W/TimeWarp(10266): Frame 43429 Eye 0 latency 0.009
W/TimeWarp(10266): Frame 43433 Eye 0 latency 0.008
W/TimeWarp(10266): Frame 43434 Eye 1 latency 0.008
W/TimeWarp(10266): Frame 43437 Eye 0 latency 0.008
W/TimeWarp(10266): Frame 43441 Eye 0 latency 0.008
I/OVR (10266): DeviceManagerThread - event 69 (499Hz) (Tid=10318)
W/TimeWarp(10266): Frame 43445 Eye 0 latency 0.009
W/TimeWarp(10266): Frame 43447 Eye 0 latency 0.008
W/TimeWarp(10266): Frame 43449 Eye 0 latency 0.008
W/TimeWarp(10266): Frame 43453 Eye 0 latency 0.009
W/TimeWarp(10266): Frame 43455 Eye 0 latency 0.008
W/TimeWarp(10266): Frame 43457 Eye 0 latency 0.008
W/TimeWarp(10266): Frame 43461 Eye 0 latency 0.009
W/TimeWarp(10266): Frame 43463 Eye 0 latency 0.008
W/TimeWarp(10266): Frame 43465 Eye 0 latency 0.008
W/TimeWarp(10266): Frame 43469 Eye 0 latency 0.008
W/TimeWarp(10266): Frame 43471 Eye 0 latency 0.008
W/TimeWarp(10266): Frame 43475 Eye 0 latency 0.008
W/TimeWarp(10266): Frame 43477 Eye 0 latency 0.009
W/TimeWarp(10266): Warp GPU time: 0.0 ms
W/VrApi (10266): CPU0 Clock 1190 MHz, GPU Clock 300000 MHz, Power Level State 0, normal
W/UnityPlugin(10266): FPS: 30 GPU time: 0.0 ms
W/TimeWarp(10266): Frame 43483 Eye 0 latency 0.008
W/TimeWarp(10266): Frame 43485 Eye 0 latency 0.009
W/TimeWarp(10266): Frame 43487 Eye 0 latency 0.009
W/TimeWarp(10266): Frame 43494 Eye 1 latency 0.008
W/TimeWarp(10266): Frame 43499 Eye 0 latency 0.008
W/TimeWarp(10266): Frame 43501 Eye 0 latency 0.008
I/OVR (10266): DeviceManagerThread - event 69 (499Hz) (Tid=10318)
W/TimeWarp(10266): Frame 43503 Eye 0 latency 0.009
W/TimeWarp(10266): Frame 43505 Eye 0 latency 0.008
W/TimeWarp(10266): Frame 43507 Eye 0 latency 0.009
W/TimeWarp(10266): Frame 43509 Eye 0 latency 0.009
W/TimeWarp(10266): Frame 43511 Eye 0 latency 0.008
W/TimeWarp(10266): Frame 43513 Eye 0 latency 0.008
W/TimeWarp(10266): Frame 43515 Eye 0 latency 0.008
W/TimeWarp(10266): Frame 43517 Eye 0 latency 0.008
W/TimeWarp(10266): Frame 43521 Eye 0 latency 0.008
W/TimeWarp(10266): Frame 43525 Eye 0 latency 0.008
W/TimeWarp(10266): Frame 43527 Eye 0 latency 0.009
W/TimeWarp(10266): Frame 43529 Eye 0 latency 0.009
W/TimeWarp(10266): Frame 43531 Eye 0 latency 0.009
W/TimeWarp(10266): Frame 43533 Eye 0 latency 0.009
D/SSRMv3:SsrmController( 942): SIOP:: AP = 470, PST = 471
W/TimeWarp(10266): Frame 43535 Eye 0 latency 0.008
W/TimeWarp(10266): Warp GPU time: 0.0 ms
W/TimeWarp(10266): Frame 43537 Eye 0 latency 0.008
W/VrApi (10266): CPU0 Clock 1190 MHz, GPU Clock 300000 MHz, Power Level State 0, normal
W/UnityPlugin(10266): FPS: 30 GPU time: 0.0 ms
W/TimeWarp(10266): Frame 43538 Eye 1 latency 0.008
W/TimeWarp(10266): Frame 43541 Eye 0 latency 0.009
W/TimeWarp(10266): Frame 43543 Eye 0 latency 0.008
W/TimeWarp(10266): Frame 43545 Eye 0 latency 0.008
W/TimeWarp(10266): Frame 43547 Eye 0 latency 0.008
W/TimeWarp(10266): Frame 43549 Eye 0 latency 0.008
W/TimeWarp(10266): Frame 43557 Eye 0 latency 0.009
W/TimeWarp(10266): Frame 43559 Eye 0 latency 0.008
W/TimeWarp(10266): Frame 43561 Eye 0 latency 0.009
I/OVR (10266): DeviceManagerThread - event 69 (499Hz) (Tid=10318)
W/TimeWarp(10266): Frame 43565 Eye 0 latency 0.009
W/TimeWarp(10266): Frame 43567 Eye 0 latency 0.009
D/OVR ( 9239): Debug: SensorFusion::handleMessage - RotationRate zero
W/TimeWarp(10266): Frame 43571 Eye 0 latency 0.009
W/TimeWarp(10266): Frame 43575 Eye 0 latency 0.009
W/TimeWarp(10266): Frame 43577 Eye 0 latency 0.008
W/TimeWarp(10266): Frame 43579 Eye 0 latency 0.009
W/TimeWarp(10266): Frame 43581 Eye 0 latency 0.008
W/TimeWarp(10266): Frame 43585 Eye 0 latency 0.008
D/OVR ( 9239): Debug: SensorFusion::handleMessage - RotationRate zero
W/TimeWarp(10266): Frame 43591 Eye 0 latency 0.009
W/TimeWarp(10266): Frame 43593 Eye 0 latency 0.008
W/TimeWarp(10266): Frame 43595 Eye 0 latency 0.009
W/TimeWarp(10266): Warp GPU time: 0.0 ms
W/TimeWarp(10266): Frame 43597 Eye 0 latency 0.009
W/VrApi (10266): CPU0 Clock 1190 MHz, GPU Clock 300000 MHz, Power Level State 0, normal
W/UnityPlugin(10266): FPS: 30 GPU time: 0.0 ms
W/TimeWarp(10266): Frame 43601 Eye 0 latency 0.009
W/TimeWarp(10266): Frame 43603 Eye 0 latency 0.008
W/TimeWarp(10266): Frame 43605 Eye 0 latency 0.009
W/TimeWarp(10266): Frame 43607 Eye 0 latency 0.009
W/TimeWarp(10266): Frame 43609 Eye 0 latency 0.008
W/TimeWarp(10266): Frame 43610 Eye 1 latency 0.009
W/TimeWarp(10266): Frame 43611 Eye 0 latency 0.009
W/TimeWarp(10266): Frame 43612 Eye 1 latency 0.008
W/TimeWarp(10266): Frame 43613 Eye 0 latency 0.009
W/TimeWarp(10266): Frame 43614 Eye 1 latency 0.009
W/TimeWarp(10266): Frame 43615 Eye 0 latency 0.009
W/TimeWarp(10266): Frame 43616 Eye 1 latency 0.009
W/TimeWarp(10266): Frame 43617 Eye 0 latency 0.008
W/TimeWarp(10266): Frame 43618 Eye 1 latency 0.009
W/TimeWarp(10266): Frame 43619 Eye 0 latency 0.009
I/OVR (10266): DeviceManagerThread - event 69 (498Hz) (Tid=10318)
W/TimeWarp(10266): Frame 43622 Eye 1 latency 0.009
W/TimeWarp(10266): Frame 43623 Eye 0 latency 0.009
W/TimeWarp(10266): Frame 43624 Eye 1 latency 0.010
W/TimeWarp(10266): Frame 43625 Eye 0 latency 0.009
E/Watchdog( 942): !@Sync 235
W/TimeWarp(10266): Frame 43626 Eye 1 latency 0.008
W/TimeWarp(10266): Frame 43627 Eye 0 latency 0.009
W/UnityPlugin(10266): OVR_VrModeParms_SetCpuLevel(): L 1
W/UnityPlugin(10266): OVR_VrModeParms_SetGpuLevel(): L 1
W/UnityPlugin(10266): OVR_TW_SetMinimumVsyncs() 2
W/TimeWarp(10266): Frame 43628 Eye 1 latency 0.009
W/TimeWarp(10266): Frame 43629 Eye 0 latency 0.009
W/UnityPlugin(10266): OVR_VrModeParms_Reset()
W/UnityPlugin(10266): OVR_VrModeParms_Reset: Soft Reset
W/UnityPlugin(10266): OVR_VrModeParms_Reset: Clock Lock Reset
W/VrApi (10266): SetVrPlatformOptions( -1, -1 )
D/VrLib (10266): Available levels: {GPU MIN, GPU MAX, CPU MIN, CPU MAX}
D/VrLib (10266): -> / 0
D/VrLib (10266): -> / 3
D/VrLib (10266): -> / 0
D/VrLib (10266): -> / 3
D/VrLib (10266): setSystemPerformance cpu: -1 gpu: -1
D/VrLib (10266): Fixed clock level API exists
V/VRSVC (10291): at (VRManagerService.java:460) yTqX() [SIOP : 0]
V/VRSVC (10291): at (VRManagerService.java:461) yTqX() [PLATFORM : apq8084]
V/VRSVC (10291): at (VRManagerService.java:310) wtkw() [Release GPU minLock COMPLETE: com.climaxstudios.BanditSix]
V/VRSVC (10291): at (VRManagerService.java:314) wtkw() [Release GPU maxLock COMPLETE: com.climaxstudios.BanditSix]
V/VRSVC (10291): at (VRManagerService.java:335) yTqX() [Release CPU minLock COMPLETE: com.climaxstudios.BanditSix]
D/CustomFrequencyManagerService( 942): releaseDVFSLockLocked : Getting Lock type frm List : DVFS_MIN_LIMIT frequency : 1190400 uid : 1000 pid : 942 tag : VR_CPU_MIN@1
D/CustomFrequencyManagerService( 942): releaseDVFSLockLocked : Getting Lock type frm List : DVFS_MAX_LIMIT frequency : 1190400 uid : 1000 pid : 942 tag : VR_CPU_MAX@2
V/VRSVC (10291): at (VRManagerService.java:339) yTqX() [Release CPU maxLock COMPLETE: com.climaxstudios.BanditSix]
V/VRSVC (10291): at (VRManagerService.java:537) yTqX() [SetVrClocks release]
D/VrLib (10266): Releasing frequency lock
W/VrApi (10266): CPU Clock = 0 MHz
W/VrApi (10266): GPU Clock = 0 MHz
W/VrApi (10266): SetVrPlatformOptions( 1, 1 )
D/VrLib (10266): Available levels: {GPU MIN, GPU MAX, CPU MIN, CPU MAX}
D/VrLib (10266): -> / 0
D/VrLib (10266): -> / 3
D/VrLib (10266): -> / 0
D/VrLib (10266): -> / 3
W/VrApi (10266): CPU levels [0, 3]
W/VrApi (10266): GPU levels [0, 3]
D/VrLib (10266): setSystemPerformance cpu: 1 gpu: 1
D/VrLib (10266): Fixed clock level API exists
V/VRSVC (10291): at (VRManagerService.java:460) yTqX() [SIOP : 0]
V/VRSVC (10291): at (VRManagerService.java:461) yTqX() [PLATFORM : apq8084]
V/VRSVC (10291): at (VRManagerService.java:239) uWFZ() [getDevelopermode : 1]
V/VRSVC (10291): at (VRManagerService.java:576) wtkw() [Set CPU minLock COMPLETE: com.climaxstudios.BanditSix 1190400]
V/VRSVC (10291): at (VRManagerService.java:588) wtkw() [Set CPU maxLock COMPLETE: com.climaxstudios.BanditSix 1190400]
D/CustomFrequencyManagerService( 942): acquireDVFSLockLocked : type : DVFS_MIN_LIMIT frequency : 1190400 uid : 1000 pid : 942 pkgName : VR_CPU_MIN@1
D/CustomFrequencyManagerService( 942): acquireDVFSLockLocked : type : DVFS_MAX_LIMIT frequency : 1190400 uid : 1000 pid : 942 pkgName : VR_CPU_MAX@2
V/VRSVC (10291): at (VRManagerService.java:239) uWFZ() [getDevelopermode : 1]
E/VRSVC (10291): at (VRManagerService.java:621) QdBd() [Set GPU minLock COMPLETE: com.climaxstudios.BanditSix 300000000]
V/VRSVC (10291): at (VRManagerService.java:632) QdBd() [Set GPU maxLock COMPLETE: com.climaxstudios.BanditSix 300000000]
V/VRSVC (10291): at (VRManagerService.java:551) yTqX() [(1:1:com.climaxstudios.BanditSix) (1190400:300000000:883200:240000000) pkg: com.climaxstudios.BanditSix]
D/VrLib (10266): SetVrClocks: {CPU CLOCK, GPU CLOCK, POWERSAVE CPU CLOCK, POWERSAVE GPU CLOCK}
D/VrLib (10266): -> / 1190400
D/VrLib (10266): -> / 300000000
D/VrLib (10266): -> / 883200
D/VrLib (10266): -> / 240000000
W/VrApi (10266): CPU Clock = 1190 MHz
W/VrApi (10266): GPU Clock = 300 MHz
W/TimeWarp(10266): Frame 43635 Eye 1 latency 0.012
W/TimeWarp(10266): Warp GPU time: 0.0 ms
W/TimeWarp(10266): Changing vsync from 43664.000000 to 43667.000000
W/VrApi (10266): CPU0 Clock 1190 MHz, GPU Clock 300000 MHz, Power Level State 0, normal
W/UnityPlugin(10266): FPS: 18 GPU time: 0.0 ms
I/OVR (10266): DeviceManagerThread - event 69 (498Hz) (Tid=10318)
W/TimeWarp(10266): Frame 43708 Eye 0 latency 0.009
W/TimeWarp(10266): Frame 43710 Eye 1 latency 0.012
W/TimeWarp(10266): Warp GPU time: 0.0 ms
W/TimeWarp(10266): Frame 43717 Eye 1 latency 0.009
W/VrApi (10266): CPU0 Clock 1190 MHz, GPU Clock 300000 MHz, Power Level State 0, normal
W/UnityPlugin(10266): FPS: 16 GPU time: 0.0 ms
D/OVR ( 9239): Debug: SensorFusion::handleMessage - RotationRate zero
I/OVR (10266): DeviceManagerThread - event 69 (499Hz) (Tid=10318)
D/BatteryService( 942): level:85, scale:100, status:3, health:2, present:true, voltage: 4080, temperature: 350, technology: Li-ion, AC powered:false, USB powered:false, Wireless powered:false, icon:17303771, invalid charger:0, online:13, current avg:-900, charge type:0, power sharing:false, high voltage charger:false, capacity:322000
D/BatteryService( 942): Sending ACTION_BATTERY_CHANGED.
D/KeyguardUpdateMonitor( 1203): received broadcast android.intent.action.BATTERY_CHANGED
D/KeyguardUpdateMonitor( 1203): handleBatteryUpdate
D/UiModeManager( 942): mCoverManager.getCoverState() : true
D/STATUSBAR-PhoneStatusBar( 1224): mBrightnessEnablebySettings = true mBrightnessEnablebyBattery = true mBrightnessEnablebyDisableFlag = true mPmsBrightnessEnablebySettings = true
D/BatteryMeterView( 1224): ACTION_BATTERY_CHANGED : level:85 status:3 health:2
V/HeadsetService( 2464): HeadsetService - Received Intent.ACTION_BATTERY_CHANGED
D/HeadsetStateMachine( 2464): Disconnected process message: 10
D/VRSVC ( 9239): at (HmtService.java:528) onReceive() [intent action=android.intent.action.BATTERY_CHANGED]
D/VrLib (10266): OnReceive BATTERY_ACTION_CHANGED
V/VRSVC ( 9239): at (HmtService.java:639) wtkw() [handleIntentBattery batteryLevel=85]
W/VrApi (10266): nativeBatteryEvent(3, 85, 350)
W/TimeWarp(10266): Frame 43749 Eye 1 latency 0.011
W/TimeWarp(10266): Frame 43750 Eye 1 latency 0.011
W/TimeWarp(10266): Frame 43768 Eye 1 latency 0.012
W/TimeWarp(10266): Warp GPU time: 0.0 ms
W/TimeWarp(10266): Frame 43777 Eye 1 latency 0.012
D/OVR ( 9239): Debug: SensorFusion::handleMessage - RotationRate zero
W/VrApi (10266): CPU0 Clock 1190 MHz, GPU Clock 300000 MHz, Power Level State 0, normal
W/UnityPlugin(10266): FPS: 2 GPU time: 0.0 ms
D/OVR ( 9239): Debug: SensorFusion::handleMessage - RotationRate zero
I/OVR (10266): DeviceManagerThread - event 69 (499Hz) (Tid=10318)
W/TimeWarp(10266): Frame 43804 Eye 1 latency 0.010
W/TimeWarp(10266): Frame 43835 Eye 1 latency 0.010
W/TimeWarp(10266): Warp GPU time: 0.0 ms
W/TimeWarp(10266): Frame 43837 Eye 1 latency 0.012
W/TimeWarp(10266): Frame 43844 Eye 0 latency 0.011
I/OVR (10266): DeviceManagerThread - poll(fds,2,2) = 0 (Tid=10318)
W/TimeWarp(10266): Frame 43847 Eye 0 latency 0.072
W/TimeWarp(10266): Changing vsync from 43848.000000 to 43853.000000
D/OVR ( 9239): Debug: SensorFusion::handleMessage - RotationRate zero
D/OVR ( 9239): Debug: SensorFusion::handleMessage - RotationRate zero
I/OVR (10266): DeviceManagerThread - event 69 (499Hz) (Tid=10318)
W/VrApi (10266): CPU0 Clock 1190 MHz, GPU Clock 300000 MHz, Power Level State 0, normal
W/UnityPlugin(10266): FPS: 8 GPU time: 0.0 ms
W/TimeWarp(10266): Warp GPU time: 0.0 ms
W/VrApi (10266): CPU0 Clock 1190 MHz, GPU Clock 300000 MHz, Power Level State 0, normal
W/UnityPlugin(10266): FPS: 17 GPU time: 0.0 ms
W/TimeWarp(10266): Frame 43899 Eye 1 latency 0.009
D/OVR ( 9239): Debug: SensorFusion::handleMessage - RotationRate zero
W/UnityPlugin(10266): OVR_VrModeParms_SetCpuLevel(): L 2
W/UnityPlugin(10266): OVR_VrModeParms_SetGpuLevel(): L 2
W/UnityPlugin(10266): OVR_TW_SetMinimumVsyncs() 1
W/TimeWarp(10266): Frame 43915 Eye 1 latency 0.011
W/TimeWarp(10266): Frame 43918 Eye 1 latency 0.011
I/OVR (10266): DeviceManagerThread - event 69 (499Hz) (Tid=10318)
W/UnityPlugin(10266): OVR_VrModeParms_Reset()
W/UnityPlugin(10266): OVR_VrModeParms_Reset: Soft Reset
W/UnityPlugin(10266): OVR_VrModeParms_Reset: Clock Lock Reset
W/VrApi (10266): SetVrPlatformOptions( -1, -1 )
D/VrLib (10266): Available levels: {GPU MIN, GPU MAX, CPU MIN, CPU MAX}
D/VrLib (10266): -> / 0
D/VrLib (10266): -> / 3
D/VrLib (10266): -> / 0
D/VrLib (10266): -> / 3
D/VrLib (10266): setSystemPerformance cpu: -1 gpu: -1
D/VrLib (10266): Fixed clock level API exists
V/VRSVC (10291): at (VRManagerService.java:460) yTqX() [SIOP : 0]
V/VRSVC (10291): at (VRManagerService.java:461) yTqX() [PLATFORM : apq8084]
V/VRSVC (10291): at (VRManagerService.java:310) wtkw() [Release GPU minLock COMPLETE: com.climaxstudios.BanditSix]
V/VRSVC (10291): at (VRManagerService.java:314) wtkw() [Release GPU maxLock COMPLETE: com.climaxstudios.BanditSix]
D/CustomFrequencyManagerService( 942): releaseDVFSLockLocked : Getting Lock type frm List : DVFS_MIN_LIMIT frequency : 1190400 uid : 1000 pid : 942 tag : VR_CPU_MIN@1
V/VRSVC (10291): at (VRManagerService.java:335) yTqX() [Release CPU minLock COMPLETE: com.climaxstudios.BanditSix]
V/VRSVC (10291): at (VRManagerService.java:339) yTqX() [Release CPU maxLock COMPLETE: com.climaxstudios.BanditSix]
V/VRSVC (10291): at (VRManagerService.java:537) yTqX() [SetVrClocks release]
D/VrLib (10266): Releasing frequency lock
W/VrApi (10266): CPU Clock = 0 MHz
W/VrApi (10266): GPU Clock = 0 MHz
W/VrApi (10266): SetVrPlatformOptions( 2, 2 )
D/VrLib (10266): Available levels: {GPU MIN, GPU MAX, CPU MIN, CPU MAX}
D/VrLib (10266): -> / 0
D/VrLib (10266): -> / 3
D/VrLib (10266): -> / 0
D/VrLib (10266): -> / 3
W/VrApi (10266): CPU levels [0, 3]
W/VrApi (10266): GPU levels [0, 3]
D/VrLib (10266): setSystemPerformance cpu: 2 gpu: 2
D/CustomFrequencyManagerService( 942): releaseDVFSLockLocked : Getting Lock type frm List : DVFS_MAX_LIMIT frequency : 1190400 uid : 1000 pid : 942 tag : VR_CPU_MAX@2
D/VrLib (10266): Fixed clock level API exists
V/VRSVC (10291): at (VRManagerService.java:460) yTqX() [SIOP : 0]
V/VRSVC (10291): at (VRManagerService.java:461) yTqX() [PLATFORM : apq8084]
V/VRSVC (10291): at (VRManagerService.java:239) uWFZ() [getDevelopermode : 1]
D/CustomFrequencyManagerService( 942): acquireDVFSLockLocked : type : DVFS_MIN_LIMIT frequency : 1497600 uid : 1000 pid : 942 pkgName : VR_CPU_MIN@1
V/VRSVC (10291): at (VRManagerService.java:576) wtkw() [Set CPU minLock COMPLETE: com.climaxstudios.BanditSix 1497600]
V/VRSVC (10291): at (VRManagerService.java:588) wtkw() [Set CPU maxLock COMPLETE: com.climaxstudios.BanditSix 1497600]
V/VRSVC (10291): at (VRManagerService.java:239) uWFZ() [getDevelopermode : 1]
D/CustomFrequencyManagerService( 942): acquireDVFSLockLocked : type : DVFS_MAX_LIMIT frequency : 1497600 uid : 1000 pid : 942 pkgName : VR_CPU_MAX@2
E/VRSVC (10291): at (VRManagerService.java:621) QdBd() [Set GPU minLock COMPLETE: com.climaxstudios.BanditSix 389000000]
V/VRSVC (10291): at (VRManagerService.java:632) QdBd() [Set GPU maxLock COMPLETE: com.climaxstudios.BanditSix 389000000]
V/VRSVC (10291): at (VRManagerService.java:551) yTqX() [(2:2:com.climaxstudios.BanditSix) (1497600:389000000:883200:240000000) pkg: com.climaxstudios.BanditSix]
D/VrLib (10266): SetVrClocks: {CPU CLOCK, GPU CLOCK, POWERSAVE CPU CLOCK, POWERSAVE GPU CLOCK}
D/VrLib (10266): -> / 1497600
D/VrLib (10266): -> / 389000000
D/VrLib (10266): -> / 883200
D/VrLib (10266): -> / 240000000
W/VrApi (10266): CPU Clock = 1497 MHz
W/VrApi (10266): GPU Clock = 389 MHz
W/VrApi (10266): CPU0 Clock 1497 MHz, GPU Clock 389000 MHz, Power Level State 0, normal
W/UnityPlugin(10266): FPS: 26 GPU time: 0.0 ms
W/TimeWarp(10266): Warp GPU time: 0.0 ms
D/OVR ( 9239): Debug: SensorFusion::handleMessage - RotationRate zero
I/OVR (10266): DeviceManagerThread - event 69 (498Hz) (Tid=10318)
W/TimeWarp(10266): Warp GPU time: 0.0 ms
W/VrApi (10266): CPU0 Clock 1497 MHz, GPU Clock 389000 MHz, Power Level State 0, normal
W/UnityPlugin(10266): FPS: 60 GPU time: 0.0 ms
D/dalvikvm(10266): GC_CONCURRENT freed 1920K, 53% free 8644K/18376K, paused 2ms+2ms, total 26ms
I/OVR (10266): DeviceManagerThread - event 69 (499Hz) (Tid=10318)
D/OVR ( 9239): Debug: SensorFusion::handleMessage - RotationRate zero
V/AlarmManager( 942): waitForAlarm result :8
V/AlarmManager( 942): ClockReceiver onReceive() ACTION_TIME_TICK
D/KeyguardUpdateMonitor( 1203): received broadcast android.intent.action.TIME_TICK
D/KeyguardUpdateMonitor( 1203): handleTimeUpdate
D/accuweather( 3183): [KK AccuPhone]>>> WCS:142 [0:0] action : androidintentactionTIME_TICK
D/accuweather( 3183): [KK AccuPhone]>>> UIM:119 [0:0] getInstance
D/accuweather( 3183): [KK AccuPhone]>>> UIM:286 [0:0] direct update clock
D/accuweather( 3183): [KK AccuPhone]>>> RU:74 [0:0] get ww = 339, wh = 160span x = 4, span y = 2
D/accuweather( 3183): [KK AccuPhone]>>> UIM:1428 [0:0] mc sy = 2
D/accuweather( 3183): [KK AccuPhone]>>> RU:74 [0:0] get ww = 339, wh = 160span x = 4, span y = 2
D/accuweather( 3183): [KK AccuPhone]>>> UIM:189 [0:0] get widget 4x2 view!!! wid = 1
E/accuweather( 3183): [KK AccuPhone]>>> UIM:1466 [0:0] bTM 14 56
W/TimeWarp(10266): Warp GPU time: 0.0 ms
W/VrApi (10266): CPU0 Clock 1497 MHz, GPU Clock 389000 MHz, Power Level State 0, normal
W/UnityPlugin(10266): FPS: 60 GPU time: 0.0 ms
I/OVR (10266): DeviceManagerThread - event 69 (499Hz) (Tid=10318)
D/OVR ( 9239): Debug: SensorFusion::handleMessage - RotationRate zero
D/SSRMv3:SsrmController( 942): SIOP:: AP = 470, PST = 471
W/TimeWarp(10266): Warp GPU time: 0.0 ms
W/VrApi (10266): CPU0 Clock 1497 MHz, GPU Clock 389000 MHz, Power Level State 0, normal
W/UnityPlugin(10266): FPS: 60 GPU time: 0.0 ms
D/OVR ( 9239): Debug: SensorFusion::handleMessage - RotationRate zero
I/OVR (10266): DeviceManagerThread - event 69 (498Hz) (Tid=10318)
D/OVR ( 9239): Debug: SensorFusion::handleMessage - RotationRate zero
D/OVR ( 9239): Debug: SensorFusion::handleMessage - RotationRate zero
D/OVR ( 9239): Debug: SensorFusion::handleMessage - RotationRate zero
W/VrApi (10266): CPU0 Clock 1497 MHz, GPU Clock 389000 MHz, Power Level State 0, normal
W/UnityPlugin(10266): FPS: 59 GPU time: 0.0 ms
W/TimeWarp(10266): Warp GPU time: 0.0 ms
W/TimeWarp(10266): Frame 44195 Eye 0 latency 0.009
I/OVR (10266): DeviceManagerThread - event 69 (499Hz) (Tid=10318)
D/OVR ( 9239): Debug: SensorFusion::handleMessage - RotationRate zero
W/TimeWarp(10266): Warp GPU time: 0.0 ms
W/VrApi (10266): CPU0 Clock 1497 MHz, GPU Clock 389000 MHz, Power Level State 0, normal
W/UnityPlugin(10266): FPS: 58 GPU time: 0.0 ms
W/TimeWarp(10266): Frame 44260 Eye 0 latency 0.009
W/TimeWarp(10266): Frame 44262 Eye 0 latency 0.009
W/TimeWarp(10266): Frame 44265 Eye 0 latency 0.010
D/OVR ( 9239): Debug: SensorFusion::handleMessage - RotationRate zero
W/TimeWarp(10266): Frame 44268 Eye 0 latency 0.011
W/TimeWarp(10266): Frame 44271 Eye 0 latency 0.009
W/TimeWarp(10266): Frame 44273 Eye 0 latency 0.009
W/TimeWarp(10266): Frame 44279 Eye 0 latency 0.009
W/TimeWarp(10266): Frame 44280 Eye 0 latency 0.010
I/OVR (10266): DeviceManagerThread - event 69 (498Hz) (Tid=10318)
W/TimeWarp(10266): Warp GPU time: 0.0 ms
W/VrApi (10266): CPU0 Clock 1497 MHz, GPU Clock 389000 MHz, Power Level State 0, normal
W/UnityPlugin(10266): FPS: 58 GPU time: 0.0 ms
D/OVR ( 9239): Debug: SensorFusion::handleMessage - RotationRate zero
W/TimeWarp(10266): Frame 44317 Eye 0 latency 0.009
W/TimeWarp(10266): Frame 44320 Eye 0 latency 0.009
W/TimeWarp(10266): Frame 44322 Eye 0 latency 0.010
W/TimeWarp(10266): Frame 44332 Eye 0 latency 0.040
W/TimeWarp(10266): Changing vsync from 44333.000000 to 44336.000000
W/TimeWarp(10266): Frame 44336 Eye 0 latency 0.009
I/OVR (10266): DeviceManagerThread - event 69 (499Hz) (Tid=10318)
D/OVR ( 9239): Debug: SensorFusion::handleMessage - RotationRate zero
W/TimeWarp(10266): Warp GPU time: 0.0 ms
W/VrApi (10266): CPU0 Clock 1497 MHz, GPU Clock 389000 MHz, Power Level State 0, normal
W/UnityPlugin(10266): FPS: 57 GPU time: 0.0 ms
I/OVR (10266): DeviceManagerThread - event 69 (499Hz) (Tid=10318)
W/TimeWarp(10266): Warp GPU time: 0.0 ms
W/VrApi (10266): CPU0 Clock 1497 MHz, GPU Clock 389000 MHz, Power Level State 0, normal
W/UnityPlugin(10266): FPS: 60 GPU time: 0.0 ms
D/OVR ( 9239): Debug: SensorFusion::handleMessage - RotationRate zero
D/OVR ( 9239): Debug: SensorFusion::handleMessage - RotationRate zero
I/OVR (10266): DeviceManagerThread - event 69 (498Hz) (Tid=10318)
W/TimeWarp(10266): Frame 44462 Eye 0 latency 0.009
W/VrApi (10266): CPU0 Clock 1497 MHz, GPU Clock 389000 MHz, Power Level State 0, normal
W/UnityPlugin(10266): FPS: 59 GPU time: 0.0 ms
W/TimeWarp(10266): Warp GPU time: 0.0 ms
I/OVR (10266): DeviceManagerThread - event 69 (499Hz) (Tid=10318)
W/TimeWarp(10266): Warp GPU time: 0.0 ms
W/VrApi (10266): CPU0 Clock 1497 MHz, GPU Clock 389000 MHz, Power Level State 0, normal
W/UnityPlugin(10266): FPS: 60 GPU time: 0.0 ms
D/OVR ( 9239): Debug: SensorFusion::handleMessage - RotationRate zero
W/UnityPlugin(10266): OVR_VrModeParms_SetCpuLevel(): L 1
W/UnityPlugin(10266): OVR_VrModeParms_SetGpuLevel(): L 1
W/UnityPlugin(10266): OVR_TW_SetMinimumVsyncs() 2
W/UnityPlugin(10266): OVR_VrModeParms_Reset()
W/UnityPlugin(10266): OVR_VrModeParms_Reset: Soft Reset
W/UnityPlugin(10266): OVR_VrModeParms_Reset: Clock Lock Reset
W/VrApi (10266): SetVrPlatformOptions( -1, -1 )
D/VrLib (10266): Available levels: {GPU MIN, GPU MAX, CPU MIN, CPU MAX}
D/VrLib (10266): -> / 0
D/VrLib (10266): -> / 3
D/VrLib (10266): -> / 0
D/VrLib (10266): -> / 3
D/VrLib (10266): setSystemPerformance cpu: -1 gpu: -1
D/VrLib (10266): Fixed clock level API exists
V/VRSVC (10291): at (VRManagerService.java:460) yTqX() [SIOP : 0]
V/VRSVC (10291): at (VRManagerService.java:461) yTqX() [PLATFORM : apq8084]
V/VRSVC (10291): at (VRManagerService.java:310) wtkw() [Release GPU minLock COMPLETE: com.climaxstudios.BanditSix]
V/VRSVC (10291): at (VRManagerService.java:314) wtkw() [Release GPU maxLock COMPLETE: com.climaxstudios.BanditSix]
V/VRSVC (10291): at (VRManagerService.java:335) yTqX() [Release CPU minLock COMPLETE: com.climaxstudios.BanditSix]
V/VRSVC (10291): at (VRManagerService.java:339) yTqX() [Release CPU maxLock COMPLETE: com.climaxstudios.BanditSix]
V/VRSVC (10291): at (VRManagerService.java:537) yTqX() [SetVrClocks release]
D/VrLib (10266): Releasing frequency lock
W/VrApi (10266): CPU Clock = 0 MHz
W/VrApi (10266): GPU Clock = 0 MHz
W/VrApi (10266): SetVrPlatformOptions( 1, 1 )
D/CustomFrequencyManagerService( 942): releaseDVFSLockLocked : Getting Lock type frm List : DVFS_MIN_LIMIT frequency : 1497600 uid : 1000 pid : 942 tag : VR_CPU_MIN@1
D/CustomFrequencyManagerService( 942): releaseDVFSLockLocked : Getting Lock type frm List : DVFS_MAX_LIMIT frequency : 1497600 uid : 1000 pid : 942 tag : VR_CPU_MAX@2
D/VrLib (10266): Available levels: {GPU MIN, GPU MAX, CPU MIN, CPU MAX}
D/VrLib (10266): -> / 0
D/VrLib (10266): -> / 3
D/VrLib (10266): -> / 0
D/VrLib (10266): -> / 3
W/VrApi (10266): CPU levels [0, 3]
W/VrApi (10266): GPU levels [0, 3]
D/VrLib (10266): setSystemPerformance cpu: 1 gpu: 1
D/VrLib (10266): Fixed clock level API exists
V/VRSVC (10291): at (VRManagerService.java:460) yTqX() [SIOP : 0]
D/OVR ( 9239): Debug: SensorFusion::handleMessage - RotationRate zero
V/VRSVC (10291): at (VRManagerService.java:461) yTqX() [PLATFORM : apq8084]
V/VRSVC (10291): at (VRManagerService.java:239) uWFZ() [getDevelopermode : 1]
D/CustomFrequencyManagerService( 942): acquireDVFSLockLocked : type : DVFS_MIN_LIMIT frequency : 1190400 uid : 1000 pid : 942 pkgName : VR_CPU_MIN@1
V/VRSVC (10291): at (VRManagerService.java:576) wtkw() [Set CPU minLock COMPLETE: com.climaxstudios.BanditSix 1190400]
V/VRSVC (10291): at (VRManagerService.java:588) wtkw() [Set CPU maxLock COMPLETE: com.climaxstudios.BanditSix 1190400]
V/VRSVC (10291): at (VRManagerService.java:239) uWFZ() [getDevelopermode : 1]
E/VRSVC (10291): at (VRManagerService.java:621) QdBd() [Set GPU minLock COMPLETE: com.climaxstudios.BanditSix 300000000]
D/CustomFrequencyManagerService( 942): acquireDVFSLockLocked : type : DVFS_MAX_LIMIT frequency : 1190400 uid : 1000 pid : 942 pkgName : VR_CPU_MAX@2
V/VRSVC (10291): at (VRManagerService.java:632) QdBd() [Set GPU maxLock COMPLETE: com.climaxstudios.BanditSix 300000000]
V/VRSVC (10291): at (VRManagerService.java:551) yTqX() [(1:1:com.climaxstudios.BanditSix) (1190400:300000000:883200:240000000) pkg: com.climaxstudios.BanditSix]
D/VrLib (10266): SetVrClocks: {CPU CLOCK, GPU CLOCK, POWERSAVE CPU CLOCK, POWERSAVE GPU CLOCK}
D/VrLib (10266): -> / 1190400
D/VrLib (10266): -> / 300000000
D/VrLib (10266): -> / 883200
D/VrLib (10266): -> / 240000000
W/VrApi (10266): CPU Clock = 1190 MHz
W/VrApi (10266): GPU Clock = 300 MHz
I/OVR (10266): DeviceManagerThread - event 69 (499Hz) (Tid=10318)
D/OVR ( 9239): Debug: SensorFusion::handleMessage - RotationRate zero
W/TimeWarp(10266): Changing vsync from 44613.000000 to 44616.000000
W/TimeWarp(10266): Warp GPU time: 0.0 ms
W/VrApi (10266): CPU0 Clock 1190 MHz, GPU Clock 300000 MHz, Power Level State 0, normal
W/UnityPlugin(10266): FPS: 10 GPU time: 0.0 ms
I/OVR (10266): DeviceManagerThread - event 69 (498Hz) (Tid=10318)
D/OVR ( 9239): Debug: SensorFusion::handleMessage - RotationRate zero
W/TimeWarp(10266): Frame 44667 Eye 1 latency 0.011
W/TimeWarp(10266): Warp GPU time: 0.0 ms
W/VrApi (10266): CPU0 Clock 1190 MHz, GPU Clock 300000 MHz, Power Level State 0, normal
W/UnityPlugin(10266): FPS: 16 GPU time: 0.0 ms
W/TimeWarp(10266): Frame 44688 Eye 1 latency 0.009
I/OVR (10266): DeviceManagerThread - event 69 (499Hz) (Tid=10318)
W/TimeWarp(10266): Frame 44715 Eye 1 latency 0.012
W/TimeWarp(10266): Frame 44722 Eye 1 latency 0.011
W/TimeWarp(10266): Frame 44725 Eye 1 latency 0.011
W/TimeWarp(10266): WarpSwap: usleep( 763 )
W/TimeWarp(10266): Warp GPU time: 0.0 ms
D/SSRMv3:SsrmController( 942): SIOP:: AP = 480, PST = 472
W/VrApi (10266): CPU0 Clock 1190 MHz, GPU Clock 300000 MHz, Power Level State 0, normal
W/UnityPlugin(10266): FPS: 3 GPU time: 0.0 ms
I/OVR (10266): DeviceManagerThread - event 69 (499Hz) (Tid=10318)
W/TimeWarp(10266): Frame 44772 Eye 1 latency 0.012
W/TimeWarp(10266): Frame 44773 Eye 0 latency 0.018
W/TimeWarp(10266): Frame 44774 Eye 0 latency 0.011
W/TimeWarp(10266): Frame 44774 Eye 1 latency 0.013
W/TimeWarp(10266): Frame 44776 Eye 1 latency 0.011
W/TimeWarp(10266): Frame 44782 Eye 0 latency 0.009
W/TimeWarp(10266): Warp GPU time: 0.0 ms
D/VrLib (10266): OvrPhoneStateListener.onSignalStrengthsChanged4
W/VrApi (10266): nativeCellularSignalEvent( 4 )
D/STATUSBAR-NetworkController( 1224): onSignalStrengthsChanged signalStrength=SignalStrength: 19 -1 -1 -1 -1 -1 -1 99 2147483647 2147483647 2147483647 -1 2147483647 gsm|lte 0x4 level=4
W/TimeWarp(10266): TimeWarp Watchdog: removed SCHED_FIFO from tid 10305
D/VrLib (10266): setSchedFifoStatic tid:10305 pto:0
D/VrLib (10266): VRManager set thread priority to 0
W/TimeWarp(10266): TimeWarp Watchdog: removed SCHED_FIFO from tid 10287
D/VrLib (10266): setSchedFifoStatic tid:10287 pto:0
V/VRManagerService( 942): ---- demoteProcessThread 'com.climaxstudios.BanditSix' requestPriority(pid=10266, tid=10305, prio=0 ----
D/VrLib (10266): VRManager set thread priority to 0
V/VRManagerService( 942): ---- demoteProcessThread 'com.climaxstudios.BanditSix' requestPriority(pid=10266, tid=10287, prio=0 ----
I/OVR (10266): DeviceManagerThread - event 69 (499Hz) (Tid=10318)
D/OVR ( 9239): Debug: SensorFusion::handleMessage - RotationRate zero
D/OVR ( 9239): Debug: SensorFusion::handleMessage - RotationRate zero
W/TimeWarp(10266): Warp GPU time: 0.0 ms
I/OVR (10266): DeviceManagerThread - event 69 (498Hz) (Tid=10318)
W/TimeWarp(10266): TimeWarp Watchdog: restored SCHED_FIFO on tid 10305
D/VrLib (10266): setSchedFifoStatic tid:10305 pto:1
D/VrLib (10266): VRManager set thread priority to 1
W/TimeWarp(10266): TimeWarp Watchdog: restored SCHED_FIFO on tid 10287
D/VrLib (10266): setSchedFifoStatic tid:10287 pto:1
D/VrLib (10266): VRManager set thread priority to 1
V/VRManagerService( 942): ---- elevateProcessThread 'com.climaxstudios.BanditSix' requestPriority(pid=10266, tid=10305, prio=1 ----
V/VRManagerService( 942): ---- elevateProcessThread 'com.climaxstudios.BanditSix' requestPriority(pid=10266, tid=10287, prio=1 ----
W/VrApi (10266): CPU0 Clock 1190 MHz, GPU Clock 300000 MHz, Power Level State 0, normal
W/UnityPlugin(10266): FPS: 8 GPU time: 0.0 ms
W/VrApi (10266): CPU0 Clock 1190 MHz, GPU Clock 300000 MHz, Power Level State 0, normal
W/UnityPlugin(10266): FPS: 8 GPU time: 0.0 ms
W/TimeWarp(10266): Warp GPU time: 0.0 ms
W/UnityPlugin(10266): OVR_VrModeParms_SetCpuLevel(): L 2
W/UnityPlugin(10266): OVR_VrModeParms_SetGpuLevel(): L 2
W/UnityPlugin(10266): OVR_TW_SetMinimumVsyncs() 1
I/OVR (10266): DeviceManagerThread - event 69 (499Hz) (Tid=10318)
W/TimeWarp(10266): Frame 44948 Eye 1 latency 0.011
D/OVR ( 9239): Debug: SensorFusion::handleMessage - RotationRate zero
W/UnityPlugin(10266): OVR_VrModeParms_Reset()
W/UnityPlugin(10266): OVR_VrModeParms_Reset: Soft Reset
W/UnityPlugin(10266): OVR_VrModeParms_Reset: Clock Lock Reset
W/VrApi (10266): SetVrPlatformOptions( -1, -1 )
D/VrLib (10266): Available levels: {GPU MIN, GPU MAX, CPU MIN, CPU MAX}
D/VrLib (10266): -> / 0
D/VrLib (10266): -> / 3
D/VrLib (10266): -> / 0
D/VrLib (10266): -> / 3
D/VrLib (10266): setSystemPerformance cpu: -1 gpu: -1
D/VrLib (10266): Fixed clock level API exists
V/VRSVC (10291): at (VRManagerService.java:460) yTqX() [SIOP : 0]
V/VRSVC (10291): at (VRManagerService.java:461) yTqX() [PLATFORM : apq8084]
V/VRSVC (10291): at (VRManagerService.java:310) wtkw() [Release GPU minLock COMPLETE: com.climaxstudios.BanditSix]
V/VRSVC (10291): at (VRManagerService.java:314) wtkw() [Release GPU maxLock COMPLETE: com.climaxstudios.BanditSix]
V/VRSVC (10291): at (VRManagerService.java:335) yTqX() [Release CPU minLock COMPLETE: com.climaxstudios.BanditSix]
V/VRSVC (10291): at (VRManagerService.java:339) yTqX() [Release CPU maxLock COMPLETE: com.climaxstudios.BanditSix]
V/VRSVC (10291): at (VRManagerService.java:537) yTqX() [SetVrClocks release]
D/VrLib (10266): Releasing frequency lock
W/VrApi (10266): CPU Clock = 0 MHz
W/VrApi (10266): GPU Clock = 0 MHz
W/VrApi (10266): SetVrPlatformOptions( 2, 2 )
D/CustomFrequencyManagerService( 942): releaseDVFSLockLocked : Getting Lock type frm List : DVFS_MIN_LIMIT frequency : 1190400 uid : 1000 pid : 942 tag : VR_CPU_MIN@1
D/CustomFrequencyManagerService( 942): releaseDVFSLockLocked : Getting Lock type frm List : DVFS_MAX_LIMIT frequency : 1190400 uid : 1000 pid : 942 tag : VR_CPU_MAX@2
D/VrLib (10266): Available levels: {GPU MIN, GPU MAX, CPU MIN, CPU MAX}
D/VrLib (10266): -> / 0
D/VrLib (10266): -> / 3
D/VrLib (10266): -> / 0
D/VrLib (10266): -> / 3
W/VrApi (10266): CPU levels [0, 3]
W/VrApi (10266): GPU levels [0, 3]
D/VrLib (10266): setSystemPerformance cpu: 2 gpu: 2
D/VrLib (10266): Fixed clock level API exists
V/VRSVC (10291): at (VRManagerService.java:460) yTqX() [SIOP : 0]
V/VRSVC (10291): at (VRManagerService.java:461) yTqX() [PLATFORM : apq8084]
V/VRSVC (10291): at (VRManagerService.java:239) uWFZ() [getDevelopermode : 1]
V/VRSVC (10291): at (VRManagerService.java:576) wtkw() [Set CPU minLock COMPLETE: com.climaxstudios.BanditSix 1497600]
V/VRSVC (10291): at (VRManagerService.java:588) wtkw() [Set CPU maxLock COMPLETE: com.climaxstudios.BanditSix 1497600]
V/VRSVC (10291): at (VRManagerService.java:239) uWFZ() [getDevelopermode : 1]
D/CustomFrequencyManagerService( 942): acquireDVFSLockLocked : type : DVFS_MIN_LIMIT frequency : 1497600 uid : 1000 pid : 942 pkgName : VR_CPU_MIN@1
D/CustomFrequencyManagerService( 942): acquireDVFSLockLocked : type : DVFS_MAX_LIMIT frequency : 1497600 uid : 1000 pid : 942 pkgName : VR_CPU_MAX@2
E/VRSVC (10291): at (VRManagerService.java:621) QdBd() [Set GPU minLock COMPLETE: com.climaxstudios.BanditSix 389000000]
D/dalvikvm(10291): GC_CONCURRENT freed 1982K, 54% free 8576K/18376K, paused 3ms+1ms, total 31ms
V/VRSVC (10291): at (VRManagerService.java:632) QdBd() [Set GPU maxLock COMPLETE: com.climaxstudios.BanditSix 389000000]
V/VRSVC (10291): at (VRManagerService.java:551) yTqX() [(2:2:com.climaxstudios.BanditSix) (1497600:389000000:883200:240000000) pkg: com.climaxstudios.BanditSix]
D/VrLib (10266): SetVrClocks: {CPU CLOCK, GPU CLOCK, POWERSAVE CPU CLOCK, POWERSAVE GPU CLOCK}
D/VrLib (10266): -> / 1497600
D/VrLib (10266): -> / 389000000
D/VrLib (10266): -> / 883200
D/VrLib (10266): -> / 240000000
W/VrApi (10266): CPU Clock = 1497 MHz
W/VrApi (10266): GPU Clock = 389 MHz
W/TimeWarp(10266): Warp GPU time: 0.0 ms
W/VrApi (10266): CPU0 Clock 1497 MHz, GPU Clock 389000 MHz, Power Level State 0, normal
W/UnityPlugin(10266): FPS: 19 GPU time: 0.0 ms
I/OVR (10266): DeviceManagerThread - event 69 (499Hz) (Tid=10318)
D/OVR ( 9239): Debug: SensorFusion::handleMessage - RotationRate zero
D/OVR ( 9239): Debug: SensorFusion::handleMessage - RotationRate zero
W/TimeWarp(10266): Warp GPU time: 0.0 ms
W/VrApi (10266): CPU0 Clock 1497 MHz, GPU Clock 389000 MHz, Power Level State 0, normal
W/UnityPlugin(10266): FPS: 60 GPU time: 0.0 ms
I/OVR (10266): DeviceManagerThread - event 69 (499Hz) (Tid=10318)
D/OVR ( 9239): Debug: SensorFusion::handleMessage - RotationRate zero
W/TimeWarp(10266): Warp GPU time: 0.0 ms
W/VrApi (10266): CPU0 Clock 1497 MHz, GPU Clock 389000 MHz, Power Level State 0, normal
W/UnityPlugin(10266): FPS: 60 GPU time: 0.0 ms
