D/dalvikvm(10266): Shared lib '/data/app-lib/com.climaxstudios.BanditSix-1/libOculusPlugin.so' already loaded in same CL 0x42262690
D/dalvikvm(10266): Trying to load lib /data/app-lib/com.climaxstudios.BanditSix-1/libOculusPlugin.so 0x42262690
D/dalvikvm(10266): Shared lib '/data/app-lib/com.climaxstudios.BanditSix-1/libOculusPlugin.so' already loaded in same CL 0x42262690
W/UnityPlugin(10266): OVR_GetTimeSinceLastVolumeChange() : Unity plugin not initialized
D/dalvikvm(10266): Trying to load lib /data/app-lib/com.climaxstudios.BanditSix-1/libOculusPlugin.so 0x42262690
D/dalvikvm(10266): Shared lib '/data/app-lib/com.climaxstudios.BanditSix-1/libOculusPlugin.so' already loaded in same CL 0x42262690
W/UnityPlugin(10266): OVR_InitRenderThread()
W/GlUtils (10266): GL_EXTENSIONS:
W/GlUtils (10266): GL_AMD_compressed_ATC_texture
W/GlUtils (10266): GL_AMD_performance_monitor
W/GlUtils (10266): GL_AMD_program_binary_Z400
W/GlUtils (10266): GL_EXT_debug_label
W/GlUtils (10266): GL_EXT_debug_marker
W/GlUtils (10266): GL_EXT_discard_framebuffer
W/GlUtils (10266): GL_EXT_robustness
W/GlUtils (10266): GL_EXT_texture_format_BGRA8888
W/GlUtils (10266): GL_EXT_texture_type_2_10_10_10_REV
W/GlUtils (10266): GL_NV_fence
W/GlUtils (10266): GL_OES_compressed_ETC1_RGB8_texture
W/GlUtils (10266): GL_OES_depth_texture
W/GlUtils (10266): GL_OES_depth24
W/GlUtils (10266): GL_OES_EGL_image
W/GlUtils (10266): GL_OES_EGL_sync
W/GlUtils (10266): GL_OES_EGL_image_external
W/GlUtils (10266): GL_OES_element_index_uint
W/GlUtils (10266): GL_OES_fbo_render_mipmap
W/GlUtils (10266): GL_OES_fragment_precision_high
W/GlUtils (10266): GL_OES_get_program_binary
W/GlUtils (10266): GL_OES_packed_depth_stencil
W/GlUtils (10266): GL_OES_depth_texture_cube_map
W/GlUtils (10266): GL_OES_rgb8_rgba8
W/GlUtils (10266): GL_OES_standard_derivatives
W/GlUtils (10266): GL_OES_texture_3D
W/GlUtils (10266): GL_OES_texture_float
W/GlUtils (10266): GL_OES_texture_half_float
W/GlUtils (10266): GL_OES_texture_half_float_linear
W/GlUtils (10266): GL_OES_texture_npot
W/GlUtils (10266): GL_OES_vertex_half_float
W/GlUtils (10266): GL_OES_vertex_type_10_10_10_2
D/KeyguardUpdateMonitor( 1203): sendKeyguardVisibilityChanged(true)
I/KeyguardUpdateMonitor( 1203): visibility is same
W/GlUtils (10266): GL_OES_vertex_array_object
W/GlUtils (10266): GL_QCOM_alpha_test
W/GlUtils (10266): GL_QCOM_binning_control
W/GlUtils (10266): GL_QCOM_driver_control
W/GlUtils (10266): GL_QCOM_perfmon_global_mode
W/GlUtils (10266): GL_QCOM_extended_get
W/GlUtils (10266): GL_QCOM_extended_get2
W/GlUtils (10266): GL_QCOM_tiled_rendering
W/GlUtils (10266): GL_QCOM_writeonly_rendering
W/GlUtils (10266): GL_KHR_texture_compression_astc_ldr
W/GlUtils (10266): GL_EXT_sRGB
W/GlUtils (10266): GL_EXT_sRGB_write_control
W/GlUtils (10266): GL_EXT_texture_sRGB_decode
W/GlUtils (10266): GL_EXT_texture_filter_anisotropic
W/GlUtils (10266): GL_EXT_multisampled_render_to_texture
W/GlUtils (10266): GL_EXT_color_buffer_float
W/GlUtils (10266): GL_EXT_color_buffer_half_float
W/GlUtils (10266): GL_EXT_disjoint_timer_query
W/GlUtils (10266): es3 = TRUE
W/GlUtils (10266): Found: GL_EXT_discard_framebuffer
W/GlUtils (10266): Not found: GL_IMG_multisampled_render_to_texture
W/GlUtils (10266): Found: GL_EXT_multisampled_render_to_texture
W/GlUtils (10266): Found: GL_OES_vertex_array_object
W/GlUtils (10266): Found: GL_QCOM_tiled_rendering
W/GlUtils (10266): Found: GL_EXT_disjoint_timer_query
W/GlUtils (10266): Found: GL_EXT_texture_sRGB_decode
W/GlUtils (10266): GL_MAX_TEXTURE_SIZE = 8192
W/GlUtils (10266): GL_MAX_VERTEX_UNIFORM_VECTORS = 256
W/GlUtils (10266): GL_MAX_FRAGMENT_UNIFORM_VECTORS = 224
W/UnityPlugin(10266): Mode Parms CpuLevel 2 GpuLevel 2
W/EyePostRender(10266): EyePostRender::Init()
D/STATUSBAR-StatusBarManagerService( 942): manageDisableList what=0x0 pkg=WindowManager.LayoutParams
W/MediaSurface(10266): MediaSurface::Init()
W/UnityPlugin(10266): OVR_Resume()
W/MemBuffer(10266): Couldn't open /sdcard/.oculusprefs
W/LocalPreferences(10266): /sdcard/.oculusprefs is length 0
W/LocalPreferences(10266): Key imageServer not found, returning default 0
W/LocalPreferences(10266): Key dev_cpuLevel not found, returning default -1
W/LocalPreferences(10266): Key dev_gpuLevel not found, returning default -1
W/LocalPreferences(10266): Key dev_showVignette not found, returning default 1
W/LocalPreferences(10266): Key dev_gpuTimings not found, returning default 0
W/Log (10266): SetAllowGpuTimerQueries( 0 )
W/VrApi (10266): ---------- ovr_EnterVrMode ----------
I/dalvikvm(10266): Could not find method android.app.IVRManager.setFreq, referenced from method com.oculusvr.vrlib.VrLib.setSystemPerformanceStatic
W/dalvikvm(10266): VFY: unable to resolve interface method 57: Landroid/app/IVRManager;.setFreq (Ljava/lang/String;II)Z
D/dalvikvm(10266): VFY: replacing opcode 0x72 at 0x009b
D/VrLib (10266): APP = Bandit Six
D/VrLib (10266): APP VERSION = 1.0 versionCode 1 internalVersionName
W/JniUtils(10266): ovr_GetCurrentActivityName() = com.unity3d.player.UnityPlayerNativeActivity
W/VrApi (10266): ACTIVITY = com.unity3d.player.UnityPlayerNativeActivity
W/VrApi (10266): BUILD = KTU84P.N910FXXU1ANK4 RELEASE
W/VrApi (10266): MODEL = SM-N910F
W/VrApi (10266): OVR_VERSION = 0.4.0.0 "Tue Nov 11 16:20:33 2014"
W/VrApi (10266): ovrModeParms.AsynchronousTimeWarp = 1
W/VrApi (10266): ovrModeParms.AllowPowerSave = 1
W/VrApi (10266): ovrModeParms.DistortionFileName =
W/VrApi (10266): ovrModeParms.EnableImageServer = 0
W/VrApi (10266): ovrModeParms.GameThreadTid = 10287
W/VrApi (10266): ovrModeParms.CpuLevel = 2
W/VrApi (10266): ovrModeParms.GpuLevel = 2
W/VrApi (10266): Operating without a sensor.
W/GlUtils (10266): GL_EXTENSIONS:
W/GlUtils (10266): GL_AMD_compressed_ATC_texture
W/GlUtils (10266): GL_AMD_performance_monitor
W/GlUtils (10266): GL_AMD_program_binary_Z400
W/GlUtils (10266): GL_EXT_debug_label
W/GlUtils (10266): GL_EXT_debug_marker
W/GlUtils (10266): GL_EXT_discard_framebuffer
W/GlUtils (10266): GL_EXT_robustness
W/GlUtils (10266): GL_EXT_texture_format_BGRA8888
W/GlUtils (10266): GL_EXT_texture_type_2_10_10_10_REV
W/GlUtils (10266): GL_NV_fence
W/GlUtils (10266): GL_OES_compressed_ETC1_RGB8_texture
W/GlUtils (10266): GL_OES_depth_texture
W/GlUtils (10266): GL_OES_depth24
W/GlUtils (10266): GL_OES_EGL_image
W/GlUtils (10266): GL_OES_EGL_sync
W/GlUtils (10266): GL_OES_EGL_image_external
W/GlUtils (10266): GL_OES_element_index_uint
W/GlUtils (10266): GL_OES_fbo_render_mipmap
W/GlUtils (10266): GL_OES_fragment_precision_high
W/GlUtils (10266): GL_OES_get_program_binary
W/GlUtils (10266): GL_OES_packed_depth_stencil
W/GlUtils (10266): GL_OES_depth_texture_cube_map
W/GlUtils (10266): GL_OES_rgb8_rgba8
W/GlUtils (10266): GL_OES_standard_derivatives
W/GlUtils (10266): GL_OES_texture_3D
W/GlUtils (10266): GL_OES_texture_float
W/GlUtils (10266): GL_OES_texture_half_float
W/GlUtils (10266): GL_OES_texture_half_float_linear
W/GlUtils (10266): GL_OES_texture_npot
W/GlUtils (10266): GL_OES_vertex_half_float
W/GlUtils (10266): GL_OES_vertex_type_10_10_10_2
W/GlUtils (10266): GL_OES_vertex_array_object
W/GlUtils (10266): GL_QCOM_alpha_test
W/GlUtils (10266): GL_QCOM_binning_control
W/GlUtils (10266): GL_QCOM_driver_control
W/GlUtils (10266): GL_QCOM_perfmon_global_mode
W/GlUtils (10266): GL_QCOM_extended_get
W/GlUtils (10266): GL_QCOM_extended_get2
W/GlUtils (10266): GL_QCOM_tiled_rendering
W/GlUtils (10266): GL_QCOM_writeonly_rendering
W/GlUtils (10266): GL_KHR_texture_compression_astc_ldr
W/GlUtils (10266): GL_EXT_sRGB
W/GlUtils (10266): GL_EXT_sRGB_write_control
W/GlUtils (10266): GL_EXT_texture_sRGB_decode
W/GlUtils (10266): GL_EXT_texture_filter_anisotropic
W/GlUtils (10266): GL_EXT_multisampled_render_to_texture
W/GlUtils (10266): GL_EXT_color_buffer_float
W/GlUtils (10266): GL_EXT_color_buffer_half_float
W/GlUtils (10266): GL_EXT_disjoint_timer_query
W/GlUtils (10266): es3 = TRUE
W/GlUtils (10266): Found: GL_EXT_discard_framebuffer
W/GlUtils (10266): Not found: GL_IMG_multisampled_render_to_texture
W/GlUtils (10266): Found: GL_EXT_multisampled_render_to_texture
W/GlUtils (10266): Found: GL_OES_vertex_array_object
W/GlUtils (10266): Found: GL_QCOM_tiled_rendering
W/GlUtils (10266): Found: GL_EXT_disjoint_timer_query
W/GlUtils (10266): Found: GL_EXT_texture_sRGB_decode
W/GlUtils (10266): GL_MAX_TEXTURE_SIZE = 8192
W/GlUtils (10266): GL_MAX_VERTEX_UNIFORM_VECTORS = 256
W/GlUtils (10266): GL_MAX_FRAGMENT_UNIFORM_VECTORS = 224
W/DirectRender(10266): 0x823cf3a8 DirectRender::InitForCurrentSurface
W/DirectRender(10266): Found VrSurfaceManager API: 0x1d20053a
W/GlUtils (10266): EglGetGpuType: 4098
W/DirectRender(10266): surface size: 2560 x 1440
W/VRSurfaceManager(10266): VRSurfaceManager : setFrontBuffer
I/OVR (10266): DeviceManagerThread - poll(fds,1,1000) = 0 (Tid=10318)
D/libSEC_EGL(10266): EGL : EGL_SEC_frontbuffer_set mode PASSED ...
W/DirectRender(10266): gvrFrontbufferExtension = TRUE
W/DirectRender(10266): Adreno GPU
W/VrApi (10266): ovrSensorDesc.ProductId = 0
W/VrApi (10266): ovrSensorDesc.VendorId = 0
W/VrApi (10266): ovrSensorDesc.SerialNumber =
W/VrApi (10266): ovrSensorDesc.Version = 0
W/HmdInfo (10266): QueryAndroidInfo (0x823d1b58,0x1d300506,0x1d2004ea)
W/HmdInfo (10266): SM-N910F 0.128000 x 0.070875
I/OVR (10266): Detected HMD/Phone version: HMD_NOTE_4
W/VrApi (10266): hmdInfo.lensSeparation = 0.063000
W/VrApi (10266): hmdInfo.widthMeters = 0.125000
W/VrApi (10266): hmdInfo.heightMeters = 0.070700
W/VrApi (10266): hmdInfo.widthPixels = 2560
W/VrApi (10266): hmdInfo.heightPixels = 1440
W/VrApi (10266): hmdInfo.eyeTextureFov = 90.000000
D/VrLib (10266): !!#######!! Registering proximity receiver
D/VrLib (10266): !!#######!! Registering dock receiver
D/VrLib (10266): Registering battery receiver
D/VrLib (10266): Registering headset receiver
D/VrLib (10266): OnReceive BATTERY_ACTION_CHANGED
W/VrApi (10266): nativeBatteryEvent(3, 91, 320)
D/VrLib (10266): startHeadsetReceiver: 0
W/VrApi (10266): nativeHeadsetEvent(0)
D/VrLib (10266): Registering volume receiver
I/AudioService( 942): getStreamVolume 3 index 20
D/VrLib (10266): startVolumeReceiver: 2
D/VrLib (10266): Registering wifi receiver
D/VrLib (10266): Registering OvrPhoneStateListener
D/VrLib (10266): onReceive Wifi, intent = Intent { act=android.net.wifi.RSSI_CHANGED flg=0x4000010 (has extras) }
D/VrLib (10266): onReceive rssi = -52 level = 4
W/VrApi (10266): nativeWifiSignalEvent( 0, 4 )
D/VrLib (10266): onReceive Wifi, intent = Intent { act=android.net.wifi.WIFI_STATE_CHANGED flg=0x4000010 (has extras) }
D/VrLib (10266): onReceive wifiState = 3
W/VrApi (10266): nativeWifiSignalEvent( 3, 4 )
W/VrApi (10266): SetVrPlatformOptions( 2, 2 )
D/VrLib (10266): OvrPhoneStateListener.onServiceStateChanged2 1 home Unknown:0 Unknown:0 CSS not supported -1 -1 RoamInd=-1 DefRoamInd=-1 EmergOnly=true
W/VrApi (10266): nativeCellularStateEvent( 2 )
D/VrLib (10266): OvrPhoneStateListener.onSignalStrengthsChanged4
W/VrApi (10266): nativeCellularSignalEvent( 4 )
D/VrLib (10266): Available levels: {GPU MIN, GPU MAX, CPU MIN, CPU MAX}
D/VrLib (10266): -> / 0
D/VrLib (10266): -> / 3
D/VrLib (10266): -> / 0
D/VrLib (10266): -> / 3
W/VrApi (10266): CPU levels [0, 3]
W/VrApi (10266): GPU levels [0, 3]
D/VrLib (10266): setSystemPerformance cpu: 2 gpu: 2
D/VrLib (10266): Fixed clock level API exists
V/VRSVC (10291): at (VRManagerService.java:460) yTqX() [SIOP : 0]
V/VRSVC (10291): at (VRManagerService.java:461) yTqX() [PLATFORM : apq8084]
V/VRSVC (10291): at (VRManagerService.java:239) uWFZ() [getDevelopermode : 1]
V/VRSVC (10291): at (VRManagerService.java:576) wtkw() [Set CPU minLock COMPLETE: com.climaxstudios.BanditSix 1497600]
D/CustomFrequencyManagerService( 942): acquireDVFSLockLocked : type : DVFS_MIN_LIMIT frequency : 1497600 uid : 1000 pid : 942 pkgName : VR_CPU_MIN@1
D/CustomFrequencyManagerService( 942): acquireDVFSLockLocked : type : DVFS_MAX_LIMIT frequency : 1497600 uid : 1000 pid : 942 pkgName : VR_CPU_MAX@2
V/VRSVC (10291): at (VRManagerService.java:588) wtkw() [Set CPU maxLock COMPLETE: com.climaxstudios.BanditSix 1497600]
V/VRSVC (10291): at (VRManagerService.java:239) uWFZ() [getDevelopermode : 1]
E/VRSVC (10291): at (VRManagerService.java:621) QdBd() [Set GPU minLock COMPLETE: com.climaxstudios.BanditSix 389000000]
V/VRSVC (10291): at (VRManagerService.java:632) QdBd() [Set GPU maxLock COMPLETE: com.climaxstudios.BanditSix 389000000]
V/VRSVC (10291): at (VRManagerService.java:551) yTqX() [(2:2:com.climaxstudios.BanditSix) (1497600:389000000:883200:240000000) pkg: com.climaxstudios.BanditSix]
D/VrLib (10266): SetVrClocks: {CPU CLOCK, GPU CLOCK, POWERSAVE CPU CLOCK, POWERSAVE GPU CLOCK}
D/VrLib (10266): -> / 1497600
D/VrLib (10266): -> / 389000000
D/VrLib (10266): -> / 883200
D/VrLib (10266): -> / 240000000
W/VrApi (10266): CPU Clock = 1497 MHz
W/VrApi (10266): GPU Clock = 389 MHz
W/TimeWarp(10266): -------------------- Startup() --------------------
W/TimeWarp(10266): Current EGL_CONTEXT_CLIENT_VERSION:2
W/TimeWarp(10266): Share context eglConfig has 24 depth bits -- should be 0
W/GlUtils (10266): Found: GL_EXT_sRGB_write_control
W/TimeWarp(10266): Skipping ImageServer setup because !useImageServer
W/TimeWarp(10266): Requesting EGL_CONTEXT_PRIORITY_HIGH_IMG
W/TimeWarp(10266): WarpThreadInit()
W/TimeWarp(10266): eglWarpContext: 0x829fa548
W/TimeWarp(10266): Context is EGL_CONTEXT_PRIORITY_HIGH_IMG
W/TimeWarp(10266): eglMakeCurrent on 0x7a108eb8
W/PackageFiles(10266): File 'res/raw/loading_indicator.png' not found in apk!
W/TimeWarp(10266): Loading distortion file: /storage/emulated/0/Oculus/defaultDistortion.bin
W/MemBuffer(10266): Couldn't open /storage/emulated/0/Oculus/defaultDistortion.bin
D/Sensorhubs( 336): readContextData: 1, 1, 7, 1
D/SensorHubManager( 942): onGetSensorHubDataLocked: library = 1, 1, 7, 1
D/CAE ( 942): onGetSensorHubData(SensorHubParserProvider.java:87) - onGetSensorHubData Event [event buffer len :4], AP_WAKEUP
I/CAE ( 942): parse(SensorHubParserProvider.java:166) - buffer size = 4
I/CAE ( 942): parse(SensorHubParserProvider.java:177) - 1, 1, 7, 1,
D/CAE ( 942): display(ContextProvider.java:365) - ================= AUTO_ROTATION =================
I/CAE ( 942): display(ContextProvider.java:381) - Angle=[1]
D/SContextService( 942): updateSContext() : event = Auto Rotation
V/WindowOrientationListener( 942): mSContextAutoRotationListener.onSContextChanged, Rotation: 1
W/TimeWarp(10266): WarpThreadLoop()
W/TimeWarp(10266): Changing vsync from 0.000000 to 20.000000
W/TimeWarp(10266): Warp GPU time: 0.0 ms
D/VrLib (10266): setSchedFifoStatic tid:10305 pto:1
D/VrLib (10266): VRManager set thread priority to 1
W/VrApi (10266): SetSchedFifo( 10305, 1 ) = succeeded
D/VrLib (10266): setSchedFifoStatic tid:10287 pto:1
D/VrLib (10266): VRManager set thread priority to 1
W/VrApi (10266): SetSchedFifo( 10287, 1 ) = succeeded
D/VrLib (10266): setSchedFifoStatic tid:10318 pto:2
D/VrLib (10266): VRManager set thread priority to 2
W/VrApi (10266): SetSchedFifo( 10318, 2 ) = succeeded
D/VrLib (10266): setSchedFifoStatic tid:10325 pto:3
V/VRManagerService( 942): ---- elevateProcessThread 'com.climaxstudios.BanditSix' requestPriority(pid=10266, tid=10305, prio=1 ----
V/VRManagerService( 942): ---- elevateProcessThread 'com.climaxstudios.BanditSix' requestPriority(pid=10266, tid=10287, prio=1 ----
V/VRManagerService( 942): ---- elevateProcessThread 'com.climaxstudios.BanditSix' requestPriority(pid=10266, tid=10318, prio=2 ----
D/VrLib (10266): VRManager set thread priority to 3
W/VrApi (10266): SetSchedFifo( 10325, 3 ) = succeeded
D/VrLib (10266): getSystemBrightness
W/TimeWarp(10266): No valid eyeTexture 0
V/VRSVC (10291): at (VRManagerService.java:825) AmLH() [getSystemOption option=bright result=180]
W/VrApi (10266): System brightness = 180
D/VrLib (10266): setSystemBrightness 180
V/VRSVC (10291): at (VRManagerService.java:719) wtkw() [setSystemOption option=bright value=180]
V/VRSVC (10291): at (VRManagerService.java:907) bHGb() [updateBright value = 180]
W/VrApi (10266): Set brightness to 180
D/VrLib (10266): getSystemBrightness
V/VRManagerService( 942): ---- elevateProcessThread 'com.climaxstudios.BanditSix' requestPriority(pid=10266, tid=10325, prio=3 ----
V/VRSVC (10291): at (VRManagerService.java:825) AmLH() [getSystemOption option=bright result=180]
W/VrApi (10266): System brightness = 180
D/VrLib (10266): getDoNotDisturbMode
D/VRSVC (10291): at (VRManagerService.java:1040) BRMq() [getNotDisturbMode : 0]
D/VRSVC (10291): at (VRManagerService.java:1040) BRMq() [getNotDisturbMode : 0]
V/VRSVC (10291): at (VRManagerService.java:825) AmLH() [getSystemOption option=do_not_disturb_mode result=0]
W/VrApi (10266): Set DND mode to false
D/VrLib (10266): setDoNotDisturbMode false
V/VRSVC (10291): at (VRManagerService.java:719) wtkw() [setSystemOption option=do_not_disturb_mode value=0]
D/VRSVC (10291): at (VRManagerService.java:1032) QdBd() [setDisturbMode : 0]
W/TimeWarp(10266): No valid eyeTexture 0
D/VRSVC (10291): at (VRManagerService.java:1040) BRMq() [getNotDisturbMode : 0]
D/VRSVC (10291): at (VRManagerService.java:1040) BRMq() [getNotDisturbMode : 0]
V/VRSVC (10291): at (VRManagerService.java:825) AmLH() [getSystemOption option=do_not_disturb_mode result=0]
D/VrLib (10266): result after set = 0
W/VrApi (10266): System DND mode = false
D/VrLib (10266): getComfortViewModeEnabled
V/VRSVC (10291): at (VRManagerService.java:825) AmLH() [getSystemOption option=comfortable_view result=0]
W/VrApi (10266): System comfort mode = false
D/VrLib (10266): enableComfortableMode false
V/VRSVC (10291): at (VRManagerService.java:719) wtkw() [setSystemOption option=comfortable_view value=0]
V/VRSVC (10291): at (VRManagerService.java:985) snDW() [updateComfortableView enable = false]
V/VRSVC (10291): at (VRManagerService.java:940) AmLH() [updateColorTemperature value = 4]
W/VrApi (10266): Set comfort mode to false
D/VrLib (10266): getComfortViewModeEnabled
V/VRSVC (10291): at (VRManagerService.java:825) AmLH() [getSystemOption option=comfortable_view result=0]
W/VrApi (10266): System comfort mode = false
W/UnityPlugin(10266): OVR_Resume()
W/UnityPlugin(10266): Already focused, skipping
D/VrLib (10266): getWindow().addFlags( WindowManager.LayoutParams.FLAG_FULLSCREEN )
W/TimeWarp(10266): No valid eyeTexture 0
D/KeyguardUpdateMonitor( 1203): sendKeyguardVisibilityChanged(true)
I/KeyguardUpdateMonitor( 1203): visibility is same
W/TimeWarp(10266): Bad Pose.Orientation in bufferNum 1!
W/TimeWarp(10266): No valid eyeTexture 0
W/VrApi (10266): CPU0 Clock 1497 MHz, GPU Clock 389000 MHz, Power Level State 0, normal
W/UnityPlugin(10266): FPS: 1 GPU time: 0.0 ms
W/TimeWarp(10266): Bad Pose.Orientation in bufferNum 1!
W/TimeWarp(10266): No valid eyeTexture 0
W/TimeWarp(10266): Bad Pose.Orientation in bufferNum 1!
W/TimeWarp(10266): No valid eyeTexture 0
W/TimeWarp(10266): Bad Pose.Orientation in bufferNum 1!
W/TimeWarp(10266): No valid eyeTexture 0
W/TimeWarp(10266): Bad Pose.Orientation in bufferNum 1!
W/TimeWarp(10266): No valid eyeTexture 0
W/TimeWarp(10266): Bad Pose.Orientation in bufferNum 1!
W/TimeWarp(10266): No valid eyeTexture 0
W/TimeWarp(10266): Bad Pose.Orientation in bufferNum 1!
W/TimeWarp(10266): No valid eyeTexture 0
W/TimeWarp(10266): Bad Pose.Orientation in bufferNum 1!
W/TimeWarp(10266): No valid eyeTexture 0
W/TimeWarp(10266): Bad Pose.Orientation in bufferNum 1!
W/TimeWarp(10266): No valid eyeTexture 0
W/TimeWarp(10266): Bad Pose.Orientation in bufferNum 1!
W/TimeWarp(10266): No valid eyeTexture 0
W/TimeWarp(10266): Warp GPU time: 0.0 ms
W/TimeWarp(10266): Bad Pose.Orientation in bufferNum 1!
W/TimeWarp(10266): No valid eyeTexture 0
W/TimeWarp(10266): Bad Pose.Orientation in bufferNum 1!
W/TimeWarp(10266): No valid eyeTexture 0
W/TimeWarp(10266): Bad Pose.Orientation in bufferNum 1!
W/TimeWarp(10266): No valid eyeTexture 0
W/TimeWarp(10266): Bad Pose.Orientation in bufferNum 1!
W/TimeWarp(10266): No valid eyeTexture 0
W/TimeWarp(10266): Bad Pose.Orientation in bufferNum 1!
W/TimeWarp(10266): No valid eyeTexture 0
W/TimeWarp(10266): Bad Pose.Orientation in bufferNum 1!
W/TimeWarp(10266): No valid eyeTexture 0
W/TimeWarp(10266): Bad Pose.Orientation in bufferNum 1!
W/TimeWarp(10266): No valid eyeTexture 0
W/TimeWarp(10266): Bad Pose.Orientation in bufferNum 1!
W/TimeWarp(10266): No valid eyeTexture 0
W/TimeWarp(10266): Bad Pose.Orientation in bufferNum 1!
W/TimeWarp(10266): No valid eyeTexture 0
W/TimeWarp(10266): Bad Pose.Orientation in bufferNum 1!
W/TimeWarp(10266): No valid eyeTexture 0
I/OVR (10266): DeviceManagerThread - poll(fds,1,1000) = 0 (Tid=10318)
W/TimeWarp(10266): Bad Pose.Orientation in bufferNum 1!
W/TimeWarp(10266): No valid eyeTexture 0
W/TimeWarp(10266): Bad Pose.Orientation in bufferNum 1!
W/TimeWarp(10266): No valid eyeTexture 0
W/TimeWarp(10266): Bad Pose.Orientation in bufferNum 1!
W/TimeWarp(10266): No valid eyeTexture 0
W/TimeWarp(10266): Bad Pose.Orientation in bufferNum 1!
W/TimeWarp(10266): No valid eyeTexture 0
W/TimeWarp(10266): Bad Pose.Orientation in bufferNum 1!
W/TimeWarp(10266): No valid eyeTexture 0
W/TimeWarp(10266): Bad Pose.Orientation in bufferNum 1!
W/TimeWarp(10266): No valid eyeTexture 0
W/TimeWarp(10266): Bad Pose.Orientation in bufferNum 1!
W/TimeWarp(10266): No valid eyeTexture 0
W/TimeWarp(10266): Bad Pose.Orientation in bufferNum 1!
W/TimeWarp(10266): No valid eyeTexture 0
W/TimeWarp(10266): Bad Pose.Orientation in bufferNum 1!
W/TimeWarp(10266): No valid eyeTexture 0
W/TimeWarp(10266): Bad Pose.Orientation in bufferNum 1!
W/TimeWarp(10266): No valid eyeTexture 0
W/TimeWarp(10266): Bad Pose.Orientation in bufferNum 1!
W/TimeWarp(10266): No valid eyeTexture 0
W/TimeWarp(10266): Bad Pose.Orientation in bufferNum 1!
W/TimeWarp(10266): No valid eyeTexture 0
W/TimeWarp(10266): Bad Pose.Orientation in bufferNum 1!
W/TimeWarp(10266): No valid eyeTexture 0
W/TimeWarp(10266): Bad Pose.Orientation in bufferNum 1!
W/TimeWarp(10266): No valid eyeTexture 0
W/TimeWarp(10266): Bad Pose.Orientation in bufferNum 1!
W/TimeWarp(10266): No valid eyeTexture 0
W/TimeWarp(10266): Bad Pose.Orientation in bufferNum 1!
W/TimeWarp(10266): No valid eyeTexture 0
W/TimeWarp(10266): Bad Pose.Orientation in bufferNum 1!
W/TimeWarp(10266): No valid eyeTexture 0
W/TimeWarp(10266): Bad Pose.Orientation in bufferNum 1!
W/TimeWarp(10266): No valid eyeTexture 0
W/TimeWarp(10266): Bad Pose.Orientation in bufferNum 1!
W/TimeWarp(10266): No valid eyeTexture 0
W/TimeWarp(10266): Bad Pose.Orientation in bufferNum 1!
W/TimeWarp(10266): No valid eyeTexture 0
W/TimeWarp(10266): Bad Pose.Orientation in bufferNum 1!
W/TimeWarp(10266): No valid eyeTexture 0
W/TimeWarp(10266): Bad Pose.Orientation in bufferNum 1!
W/TimeWarp(10266): No valid eyeTexture 0
W/TimeWarp(10266): Bad Pose.Orientation in bufferNum 1!
W/TimeWarp(10266): No valid eyeTexture 0
W/TimeWarp(10266): Bad Pose.Orientation in bufferNum 1!
W/TimeWarp(10266): No valid eyeTexture 0
W/TimeWarp(10266): Bad Pose.Orientation in bufferNum 1!
W/TimeWarp(10266): No valid eyeTexture 0
W/TimeWarp(10266): Bad Pose.Orientation in bufferNum 1!
W/TimeWarp(10266): No valid eyeTexture 0
W/TimeWarp(10266): Bad Pose.Orientation in bufferNum 1!
W/TimeWarp(10266): No valid eyeTexture 0
W/TimeWarp(10266): Bad Pose.Orientation in bufferNum 1!
W/TimeWarp(10266): No valid eyeTexture 0
W/TimeWarp(10266): Bad Pose.Orientation in bufferNum 1!
W/TimeWarp(10266): No valid eyeTexture 0
W/TimeWarp(10266): Bad Pose.Orientation in bufferNum 1!
W/TimeWarp(10266): No valid eyeTexture 0
W/TimeWarp(10266): Bad Pose.Orientation in bufferNum 1!
W/TimeWarp(10266): No valid eyeTexture 0
W/TimeWarp(10266): Bad Pose.Orientation in bufferNum 1!
W/TimeWarp(10266): No valid eyeTexture 0
W/TimeWarp(10266): Bad Pose.Orientation in bufferNum 1!
W/TimeWarp(10266): No valid eyeTexture 0
W/TimeWarp(10266): Bad Pose.Orientation in bufferNum 1!
W/TimeWarp(10266): No valid eyeTexture 0
W/TimeWarp(10266): Bad Pose.Orientation in bufferNum 1!
W/TimeWarp(10266): No valid eyeTexture 0
W/TimeWarp(10266): Bad Pose.Orientation in bufferNum 1!
W/TimeWarp(10266): No valid eyeTexture 0
W/TimeWarp(10266): Bad Pose.Orientation in bufferNum 1!
W/TimeWarp(10266): No valid eyeTexture 0
W/TimeWarp(10266): Bad Pose.Orientation in bufferNum 1!
W/TimeWarp(10266): No valid eyeTexture 0
W/TimeWarp(10266): Bad Pose.Orientation in bufferNum 1!
W/TimeWarp(10266): No valid eyeTexture 0
W/TimeWarp(10266): TimeWarp Watchdog: removed SCHED_FIFO from tid 10305
D/VrLib (10266): setSchedFifoStatic tid:10305 pto:0
D/VrLib (10266): VRManager set thread priority to 0
W/TimeWarp(10266): TimeWarp Watchdog: removed SCHED_FIFO from tid 10287
D/VrLib (10266): setSchedFifoStatic tid:10287 pto:0
D/VrLib (10266): VRManager set thread priority to 0
W/TimeWarp(10266): Bad Pose.Orientation in bufferNum 1!
W/TimeWarp(10266): No valid eyeTexture 0
W/TimeWarp(10266): Bad Pose.Orientation in bufferNum 1!
W/TimeWarp(10266): No valid eyeTexture 0
V/VRManagerService( 942): ---- demoteProcessThread 'com.climaxstudios.BanditSix' requestPriority(pid=10266, tid=10305, prio=0 ----
V/VRManagerService( 942): ---- demoteProcessThread 'com.climaxstudios.BanditSix' requestPriority(pid=10266, tid=10287, prio=0 ----
W/TimeWarp(10266): Bad Pose.Orientation in bufferNum 1!
W/TimeWarp(10266): No valid eyeTexture 0
W/TimeWarp(10266): Bad Pose.Orientation in bufferNum 1!
W/TimeWarp(10266): No valid eyeTexture 0
W/TimeWarp(10266): Bad Pose.Orientation in bufferNum 1!
W/TimeWarp(10266): No valid eyeTexture 0
W/TimeWarp(10266): Bad Pose.Orientation in bufferNum 1!
W/TimeWarp(10266): No valid eyeTexture 0
W/TimeWarp(10266): Bad Pose.Orientation in bufferNum 1!
W/TimeWarp(10266): No valid eyeTexture 0
W/TimeWarp(10266): Bad Pose.Orientation in bufferNum 1!
W/TimeWarp(10266): No valid eyeTexture 0
W/TimeWarp(10266): Bad Pose.Orientation in bufferNum 1!
W/TimeWarp(10266): No valid eyeTexture 0
W/TimeWarp(10266): Bad Pose.Orientation in bufferNum 1!
W/TimeWarp(10266): No valid eyeTexture 0
W/TimeWarp(10266): Bad Pose.Orientation in bufferNum 1!
W/TimeWarp(10266): No valid eyeTexture 0
W/TimeWarp(10266): Warp GPU time: 0.0 ms
W/TimeWarp(10266): Bad Pose.Orientation in bufferNum 1!
W/TimeWarp(10266): No valid eyeTexture 0
W/TimeWarp(10266): Bad Pose.Orientation in bufferNum 1!
W/TimeWarp(10266): No valid eyeTexture 0
W/TimeWarp(10266): Bad Pose.Orientation in bufferNum 1!
W/TimeWarp(10266): No valid eyeTexture 0
W/TimeWarp(10266): Bad Pose.Orientation in bufferNum 1!
W/TimeWarp(10266): No valid eyeTexture 0
W/TimeWarp(10266): Bad Pose.Orientation in bufferNum 1!
W/TimeWarp(10266): No valid eyeTexture 0
W/TimeWarp(10266): Bad Pose.Orientation in bufferNum 1!
W/TimeWarp(10266): No valid eyeTexture 0
W/TimeWarp(10266): Bad Pose.Orientation in bufferNum 1!
W/TimeWarp(10266): No valid eyeTexture 0
W/TimeWarp(10266): Bad Pose.Orientation in bufferNum 1!
W/TimeWarp(10266): No valid eyeTexture 0
W/TimeWarp(10266): Bad Pose.Orientation in bufferNum 1!
W/TimeWarp(10266): No valid eyeTexture 0
W/TimeWarp(10266): Bad Pose.Orientation in bufferNum 1!
W/TimeWarp(10266): No valid eyeTexture 0
I/OVR (10266): DeviceManagerThread - poll(fds,1,1000) = 0 (Tid=10318)
W/TimeWarp(10266): Bad Pose.Orientation in bufferNum 1!
W/TimeWarp(10266): No valid eyeTexture 0
W/TimeWarp(10266): Bad Pose.Orientation in bufferNum 1!
W/TimeWarp(10266): No valid eyeTexture 0
W/TimeWarp(10266): Bad Pose.Orientation in bufferNum 1!
W/TimeWarp(10266): No valid eyeTexture 0
W/TimeWarp(10266): Bad Pose.Orientation in bufferNum 1!
W/TimeWarp(10266): No valid eyeTexture 0
W/TimeWarp(10266): Bad Pose.Orientation in bufferNum 1!
W/TimeWarp(10266): No valid eyeTexture 0
W/TimeWarp(10266): Bad Pose.Orientation in bufferNum 1!
W/TimeWarp(10266): No valid eyeTexture 0
W/TimeWarp(10266): Bad Pose.Orientation in bufferNum 1!
W/TimeWarp(10266): No valid eyeTexture 0
W/TimeWarp(10266): Bad Pose.Orientation in bufferNum 1!
W/TimeWarp(10266): No valid eyeTexture 0
W/TimeWarp(10266): Bad Pose.Orientation in bufferNum 1!
W/TimeWarp(10266): No valid eyeTexture 0
W/TimeWarp(10266): Bad Pose.Orientation in bufferNum 1!
W/TimeWarp(10266): No valid eyeTexture 0
W/TimeWarp(10266): Bad Pose.Orientation in bufferNum 1!
W/TimeWarp(10266): No valid eyeTexture 0
W/TimeWarp(10266): Bad Pose.Orientation in bufferNum 1!
W/TimeWarp(10266): No valid eyeTexture 0
W/TimeWarp(10266): Bad Pose.Orientation in bufferNum 1!
W/TimeWarp(10266): No valid eyeTexture 0
W/TimeWarp(10266): Bad Pose.Orientation in bufferNum 1!
W/TimeWarp(10266): No valid eyeTexture 0
W/TimeWarp(10266): Bad Pose.Orientation in bufferNum 1!
W/TimeWarp(10266): No valid eyeTexture 0
W/TimeWarp(10266): Bad Pose.Orientation in bufferNum 1!
W/TimeWarp(10266): No valid eyeTexture 0
W/TimeWarp(10266): Bad Pose.Orientation in bufferNum 1!
W/TimeWarp(10266): No valid eyeTexture 0
W/TimeWarp(10266): Bad Pose.Orientation in bufferNum 1!
W/TimeWarp(10266): No valid eyeTexture 0
W/TimeWarp(10266): Bad Pose.Orientation in bufferNum 1!
W/TimeWarp(10266): No valid eyeTexture 0
W/TimeWarp(10266): Bad Pose.Orientation in bufferNum 1!
W/TimeWarp(10266): No valid eyeTexture 0
W/TimeWarp(10266): Bad Pose.Orientation in bufferNum 1!
W/TimeWarp(10266): No valid eyeTexture 0
W/TimeWarp(10266): Bad Pose.Orientation in bufferNum 1!
W/TimeWarp(10266): No valid eyeTexture 0
W/TimeWarp(10266): Bad Pose.Orientation in bufferNum 1!
W/TimeWarp(10266): No valid eyeTexture 0
W/TimeWarp(10266): Bad Pose.Orientation in bufferNum 1!
W/TimeWarp(10266): No valid eyeTexture 0
W/TimeWarp(10266): Bad Pose.Orientation in bufferNum 1!
W/TimeWarp(10266): No valid eyeTexture 0
W/TimeWarp(10266): Bad Pose.Orientation in bufferNum 1!
W/TimeWarp(10266): No valid eyeTexture 0
W/TimeWarp(10266): Bad Pose.Orientation in bufferNum 1!
W/TimeWarp(10266): No valid eyeTexture 0
W/TimeWarp(10266): Bad Pose.Orientation in bufferNum 1!
W/TimeWarp(10266): No valid eyeTexture 0
W/TimeWarp(10266): Bad Pose.Orientation in bufferNum 1!
W/TimeWarp(10266): No valid eyeTexture 0
W/TimeWarp(10266): Bad Pose.Orientation in bufferNum 1!
W/TimeWarp(10266): No valid eyeTexture 0
W/TimeWarp(10266): Bad Pose.Orientation in bufferNum 1!
W/TimeWarp(10266): No valid eyeTexture 0
W/TimeWarp(10266): Bad Pose.Orientation in bufferNum 1!
W/TimeWarp(10266): No valid eyeTexture 0
W/TimeWarp(10266): Bad Pose.Orientation in bufferNum 1!
W/TimeWarp(10266): No valid eyeTexture 0
W/TimeWarp(10266): Bad Pose.Orientation in bufferNum 1!
W/TimeWarp(10266): No valid eyeTexture 0
W/TimeWarp(10266): Bad Pose.Orientation in bufferNum 1!
W/TimeWarp(10266): No valid eyeTexture 0
W/TimeWarp(10266): Bad Pose.Orientation in bufferNum 1!
W/TimeWarp(10266): No valid eyeTexture 0
W/TimeWarp(10266): Bad Pose.Orientation in bufferNum 1!
W/TimeWarp(10266): No valid eyeTexture 0
W/TimeWarp(10266): Bad Pose.Orientation in bufferNum 1!
W/TimeWarp(10266): No valid eyeTexture 0
W/TimeWarp(10266): Bad Pose.Orientation in bufferNum 1!
W/TimeWarp(10266): No valid eyeTexture 0
W/TimeWarp(10266): Bad Pose.Orientation in bufferNum 1!
W/TimeWarp(10266): No valid eyeTexture 0
V/AlarmManager( 942): waitForAlarm result :8
W/TimeWarp(10266): Bad Pose.Orientation in bufferNum 1!
W/TimeWarp(10266): No valid eyeTexture 0
W/TimeWarp(10266): Bad Pose.Orientation in bufferNum 1!
W/TimeWarp(10266): No valid eyeTexture 0
W/TimeWarp(10266): Bad Pose.Orientation in bufferNum 1!
W/TimeWarp(10266): No valid eyeTexture 0
D/VrLib (10266): OvrPhoneStateListener.onSignalStrengthsChanged4
W/VrApi (10266): nativeCellularSignalEvent( 4 )
D/STATUSBAR-NetworkController( 1224): onSignalStrengthsChanged signalStrength=SignalStrength: 16 -1 -1 -1 -1 -1 -1 99 2147483647 2147483647 2147483647 -1 2147483647 gsm|lte 0x4 level=4
W/TimeWarp(10266): Bad Pose.Orientation in bufferNum 1!
W/TimeWarp(10266): No valid eyeTexture 0
D/ConnectivityManager( 1668): getActiveNetworkInfo : NetworkInfo: type: WIFI[], state: CONNECTED/CONNECTED, reason: (unspecified), extra: "ClimaxProduction", roaming: false, failover: false, isAvailable: true, isConnectedToProvisioningNetwork: false
W/TimeWarp(10266): Bad Pose.Orientation in bufferNum 1!
W/TimeWarp(10266): No valid eyeTexture 0
W/TimeWarp(10266): Bad Pose.Orientation in bufferNum 1!
W/TimeWarp(10266): No valid eyeTexture 0
W/TimeWarp(10266): Bad Pose.Orientation in bufferNum 1!
W/TimeWarp(10266): No valid eyeTexture 0
D/ConnectivityManager( 3717): getActiveNetworkInfo : NetworkInfo: type: WIFI[], state: CONNECTED/CONNECTED, reason: (unspecified), extra: "ClimaxProduction", roaming: false, failover: false, isAvailable: true, isConnectedToProvisioningNetwork: false
D/ConnectivityManager( 3717): getActiveNetworkInfo : NetworkInfo: type: WIFI[], state: CONNECTED/CONNECTED, reason: (unspecified), extra: "ClimaxProduction", roaming: false, failover: false, isAvailable: true, isConnectedToProvisioningNetwork: false
D/ConnectivityManager( 3717): getActiveNetworkInfo : NetworkInfo: type: WIFI[], state: CONNECTED/CONNECTED, reason: (unspecified), extra: "ClimaxProduction", roaming: false, failover: false, isAvailable: true, isConnectedToProvisioningNetwork: false
D/ConnectivityManager( 3717): getActiveNetworkInfo : NetworkInfo: type: WIFI[], state: CONNECTED/CONNECTED, reason: (unspecified), extra: "ClimaxProduction", roaming: false, failover: false, isAvailable: true, isConnectedToProvisioningNetwork: false
D/ConnectivityManager( 3717): getActiveNetworkInfo : NetworkInfo: type: WIFI[], state: CONNECTED/CONNECTED, reason: (unspecified), extra: "ClimaxProduction", roaming: false, failover: false, isAvailable: true, isConnectedToProvisioningNetwork: false
D/ConnectivityManager( 3717): getActiveNetworkInfo : NetworkInfo: type: WIFI[], state: CONNECTED/CONNECTED, reason: (unspecified), extra: "ClimaxProduction", roaming: false, failover: false, isAvailable: true, isConnectedToProvisioningNetwork: false
D/ConnectivityManager( 3717): getActiveNetworkInfo : NetworkInfo: type: WIFI[], state: CONNECTED/CONNECTED, reason: (unspecified), extra: "ClimaxProduction", roaming: false, failover: false, isAvailable: true, isConnectedToProvisioningNetwork: false
W/TimeWarp(10266): Bad Pose.Orientation in bufferNum 1!
W/TimeWarp(10266): No valid eyeTexture 0
D/ConnectivityManager( 3717): getActiveNetworkInfo : NetworkInfo: type: WIFI[], state: CONNECTED/CONNECTED, reason: (unspecified), extra: "ClimaxProduction", roaming: false, failover: false, isAvailable: true, isConnectedToProvisioningNetwork: false
D/ConnectivityManager( 3717): getActiveNetworkInfo : NetworkInfo: type: WIFI[], state: CONNECTED/CONNECTED, reason: (unspecified), extra: "ClimaxProduction", roaming: false, failover: false, isAvailable: true, isConnectedToProvisioningNetwork: false
D/ConnectivityManager( 3717): getActiveNetworkInfo : NetworkInfo: type: WIFI[], state: CONNECTED/CONNECTED, reason: (unspecified), extra: "ClimaxProduction", roaming: false, failover: false, isAvailable: true, isConnectedToProvisioningNetwork: false
W/TimeWarp(10266): Bad Pose.Orientation in bufferNum 1!
W/TimeWarp(10266): No valid eyeTexture 0
W/TimeWarp(10266): Bad Pose.Orientation in bufferNum 1!
W/TimeWarp(10266): No valid eyeTexture 0
W/TimeWarp(10266): Warp GPU time: 0.0 ms
W/TimeWarp(10266): Bad Pose.Orientation in bufferNum 1!
W/TimeWarp(10266): No valid eyeTexture 0
W/TimeWarp(10266): Bad Pose.Orientation in bufferNum 1!
W/TimeWarp(10266): No valid eyeTexture 0
W/TimeWarp(10266): Bad Pose.Orientation in bufferNum 1!
W/TimeWarp(10266): No valid eyeTexture 0
W/TimeWarp(10266): Bad Pose.Orientation in bufferNum 1!
W/TimeWarp(10266): No valid eyeTexture 0
W/TimeWarp(10266): Bad Pose.Orientation in bufferNum 1!
W/TimeWarp(10266): No valid eyeTexture 0
V/DockObserver( 942): Dock UEVENT: {SUBSYSTEM=switch, SWITCH_STATE=11, DEVPATH=/devices/virtual/switch/dock, SEQNUM=6995, ACTION=change, SWITCH_NAME=dock}
D/PowerManagerService( 942): [api] [s] wakeUp (uid: 1000 pid: 942) eventTime = 6335079
V/WindowOrientationListener( 942): mSContextAutoRotationListener.getProposedRotation, mbResultFaceDectection: false
V/WindowOrientationListener( 942): mSContextAutoRotationListener.getProposedRotation, Rotation: 1
V/WindowOrientationListener( 942): mSContextAutoRotationListener.getProposedRotation, mbResultFaceDectection: false
I/DockObserver( 942): Dock state changed: 11, mSmartDockState: 0
I/DockObserver( 942): HMT is connected
I/DockObserver( 942): whichSound is null
V/s ( 942): UEvent : {SUBSYSTEM=switch, SWITCH_STATE=11, DEVPATH=/devices/virtual/switch/dock, SEQNUM=6995, ACTION=change, SWITCH_NAME=dock}
V/s ( 942): SWITCH_NAME_MATCH matched
V/WindowManager( 942): rotationForOrientationLw(orient=0, last=1); user=0 sensorRotation=1 mLidState=-1 mDockMode=11 mHdmiPlugged=false mAccelerometerDefault=false gripRotationLock=false
E/SmartFaceService( 942): onReceive: android.intent.action.DOCK_EVENT
D/PowerManagerService( 942): [api] DockReceiver: onReceive: Intent { act=android.intent.action.DOCK_EVENT flg=0x30000010 (has extras) }
D/PhoneApp( 1374): ACTION_DOCK_EVENT -> mDockState = 11
W/TimeWarp(10266): Bad Pose.Orientation in bufferNum 1!
W/TimeWarp(10266): No valid eyeTexture 0
V/WindowOrientationListener( 942): mSContextAutoRotationListener.getProposedRotation, Rotation: 1
I/PageBuddyNotiSvc( 1825): mCPBroadcastReceiver action=android.intent.action.DOCK_EVENT mCpBitFlag=0
V/UsbHostManager( 942): USB HOST UEVENT: {SUBSYSTEM=host_notify, STATE=ADD, DEVNAME=usb_otg, DEVPATH=/devices/virtual/host_notify/usb_otg, SEQNUM=6996, ACTION=change}
D/UsbHostManager( 942): turnOnLcd ::
D/BatteryService( 942): level:91, scale:100, status:3, health:2, present:true, voltage: 4211, temperature: 320, technology: Li-ion, AC powered:false, USB powered:false, Wireless powered:false, icon:17303771, invalid charger:0, online:13, current avg:171, charge type:0, power sharing:false, high voltage charger:false, capacity:322000
D/UsbHostManager( 942): usbDeviceAdded : device :: /dev/bus/usb/003/001 [1d6bh:0002h] [09h,00h,01h] (Hub(Hi-speed hub with single TT ))
W/UsbHostManager( 942): /dev/bus/usb/003/001 is put on a blocklist [1d6bh:0002h:09h:00h:01h]
D/PowerManagerService( 942): [api] [s] wakeUp (uid: 1000 pid: 942) eventTime = 6335092
D/UsbHostManager( 942): usbDeviceAdded : device :: /dev/bus/usb/004/001 [1d6bh:0003h] [09h,00h,03h] (Unknown device)
W/UsbHostManager( 942): /dev/bus/usb/004/001 is put on a blocklist [1d6bh:0003h:09h:00h:03h]
D/UsbHostManager( 942): onUEvent(device) :: action = add, devtype = usb_interface, device = null, product = 1d6b/2/310, type = 9/0/1, interface = 9/0/0, devpath = /devices/f9200000.ssusb/f9200000.dwc3/xhci-hcd.0.auto/usb3/3-0:1.0
V/VRSVC ( 9239): at (HmtReceiver.java:29) onReceive() [onReceive action=android.intent.action.DOCK_EVENT]
D/KeyguardUpdateMonitor( 1203): sendKeyguardVisibilityChanged(true)
I/KeyguardUpdateMonitor( 1203): visibility is same
D/VRSVC ( 9239): at (HmtReceiver.java:84) yTqX() [dockState=11 prevDockState=0]
W/TimeWarp(10266): Bad Pose.Orientation in bufferNum 1!
W/TimeWarp(10266): No valid eyeTexture 0
D/UsbHostNotification( 942): setUsbObserverNotification : cancel id = 998563545, device = UsbDevices
D/UsbHostNotification( 942): setUsbObserverNotification : notify id = 998563545, device = UsbDevices, title = USB connector connected.
D/UsbHostNotification( 942): send the timeout : current 1417704225378, vailed = -2994, displayed = 1417704225372
D/UsbHostManager( 942): displayNotification : [09h,00h,00h]
D/UsbHostManager( 942): onUEvent(device) :: action = add, devtype = usb_interface, device = null, product = 1d6b/3/310, type = 9/0/3, interface = 9/0/0, devpath = /devices/f9200000.ssusb/f9200000.dwc3/xhci-hcd.0.auto/usb4/4-0:1.0
W/ContextImpl( 9239): Calling a method in the system process without a qualified user: android.app.ContextImpl.startService:1866 android.content.ContextWrapper.startService:507 android.content.ContextWrapper.startService:507 com.samsung.android.hmt.vrsvc.receiver.HmtReceiver.yTqX:90 com.samsung.android.hmt.vrsvc.receiver.HmtReceiver.onReceive:39
D/UsbHostManager( 942): displayNotification : [09h,00h,00h]
D/PowerManagerService( 942): setKeyboardVisibility: false
D/KeyguardUpdateMonitor( 1203): sendKeyguardVisibilityChanged(true)
I/KeyguardUpdateMonitor( 1203): visibility is same
W/TimeWarp(10266): Bad Pose.Orientation in bufferNum 1!
W/TimeWarp(10266): No valid eyeTexture 0
V/WindowOrientationListener( 942): mSContextAutoRotationListener.getProposedRotation, mbResultFaceDectection: false
V/WindowOrientationListener( 942): mSContextAutoRotationListener.getProposedRotation, Rotation: 1
V/WindowOrientationListener( 942): mSContextAutoRotationListener.getProposedRotation, mbResultFaceDectection: false
V/WindowOrientationListener( 942): mSContextAutoRotationListener.getProposedRotation, Rotation: 1
V/VRSVC ( 9239): at (HmtService.java:180) onCreate() [onCreate versionCode=1411127 versionName=MAIN286776-1411127 hashCode=1115977016]
I/WindowManager( 942): ALARM Received.status : false
V/WindowManager( 942): rotationForOrientationLw(orient=0, last=1); user=0 sensorRotation=1 mLidState=-1 mDockMode=11 mHdmiPlugged=false mAccelerometerDefault=false gripRotationLock=false
W/TimeWarp(10266): Bad Pose.Orientation in bufferNum 1!
W/TimeWarp(10266): No valid eyeTexture 0
D/KeyguardUpdateMonitor( 1203): sendKeyguardVisibilityChanged(true)
I/KeyguardUpdateMonitor( 1203): visibility is same
V/VRSVC ( 9239): at (HmtInfo.java:168) () [setupwizardComplete=1]
D/KeyguardUpdateMonitor( 1203): sendKeyguardVisibilityChanged(true)
I/KeyguardUpdateMonitor( 1203): visibility is same
V/VRSVC ( 9239): at (HmtInfo.java:169) () [developerMode=true factoryMode=false]
V/VRSVC ( 9239): at (HmtInfo.java:170) () [retailMode=0 retailLaunchMode=false retailRandomMode=false]
D/PowerManagerService( 942): setKeyboardVisibility: false
W/TimeWarp(10266): Bad Pose.Orientation in bufferNum 1!
W/TimeWarp(10266): No valid eyeTexture 0
I/OVR (10266): DeviceManagerThread - poll(fds,1,1000) = 0 (Tid=10318)
I/AudioService( 942): HMT Docked
V/AudioPolicyManagerBase( 327): setVoiceVolume: 0.800000
V/AudioPolicyManagerBase( 327): SPK Volume DOWN with HMT : 0.005623 / 0.500000
V/AudioPolicyManagerBase( 327): checkAndSetVolume() cannot set stream 6 volume with force use = 0 for comm
V/AudioPolicyManagerBase( 327): setVoiceVolume: 0.800000
I/PageBuddyNotiSvc( 1825): Intent received : action=android.intent.action.DOCK_EVENT
W/InputMethodManagerService( 942): InputMethodService onReceive() intentActionandroid.intent.action.DOCK_EVENT
W/InputMethodManagerService( 942): onReceive() getIntExtra 11
W/InputMethodManagerService( 942): InputMethodService onReceive() keyboardState : 0
D/UiModeManager( 942): mCoverManager.getCoverState() : true
W/MotionRecognitionService( 942): onReceive() getIntExtra 11
D/MotionRecognitionService( 942): SERVICETYPE_MOTION Condition changed = DOCKINGSTATION
D/MotionRecognitionService( 942): SERVICETYPE_MOTION stop
V/VRManagerService( 942): intent action=android.intent.action.DOCK_EVENT dockState=11
D/BatteryService( 942): Sending ACTION_BATTERY_CHANGED.
D/ad ( 942): battery temp will be check in 60000 ms.
D/KeyguardUpdateMonitor( 1203): received broadcast android.intent.action.BATTERY_CHANGED
D/KeyguardUpdateMonitor( 1203): handleBatteryUpdate
V/MediaPlayer( 9239): decode(61, 1778932, 99012)
V/MediaPlayer( 9239): decode(60, 1640064, 138820)
V/MediaPlayerService( 327): decode(66, 1778932, 99012)
W/TimeWarp(10266): Bad Pose.Orientation in bufferNum 1!
W/TimeWarp(10266): No valid eyeTexture 0
V/MediaPlayerService( 327): decode(67, 1640064, 138820)
V/MediaPlayerService( 327): player type = 3
V/MediaPlayerService( 327): player type = 3
V/AwesomePlayer( 327): setDefault
V/AwesomePlayer( 327): constructor
V/AwesomePlayer( 327): setDefault
V/AwesomePlayer( 327): reset_l()
V/AwesomePlayer( 327): notifyListner_l() msg (8-MEDIA_STOPPED), ext1 (0), ext2 (0)
V/AwesomePlayer( 327): cancelPlayerEvents (keepNotifications=0)
V/AwesomePlayer( 327): mAudioTrackVector clear
V/AwesomePlayer( 327): reset_l() mAudioPlayer successfully deleted
V/AwesomePlayer( 327): mSecMediaClock clear
V/StagefrightPlayer( 327): StagefrightPlayer
V/AwesomePlayer( 327): setListener
V/StagefrightPlayer( 327): initCheck
V/AwesomePlayer( 327): setDefault
V/AwesomePlayer( 327): constructor
V/AwesomePlayer( 327): setDefault
V/AwesomePlayer( 327): reset_l()
V/AwesomePlayer( 327): notifyListner_l() msg (8-MEDIA_STOPPED), ext1 (0), ext2 (0)
V/AwesomePlayer( 327): cancelPlayerEvents (keepNotifications=0)
V/AwesomePlayer( 327): mAudioTrackVector clear
V/AwesomePlayer( 327): reset_l() mAudioPlayer successfully deleted
V/AwesomePlayer( 327): mSecMediaClock clear
V/StagefrightPlayer( 327): StagefrightPlayer
V/AwesomePlayer( 327): setListener
V/StagefrightPlayer( 327): initCheck
V/AwesomePlayer( 327): setAudioSink
V/StagefrightPlayer( 327): setDataSource(67, 1640064, 138820)
V/AwesomePlayer( 327): reset_l()
V/AwesomePlayer( 327): notifyListner_l() msg (8-MEDIA_STOPPED), ext1 (0), ext2 (0)
V/AudioCache( 327): notify(0xb8004c90, 8, 0, 0)
V/AudioCache( 327): ignored
V/AwesomePlayer( 327): cancelPlayerEvents (keepNotifications=0)
V/AwesomePlayer( 327): mAudioTrackVector clear
V/AwesomePlayer( 327): reset_l() mAudioPlayer successfully deleted
V/AwesomePlayer( 327): mSecMediaClock clear
V/AwesomePlayer( 327): setAudioSink
V/StagefrightPlayer( 327): setDataSource(66, 1778932, 99012)
V/AwesomePlayer( 327): reset_l()
V/AwesomePlayer( 327): notifyListner_l() msg (8-MEDIA_STOPPED), ext1 (0), ext2 (0)
V/AudioCache( 327): notify(0xb8004c50, 8, 0, 0)
V/AudioCache( 327): ignored
V/AwesomePlayer( 327): cancelPlayerEvents (keepNotifications=0)
V/AwesomePlayer( 327): mAudioTrackVector clear
V/AwesomePlayer( 327): reset_l() mAudioPlayer successfully deleted
V/AwesomePlayer( 327): mSecMediaClock clear
V/HeadsetService( 2464): HeadsetService - Received Intent.ACTION_BATTERY_CHANGED
D/HeadsetStateMachine( 2464): Disconnected process message: 10
D/VrLib (10266): OnReceive BATTERY_ACTION_CHANGED
W/TimeWarp(10266): Bad Pose.Orientation in bufferNum 1!
W/TimeWarp(10266): No valid eyeTexture 0
D/NotificationService( 942): Sending broadcast with sbn as extra = StatusBarNotification(pkg=android user=UserHandle{-1} id=998563545 tag=null score=10: Notification(pri=1 icon=10808fb contentView=android/0x1090085 vibrate=null sound=null defaults=0x0 flags=0x2 when=0 ledARGB=0x0 contentIntent=Y deleteIntent=N contentTitle=24 contentText=0 originalPackageName=N originalUserId=0 tickerText=24 kind=[null]))
W/ContextImpl( 942): Calling a method in the system process without a qualified user: android.app.ContextImpl.sendBroadcast:1524 com.android.server.StatusBarManagerService.sendNotification:1002 com.android.server.StatusBarManagerService.addNotification:691 com.android.server.NotificationManagerService$7.run:2195 android.os.Handler.handleCallback:733
D/STATUSBAR-PhoneStatusBar( 1224): mBrightnessEnablebySettings = true mBrightnessEnablebyBattery = true mBrightnessEnablebyDisableFlag = true mPmsBrightnessEnablebySettings = true
D/BatteryMeterView( 1224): ACTION_BATTERY_CHANGED : level:91 status:3 health:2
D/STATUSBAR-StatusBarManagerService( 942): sendNotification(1) - 998563545
D/UiModeManager( 942): mCoverManager.getCoverState() : true
I/AudioService( 942): getStreamVolume 1 index 10
I/PageBuddyNotiSvc( 1825): service running
E/tmiMPEG2TSExtractor( 327): SnifftmiMPEG2TS @LINE=1380
V/VRSVC ( 9239): at (HmtService.java:201) onCreate() [OnDeviceEvent set DeveloperDockEvent]
D/RCPManagerService( 942): NotificationReceiver onReceive()
D/RCPManagerService( 942): NotificationReceiver sbn.getPackageName() android sbn.getUser().getIdentifier() -1
D/RCPManagerService( 942): getPolicy: Policy checking block entered for Notifications; for user/persona = -1 ; Policy = knox-sanitize-data ; token = 4294967296942
D/RCPManagerService( 942): getPolicy: policy value returned = false
D/RCPManagerService( 942): going to get the app label for pkg == android
D/RCPManagerService( 942): app label == android
D/RCPManagerService( 942): getPolicy: Policy checking block entered for Notifications; for user/persona = -1 ; Policy = knox-export-data ; token = 4294967296942
D/RCPManagerService( 942): getPolicy: policy value returned = true
D/RCPManagerService( 942): Calling User is -1
D/RCPManagerService( 942): userid of SBN ==-1
W/TimeWarp(10266): Bad Pose.Orientation in bufferNum 1!
W/TimeWarp(10266): No valid eyeTexture 0
E/tmiMPEG2TSExtractor( 327): SnifftmiMPEG2TS @LINE=1380
D/UserManagerService( 942): User -1does not exists!!
E/PersonaManagerService( 942): returning null in getPersonasForUser
D/WVMDrmPlugIn( 326): WVMDrmPlugin::onInitialize : 7539
D/WVMDrmPlugIn( 326): WVMDrmPlugin::onSetOnInfoListener : add 7539
D/WVMDrmPlugIn( 326): WVMDrmPlugin::onTerminate : 7539
W/ResourceType( 1224): Attempt to retrieve bag 0x01030068 which is invalid or in a cycle.
V/AwesomePlayer( 327): track of type 'audio/raw' does not publish bitrate
D/WVMDrmPlugIn( 326): WVMDrmPlugin::onInitialize : 4618
D/WVMDrmPlugIn( 326): WVMDrmPlugin::onSetOnInfoListener : add 4618
D/WVMDrmPlugIn( 326): WVMDrmPlugin::onTerminate : 4618
W/ResourceType( 1224): Attempt to retrieve bag 0x01030067 which is invalid or in a cycle.
V/AwesomePlayer( 327): track of type 'audio/raw' does not publish bitrate
V/AwesomePlayer( 327): mBitrate = -1 bits/sec
V/AwesomePlayer( 327): current audio track index (0) is added to vector
V/AwesomePlayer( 327): setDataSource_l: Audio(1), Video(0)
D/ProgressBar( 1224): setProgressDrawable drawableHeight = 24
I/AwesomePlayer( 327): AwesomePlayer::setDataSource_l():: This is not a DRM content
V/MediaPlayerService( 327): prepare
V/AwesomePlayer( 327): prepareAsync
V/MediaPlayerService( 327): wait for prepare
V/AwesomePlayer( 327): onPrepareAsyncEvent
I/SecMediaClock( 327): SecMediaClock constructor
I/SecMediaClock( 327): reset
V/AwesomePlayer( 327): initAudioDecoder
V/AwesomePlayer( 327): mBitrate = -1 bits/sec
V/AwesomePlayer( 327): current audio track index (0) is added to vector
V/AwesomePlayer( 327): setDataSource_l: Audio(1), Video(0)
