W/VrApi (10266): CPU0 Clock 1190 MHz, GPU Clock 300000 MHz, Power Level State 0, normal
W/UnityPlugin(10266): FPS: 29 GPU time: 0.0 ms
D/OVR ( 9239): Debug: SensorFusion::handleMessage - RotationRate zero
W/TimeWarp(10266): Frame 31833 Eye 0 latency 0.009
W/TimeWarp(10266): Frame 31835 Eye 0 latency 0.008
W/TimeWarp(10266): Frame 31839 Eye 0 latency 0.008
W/TimeWarp(10266): Frame 31845 Eye 0 latency 0.008
W/TimeWarp(10266): Frame 31846 Eye 1 latency 0.008
W/TimeWarp(10266): Frame 31853 Eye 0 latency 0.008
D/OVR ( 9239): Debug: SensorFusion::handleMessage - RotationRate zero
W/TimeWarp(10266): Frame 31857 Eye 0 latency 0.009
W/TimeWarp(10266): Frame 31858 Eye 1 latency 0.008
W/TimeWarp(10266): Frame 31859 Eye 0 latency 0.010
W/TimeWarp(10266): Frame 31861 Eye 0 latency 0.008
W/TimeWarp(10266): Frame 31863 Eye 0 latency 0.008
W/TimeWarp(10266): Frame 31865 Eye 0 latency 0.008
W/TimeWarp(10266): Frame 31867 Eye 0 latency 0.008
W/TimeWarp(10266): Frame 31871 Eye 0 latency 0.009
W/TimeWarp(10266): Frame 31873 Eye 0 latency 0.008
W/TimeWarp(10266): Frame 31877 Eye 0 latency 0.009
I/OVR (10266): DeviceManagerThread - event 69 (499Hz) (Tid=10318)
W/TimeWarp(10266): Frame 31879 Eye 0 latency 0.008
W/TimeWarp(10266): Frame 31881 Eye 0 latency 0.009
W/TimeWarp(10266): Frame 31883 Eye 0 latency 0.008
W/TimeWarp(10266): Warp GPU time: 0.0 ms
W/TimeWarp(10266): Frame 31885 Eye 0 latency 0.008
W/VrApi (10266): CPU0 Clock 1190 MHz, GPU Clock 300000 MHz, Power Level State 0, normal
W/UnityPlugin(10266): FPS: 30 GPU time: 0.0 ms
W/TimeWarp(10266): Frame 31886 Eye 1 latency 0.008
W/TimeWarp(10266): Frame 31889 Eye 0 latency 0.009
W/TimeWarp(10266): Frame 31893 Eye 0 latency 0.009
W/TimeWarp(10266): Frame 31895 Eye 0 latency 0.009
W/TimeWarp(10266): Frame 31897 Eye 0 latency 0.008
W/TimeWarp(10266): Frame 31899 Eye 0 latency 0.008
W/TimeWarp(10266): Frame 31901 Eye 0 latency 0.008
W/TimeWarp(10266): Frame 31903 Eye 0 latency 0.009
W/TimeWarp(10266): Frame 31905 Eye 0 latency 0.009
W/TimeWarp(10266): Frame 31907 Eye 0 latency 0.009
W/TimeWarp(10266): Frame 31909 Eye 0 latency 0.009
W/TimeWarp(10266): Frame 31911 Eye 0 latency 0.009
W/TimeWarp(10266): Frame 31913 Eye 0 latency 0.008
W/TimeWarp(10266): Frame 31915 Eye 0 latency 0.009
W/TimeWarp(10266): Frame 31917 Eye 0 latency 0.008
W/TimeWarp(10266): Frame 31919 Eye 0 latency 0.009
W/TimeWarp(10266): Frame 31921 Eye 0 latency 0.008
W/TimeWarp(10266): Frame 31923 Eye 0 latency 0.009
W/TimeWarp(10266): Frame 31925 Eye 0 latency 0.008
W/TimeWarp(10266): Frame 31929 Eye 0 latency 0.009
W/TimeWarp(10266): Frame 31935 Eye 0 latency 0.008
I/OVR (10266): DeviceManagerThread - event 69 (499Hz) (Tid=10318)
W/TimeWarp(10266): Frame 31939 Eye 0 latency 0.009
W/TimeWarp(10266): Frame 31940 Eye 0 latency 0.009
W/TimeWarp(10266): Frame 31943 Eye 0 latency 0.009
W/TimeWarp(10266): Warp GPU time: 0.0 ms
W/TimeWarp(10266): Frame 31945 Eye 0 latency 0.009
W/VrApi (10266): CPU0 Clock 1190 MHz, GPU Clock 300000 MHz, Power Level State 0, normal
W/UnityPlugin(10266): FPS: 30 GPU time: 0.0 ms
W/TimeWarp(10266): Frame 31949 Eye 0 latency 0.008
W/TimeWarp(10266): Frame 31951 Eye 0 latency 0.008
W/TimeWarp(10266): Frame 31953 Eye 0 latency 0.009
W/TimeWarp(10266): Frame 31955 Eye 0 latency 0.008
W/TimeWarp(10266): Frame 31956 Eye 1 latency 0.008
D/OVR ( 9239): Debug: SensorFusion::handleMessage - RotationRate zero
W/TimeWarp(10266): Frame 31959 Eye 0 latency 0.008
W/TimeWarp(10266): Frame 31961 Eye 0 latency 0.008
D/OVR ( 9239): Debug: SensorFusion::handleMessage - RotationRate zero
W/TimeWarp(10266): Frame 31969 Eye 0 latency 0.008
W/TimeWarp(10266): Frame 31971 Eye 0 latency 0.009
W/TimeWarp(10266): Frame 31977 Eye 0 latency 0.009
W/TimeWarp(10266): Frame 31979 Eye 0 latency 0.009
W/TimeWarp(10266): Frame 31981 Eye 0 latency 0.009
W/TimeWarp(10266): Frame 31983 Eye 0 latency 0.009
W/TimeWarp(10266): Frame 31985 Eye 0 latency 0.009
W/TimeWarp(10266): Frame 31987 Eye 0 latency 0.009
W/TimeWarp(10266): Frame 31995 Eye 0 latency 0.008
I/OVR (10266): DeviceManagerThread - event 69 (498Hz) (Tid=10318)
W/TimeWarp(10266): Frame 31997 Eye 0 latency 0.008
W/TimeWarp(10266): Frame 32001 Eye 0 latency 0.008
W/TimeWarp(10266): Frame 32003 Eye 0 latency 0.009
W/VrApi (10266): CPU0 Clock 1190 MHz, GPU Clock 300000 MHz, Power Level State 0, normal
W/UnityPlugin(10266): FPS: 29 GPU time: 0.0 ms
W/TimeWarp(10266): Frame 32004 Eye 1 latency 0.009
W/TimeWarp(10266): Warp GPU time: 0.0 ms
W/TimeWarp(10266): Frame 32007 Eye 0 latency 0.008
W/TimeWarp(10266): Frame 32013 Eye 0 latency 0.008
W/TimeWarp(10266): Frame 32014 Eye 1 latency 0.008
W/TimeWarp(10266): Frame 32017 Eye 0 latency 0.009
W/TimeWarp(10266): Frame 32025 Eye 0 latency 0.008
W/TimeWarp(10266): Frame 32029 Eye 0 latency 0.009
W/TimeWarp(10266): Frame 32031 Eye 0 latency 0.008
W/TimeWarp(10266): Frame 32033 Eye 0 latency 0.008
W/TimeWarp(10266): Frame 32037 Eye 0 latency 0.008
W/TimeWarp(10266): Frame 32044 Eye 1 latency 0.008
W/TimeWarp(10266): Frame 32047 Eye 0 latency 0.009
W/TimeWarp(10266): Frame 32053 Eye 0 latency 0.008
W/TimeWarp(10266): Frame 32055 Eye 0 latency 0.008
I/OVR (10266): DeviceManagerThread - event 69 (499Hz) (Tid=10318)
W/TimeWarp(10266): Frame 32057 Eye 0 latency 0.009
W/TimeWarp(10266): Frame 32058 Eye 1 latency 0.009
W/TimeWarp(10266): Frame 32061 Eye 0 latency 0.008
W/TimeWarp(10266): Frame 32063 Eye 0 latency 0.008
W/VrApi (10266): CPU0 Clock 1190 MHz, GPU Clock 300000 MHz, Power Level State 0, normal
W/UnityPlugin(10266): FPS: 30 GPU time: 0.0 ms
W/TimeWarp(10266): Warp GPU time: 0.0 ms
W/TimeWarp(10266): Frame 32073 Eye 0 latency 0.008
W/TimeWarp(10266): Frame 32075 Eye 0 latency 0.009
W/TimeWarp(10266): Frame 32077 Eye 0 latency 0.009
W/TimeWarp(10266): Frame 32081 Eye 0 latency 0.009
W/TimeWarp(10266): Frame 32085 Eye 0 latency 0.009
W/TimeWarp(10266): Frame 32086 Eye 1 latency 0.008
W/TimeWarp(10266): Frame 32087 Eye 0 latency 0.009
W/TimeWarp(10266): Frame 32088 Eye 1 latency 0.008
W/TimeWarp(10266): Frame 32089 Eye 0 latency 0.009
W/TimeWarp(10266): Frame 32090 Eye 1 latency 0.009
W/TimeWarp(10266): Frame 32091 Eye 0 latency 0.009
W/TimeWarp(10266): Frame 32092 Eye 1 latency 0.008
W/TimeWarp(10266): Frame 32093 Eye 0 latency 0.009
W/TimeWarp(10266): Frame 32094 Eye 1 latency 0.008
W/TimeWarp(10266): Frame 32095 Eye 0 latency 0.009
W/TimeWarp(10266): Frame 32096 Eye 1 latency 0.008
W/TimeWarp(10266): Frame 32097 Eye 0 latency 0.008
W/TimeWarp(10266): Frame 32098 Eye 1 latency 0.009
W/TimeWarp(10266): Frame 32099 Eye 0 latency 0.009
W/TimeWarp(10266): Frame 32101 Eye 0 latency 0.010
W/UnityPlugin(10266): OVR_VrModeParms_SetCpuLevel(): L 1
W/UnityPlugin(10266): OVR_VrModeParms_SetGpuLevel(): L 1
W/UnityPlugin(10266): OVR_TW_SetMinimumVsyncs() 2
W/UnityPlugin(10266): OVR_VrModeParms_Reset()
W/UnityPlugin(10266): OVR_VrModeParms_Reset: Soft Reset
W/UnityPlugin(10266): OVR_VrModeParms_Reset: Clock Lock Reset
W/VrApi (10266): SetVrPlatformOptions( -1, -1 )
D/VrLib (10266): Available levels: {GPU MIN, GPU MAX, CPU MIN, CPU MAX}
D/VrLib (10266): -> / 0
D/VrLib (10266): -> / 3
D/VrLib (10266): -> / 0
D/VrLib (10266): -> / 3
D/VrLib (10266): setSystemPerformance cpu: -1 gpu: -1
D/VrLib (10266): Fixed clock level API exists
V/VRSVC (10291): at (VRManagerService.java:460) yTqX() [SIOP : 0]
V/VRSVC (10291): at (VRManagerService.java:461) yTqX() [PLATFORM : apq8084]
V/VRSVC (10291): at (VRManagerService.java:310) wtkw() [Release GPU minLock COMPLETE: com.climaxstudios.BanditSix]
V/VRSVC (10291): at (VRManagerService.java:314) wtkw() [Release GPU maxLock COMPLETE: com.climaxstudios.BanditSix]
V/VRSVC (10291): at (VRManagerService.java:335) yTqX() [Release CPU minLock COMPLETE: com.climaxstudios.BanditSix]
V/VRSVC (10291): at (VRManagerService.java:339) yTqX() [Release CPU maxLock COMPLETE: com.climaxstudios.BanditSix]
V/VRSVC (10291): at (VRManagerService.java:537) yTqX() [SetVrClocks release]
D/VrLib (10266): Releasing frequency lock
D/CustomFrequencyManagerService( 942): releaseDVFSLockLocked : Getting Lock type frm List : DVFS_MIN_LIMIT frequency : 1190400 uid : 1000 pid : 942 tag : VR_CPU_MIN@1
D/CustomFrequencyManagerService( 942): releaseDVFSLockLocked : Getting Lock type frm List : DVFS_MAX_LIMIT frequency : 1190400 uid : 1000 pid : 942 tag : VR_CPU_MAX@2
W/VrApi (10266): CPU Clock = 0 MHz
W/VrApi (10266): GPU Clock = 0 MHz
W/VrApi (10266): SetVrPlatformOptions( 1, 1 )
D/VrLib (10266): Available levels: {GPU MIN, GPU MAX, CPU MIN, CPU MAX}
D/VrLib (10266): -> / 0
D/VrLib (10266): -> / 3
D/VrLib (10266): -> / 0
D/VrLib (10266): -> / 3
W/VrApi (10266): CPU levels [0, 3]
W/VrApi (10266): GPU levels [0, 3]
D/VrLib (10266): setSystemPerformance cpu: 1 gpu: 1
D/VrLib (10266): Fixed clock level API exists
V/VRSVC (10291): at (VRManagerService.java:460) yTqX() [SIOP : 0]
V/VRSVC (10291): at (VRManagerService.java:461) yTqX() [PLATFORM : apq8084]
V/VRSVC (10291): at (VRManagerService.java:239) uWFZ() [getDevelopermode : 1]
V/VRSVC (10291): at (VRManagerService.java:576) wtkw() [Set CPU minLock COMPLETE: com.climaxstudios.BanditSix 1190400]
D/CustomFrequencyManagerService( 942): acquireDVFSLockLocked : type : DVFS_MIN_LIMIT frequency : 1190400 uid : 1000 pid : 942 pkgName : VR_CPU_MIN@1
V/VRSVC (10291): at (VRManagerService.java:588) wtkw() [Set CPU maxLock COMPLETE: com.climaxstudios.BanditSix 1190400]
V/VRSVC (10291): at (VRManagerService.java:239) uWFZ() [getDevelopermode : 1]
E/VRSVC (10291): at (VRManagerService.java:621) QdBd() [Set GPU minLock COMPLETE: com.climaxstudios.BanditSix 300000000]
D/CustomFrequencyManagerService( 942): acquireDVFSLockLocked : type : DVFS_MAX_LIMIT frequency : 1190400 uid : 1000 pid : 942 pkgName : VR_CPU_MAX@2
V/VRSVC (10291): at (VRManagerService.java:632) QdBd() [Set GPU maxLock COMPLETE: com.climaxstudios.BanditSix 300000000]
V/VRSVC (10291): at (VRManagerService.java:551) yTqX() [(1:1:com.climaxstudios.BanditSix) (1190400:300000000:883200:240000000) pkg: com.climaxstudios.BanditSix]
D/VrLib (10266): SetVrClocks: {CPU CLOCK, GPU CLOCK, POWERSAVE CPU CLOCK, POWERSAVE GPU CLOCK}
D/VrLib (10266): -> / 1190400
D/VrLib (10266): -> / 300000000
D/VrLib (10266): -> / 883200
D/VrLib (10266): -> / 240000000
W/VrApi (10266): CPU Clock = 1190 MHz
W/VrApi (10266): GPU Clock = 300 MHz
I/OVR (10266): DeviceManagerThread - event 69 (499Hz) (Tid=10318)
W/TimeWarp(10266): Warp GPU time: 0.0 ms
D/SSRMv3:SsrmController( 942): SIOP:: AP = 460, PST = 462
W/VrApi (10266): CPU0 Clock 1190 MHz, GPU Clock 300000 MHz, Power Level State 0, normal
W/UnityPlugin(10266): FPS: 22 GPU time: 0.0 ms
D/OVR ( 9239): Debug: SensorFusion::handleMessage - RotationRate zero
I/OVR (10266): DeviceManagerThread - event 69 (499Hz) (Tid=10318)
W/TimeWarp(10266): Warp GPU time: 0.0 ms
W/VrApi (10266): CPU0 Clock 1190 MHz, GPU Clock 300000 MHz, Power Level State 0, normal
W/UnityPlugin(10266): FPS: 15 GPU time: 0.0 ms
I/OVR (10266): DeviceManagerThread - event 69 (499Hz) (Tid=10318)
W/TimeWarp(10266): Warp GPU time: 0.0 ms
D/OVR ( 9239): Debug: SensorFusion::handleMessage - RotationRate zero
W/VrApi (10266): CPU0 Clock 1190 MHz, GPU Clock 300000 MHz, Power Level State 0, normal
W/UnityPlugin(10266): FPS: 3 GPU time: 0.0 ms
I/OVR (10266): DeviceManagerThread - event 69 (499Hz) (Tid=10318)
W/TimeWarp(10266): Frame 32296 Eye 0 latency 0.031
W/TimeWarp(10266): Frame 32296 Eye 1 latency 0.013
W/TimeWarp(10266): Changing vsync from 32297.000000 to 32300.000000
W/TimeWarp(10266): Warp GPU time: 0.0 ms
W/TimeWarp(10266): Frame 32304 Eye 0 latency 0.014
D/OVR ( 9239): Debug: SensorFusion::handleMessage - RotationRate zero
W/VrApi (10266): CPU0 Clock 1190 MHz, GPU Clock 300000 MHz, Power Level State 0, normal
W/UnityPlugin(10266): FPS: 7 GPU time: 0.0 ms
I/OVR (10266): DeviceManagerThread - event 69 (498Hz) (Tid=10318)
W/TimeWarp(10266): Warp GPU time: 0.0 ms
W/VrApi (10266): CPU0 Clock 1190 MHz, GPU Clock 300000 MHz, Power Level State 0, normal
W/UnityPlugin(10266): FPS: 18 GPU time: 0.0 ms
W/TimeWarp(10266): Frame 32367 Eye 0 latency 0.011
W/UnityPlugin(10266): OVR_VrModeParms_SetCpuLevel(): L 2
W/UnityPlugin(10266): OVR_VrModeParms_SetGpuLevel(): L 2
W/UnityPlugin(10266): OVR_TW_SetMinimumVsyncs() 1
W/TimeWarp(10266): Frame 32373 Eye 0 latency 0.013
D/OVR ( 9239): Debug: SensorFusion::handleMessage - RotationRate zero
W/TimeWarp(10266): Frame 32383 Eye 0 latency 0.096
W/TimeWarp(10266): Changing vsync from 32384.000000 to 32390.000000
W/TimeWarp(10266): Frame 32390 Eye 1 latency 0.010
W/UnityPlugin(10266): OVR_VrModeParms_Reset()
W/UnityPlugin(10266): OVR_VrModeParms_Reset: Soft Reset
W/UnityPlugin(10266): OVR_VrModeParms_Reset: Clock Lock Reset
W/VrApi (10266): SetVrPlatformOptions( -1, -1 )
D/VrLib (10266): Available levels: {GPU MIN, GPU MAX, CPU MIN, CPU MAX}
D/VrLib (10266): -> / 0
D/VrLib (10266): -> / 3
D/VrLib (10266): -> / 0
D/VrLib (10266): -> / 3
D/VrLib (10266): setSystemPerformance cpu: -1 gpu: -1
D/VrLib (10266): Fixed clock level API exists
V/VRSVC (10291): at (VRManagerService.java:460) yTqX() [SIOP : 0]
V/VRSVC (10291): at (VRManagerService.java:461) yTqX() [PLATFORM : apq8084]
V/VRSVC (10291): at (VRManagerService.java:310) wtkw() [Release GPU minLock COMPLETE: com.climaxstudios.BanditSix]
V/VRSVC (10291): at (VRManagerService.java:314) wtkw() [Release GPU maxLock COMPLETE: com.climaxstudios.BanditSix]
V/VRSVC (10291): at (VRManagerService.java:335) yTqX() [Release CPU minLock COMPLETE: com.climaxstudios.BanditSix]
V/VRSVC (10291): at (VRManagerService.java:339) yTqX() [Release CPU maxLock COMPLETE: com.climaxstudios.BanditSix]
V/VRSVC (10291): at (VRManagerService.java:537) yTqX() [SetVrClocks release]
D/VrLib (10266): Releasing frequency lock
W/VrApi (10266): CPU Clock = 0 MHz
W/VrApi (10266): GPU Clock = 0 MHz
W/VrApi (10266): SetVrPlatformOptions( 2, 2 )
D/CustomFrequencyManagerService( 942): releaseDVFSLockLocked : Getting Lock type frm List : DVFS_MIN_LIMIT frequency : 1190400 uid : 1000 pid : 942 tag : VR_CPU_MIN@1
D/CustomFrequencyManagerService( 942): releaseDVFSLockLocked : Getting Lock type frm List : DVFS_MAX_LIMIT frequency : 1190400 uid : 1000 pid : 942 tag : VR_CPU_MAX@2
D/VrLib (10266): Available levels: {GPU MIN, GPU MAX, CPU MIN, CPU MAX}
D/VrLib (10266): -> / 0
D/VrLib (10266): -> / 3
D/VrLib (10266): -> / 0
D/VrLib (10266): -> / 3
W/VrApi (10266): CPU levels [0, 3]
W/VrApi (10266): GPU levels [0, 3]
D/VrLib (10266): setSystemPerformance cpu: 2 gpu: 2
D/VrLib (10266): Fixed clock level API exists
V/VRSVC (10291): at (VRManagerService.java:460) yTqX() [SIOP : 0]
V/VRSVC (10291): at (VRManagerService.java:461) yTqX() [PLATFORM : apq8084]
V/VRSVC (10291): at (VRManagerService.java:239) uWFZ() [getDevelopermode : 1]
V/VRSVC (10291): at (VRManagerService.java:576) wtkw() [Set CPU minLock COMPLETE: com.climaxstudios.BanditSix 1497600]
V/VRSVC (10291): at (VRManagerService.java:588) wtkw() [Set CPU maxLock COMPLETE: com.climaxstudios.BanditSix 1497600]
D/CustomFrequencyManagerService( 942): acquireDVFSLockLocked : type : DVFS_MIN_LIMIT frequency : 1497600 uid : 1000 pid : 942 pkgName : VR_CPU_MIN@1
D/CustomFrequencyManagerService( 942): acquireDVFSLockLocked : type : DVFS_MAX_LIMIT frequency : 1497600 uid : 1000 pid : 942 pkgName : VR_CPU_MAX@2
V/VRSVC (10291): at (VRManagerService.java:239) uWFZ() [getDevelopermode : 1]
E/VRSVC (10291): at (VRManagerService.java:621) QdBd() [Set GPU minLock COMPLETE: com.climaxstudios.BanditSix 389000000]
V/VRSVC (10291): at (VRManagerService.java:632) QdBd() [Set GPU maxLock COMPLETE: com.climaxstudios.BanditSix 389000000]
V/VRSVC (10291): at (VRManagerService.java:551) yTqX() [(2:2:com.climaxstudios.BanditSix) (1497600:389000000:883200:240000000) pkg: com.climaxstudios.BanditSix]
D/VrLib (10266): SetVrClocks: {CPU CLOCK, GPU CLOCK, POWERSAVE CPU CLOCK, POWERSAVE GPU CLOCK}
D/VrLib (10266): -> / 1497600
D/VrLib (10266): -> / 389000000
D/VrLib (10266): -> / 883200
D/VrLib (10266): -> / 240000000
W/VrApi (10266): CPU Clock = 1497 MHz
W/VrApi (10266): GPU Clock = 389 MHz
W/TimeWarp(10266): Frame 32403 Eye 1 latency 0.008
I/OVR (10266): DeviceManagerThread - event 69 (499Hz) (Tid=10318)
W/TimeWarp(10266): Warp GPU time: 0.0 ms
W/VrApi (10266): CPU0 Clock 1497 MHz, GPU Clock 389000 MHz, Power Level State 0, normal
W/UnityPlugin(10266): FPS: 20 GPU time: 0.0 ms
D/VrLib (10266): OvrPhoneStateListener.onSignalStrengthsChanged4
W/VrApi (10266): nativeCellularSignalEvent( 4 )
D/STATUSBAR-NetworkController( 1224): onSignalStrengthsChanged signalStrength=SignalStrength: 19 -1 -1 -1 -1 -1 -1 99 2147483647 2147483647 2147483647 -1 2147483647 gsm|lte 0x4 level=4
D/ad ( 942): mCheck2ndHMTtableRunnable!
D/ad ( 942): battery temp will be check in 60000 ms.
D/OVR ( 9239): Debug: SensorFusion::handleMessage - RotationRate zero
I/OVR (10266): DeviceManagerThread - event 69 (498Hz) (Tid=10318)
W/VrApi (10266): CPU0 Clock 1497 MHz, GPU Clock 389000 MHz, Power Level State 0, normal
W/UnityPlugin(10266): FPS: 59 GPU time: 0.0 ms
W/TimeWarp(10266): Warp GPU time: 0.0 ms
D/STATUSBAR-NetworkController( 1224): onSignalStrengthsChanged signalStrength=SignalStrength: 19 -1 -1 -1 -1 -1 -1 99 2147483647 2147483647 2147483647 -1 2147483647 gsm|lte 0x4 level=4
D/VrLib (10266): OvrPhoneStateListener.onSignalStrengthsChanged4
W/VrApi (10266): nativeCellularSignalEvent( 4 )
D/OVR ( 9239): Debug: SensorFusion::handleMessage - RotationRate zero
D/OVR ( 9239): Debug: SensorFusion::handleMessage - RotationRate zero
D/OVR ( 9239): Debug: SensorFusion::handleMessage - RotationRate zero
D/OVR ( 9239): Debug: SensorFusion::handleMessage - RotationRate zero
I/OVR (10266): DeviceManagerThread - event 69 (498Hz) (Tid=10318)
W/VrApi (10266): CPU0 Clock 1497 MHz, GPU Clock 389000 MHz, Power Level State 0, normal
W/UnityPlugin(10266): FPS: 60 GPU time: 0.0 ms
W/TimeWarp(10266): Warp GPU time: 0.0 ms
D/OVR ( 9239): Debug: SensorFusion::handleMessage - RotationRate zero
D/VrLib (10266): OvrPhoneStateListener.onSignalStrengthsChanged4
W/VrApi (10266): nativeCellularSignalEvent( 4 )
D/STATUSBAR-NetworkController( 1224): onSignalStrengthsChanged signalStrength=SignalStrength: 19 -1 -1 -1 -1 -1 -1 99 2147483647 2147483647 2147483647 -1 2147483647 gsm|lte 0x4 level=4
I/OVR (10266): DeviceManagerThread - event 69 (498Hz) (Tid=10318)
W/TimeWarp(10266): Warp GPU time: 0.0 ms
W/VrApi (10266): CPU0 Clock 1497 MHz, GPU Clock 389000 MHz, Power Level State 0, normal
W/UnityPlugin(10266): FPS: 60 GPU time: 0.0 ms
I/OVR (10266): DeviceManagerThread - event 69 (499Hz) (Tid=10318)
W/TimeWarp(10266): Warp GPU time: 0.0 ms
W/VrApi (10266): CPU0 Clock 1497 MHz, GPU Clock 389000 MHz, Power Level State 0, normal
W/UnityPlugin(10266): FPS: 60 GPU time: 0.0 ms
W/TimeWarp(10266): WarpSwap: usleep( 386 )
D/OVR ( 9239): Debug: SensorFusion::handleMessage - RotationRate zero
D/OVR ( 9239): Debug: SensorFusion::handleMessage - RotationRate zero
I/OVR (10266): DeviceManagerThread - event 69 (499Hz) (Tid=10318)
W/TimeWarp(10266): Warp GPU time: 0.0 ms
W/VrApi (10266): CPU0 Clock 1497 MHz, GPU Clock 389000 MHz, Power Level State 0, normal
W/UnityPlugin(10266): FPS: 58 GPU time: 0.0 ms
D/SSRMv3:SsrmController( 942): SIOP:: AP = 470, PST = 462
D/OVR ( 9239): Debug: SensorFusion::handleMessage - RotationRate zero
W/TimeWarp(10266): Frame 32754 Eye 0 latency 0.010
I/OVR (10266): DeviceManagerThread - event 69 (499Hz) (Tid=10318)
D/OVR ( 9239): Debug: SensorFusion::handleMessage - RotationRate zero
W/VrApi (10266): CPU0 Clock 1497 MHz, GPU Clock 389000 MHz, Power Level State 0, normal
W/UnityPlugin(10266): FPS: 59 GPU time: 0.0 ms
W/TimeWarp(10266): Warp GPU time: 0.0 ms
D/OVR ( 9239): Debug: SensorFusion::handleMessage - RotationRate zero
I/OVR (10266): DeviceManagerThread - event 69 (499Hz) (Tid=10318)
W/TimeWarp(10266): Warp GPU time: 0.0 ms
W/VrApi (10266): CPU0 Clock 1497 MHz, GPU Clock 389000 MHz, Power Level State 0, normal
W/UnityPlugin(10266): FPS: 60 GPU time: 0.0 ms
D/BatteryService( 942): level:87, scale:100, status:3, health:2, present:true, voltage: 4064, temperature: 340, technology: Li-ion, AC powered:false, USB powered:false, Wireless powered:false, icon:17303771, invalid charger:0, online:13, current avg:-1018, charge type:0, power sharing:false, high voltage charger:false, capacity:322000
D/BatteryService( 942): Sending ACTION_BATTERY_CHANGED.
D/UiModeManager( 942): mCoverManager.getCoverState() : true
D/KeyguardUpdateMonitor( 1203): received broadcast android.intent.action.BATTERY_CHANGED
D/KeyguardUpdateMonitor( 1203): handleBatteryUpdate
D/STATUSBAR-PhoneStatusBar( 1224): mBrightnessEnablebySettings = true mBrightnessEnablebyBattery = true mBrightnessEnablebyDisableFlag = true mPmsBrightnessEnablebySettings = true
D/BatteryMeterView( 1224): ACTION_BATTERY_CHANGED : level:87 status:3 health:2
V/HeadsetService( 2464): HeadsetService - Received Intent.ACTION_BATTERY_CHANGED
D/HeadsetStateMachine( 2464): Disconnected process message: 10
D/VRSVC ( 9239): at (HmtService.java:528) onReceive() [intent action=android.intent.action.BATTERY_CHANGED]
V/VRSVC ( 9239): at (HmtService.java:639) wtkw() [handleIntentBattery batteryLevel=87]
D/VrLib (10266): OnReceive BATTERY_ACTION_CHANGED
W/VrApi (10266): nativeBatteryEvent(3, 87, 340)
E/Watchdog( 942): !@Sync 229
D/OVR ( 9239): Debug: SensorFusion::handleMessage - RotationRate zero
D/VrLib (10266): OvrPhoneStateListener.onSignalStrengthsChanged4
W/VrApi (10266): nativeCellularSignalEvent( 4 )
D/STATUSBAR-NetworkController( 1224): onSignalStrengthsChanged signalStrength=SignalStrength: 19 -1 -1 -1 -1 -1 -1 99 2147483647 2147483647 2147483647 -1 2147483647 gsm|lte 0x4 level=4
I/OVR (10266): DeviceManagerThread - event 69 (499Hz) (Tid=10318)
W/TimeWarp(10266): Warp GPU time: 0.0 ms
W/VrApi (10266): CPU0 Clock 1497 MHz, GPU Clock 389000 MHz, Power Level State 0, normal
W/UnityPlugin(10266): FPS: 60 GPU time: 0.0 ms
D/OVR ( 9239): Debug: SensorFusion::handleMessage - RotationRate zero
I/OVR (10266): DeviceManagerThread - event 69 (498Hz) (Tid=10318)
W/TimeWarp(10266): Warp GPU time: 0.0 ms
W/VrApi (10266): CPU0 Clock 1497 MHz, GPU Clock 389000 MHz, Power Level State 0, normal
W/UnityPlugin(10266): FPS: 60 GPU time: 0.0 ms
W/TimeWarp(10266): Frame 32967 Eye 0 latency 0.008
D/OVR ( 9239): Debug: SensorFusion::handleMessage - RotationRate zero
D/OVR ( 9239): Debug: SensorFusion::handleMessage - RotationRate zero
W/TimeWarp(10266): Frame 32995 Eye 0 latency 0.008
I/OVR (10266): DeviceManagerThread - event 69 (498Hz) (Tid=10318)
W/VrApi (10266): CPU0 Clock 1497 MHz, GPU Clock 389000 MHz, Power Level State 0, normal
W/UnityPlugin(10266): FPS: 59 GPU time: 0.0 ms
W/TimeWarp(10266): Warp GPU time: 0.0 ms
W/TimeWarp(10266): Frame 33023 Eye 0 latency 0.008
D/OVR ( 9239): Debug: SensorFusion::handleMessage - RotationRate zero
W/TimeWarp(10266): Frame 33026 Eye 0 latency 0.009
W/TimeWarp(10266): Frame 33031 Eye 0 latency 0.008
W/UnityPlugin(10266): OVR_VrModeParms_SetCpuLevel(): L 1
W/UnityPlugin(10266): OVR_VrModeParms_SetGpuLevel(): L 1
W/UnityPlugin(10266): OVR_TW_SetMinimumVsyncs() 2
W/UnityPlugin(10266): OVR_VrModeParms_Reset()
W/UnityPlugin(10266): OVR_VrModeParms_Reset: Soft Reset
W/UnityPlugin(10266): OVR_VrModeParms_Reset: Clock Lock Reset
W/VrApi (10266): SetVrPlatformOptions( -1, -1 )
D/VrLib (10266): Available levels: {GPU MIN, GPU MAX, CPU MIN, CPU MAX}
D/VrLib (10266): -> / 0
D/VrLib (10266): -> / 3
D/VrLib (10266): -> / 0
D/VrLib (10266): -> / 3
D/VrLib (10266): setSystemPerformance cpu: -1 gpu: -1
D/VrLib (10266): Fixed clock level API exists
V/VRSVC (10291): at (VRManagerService.java:460) yTqX() [SIOP : 0]
V/VRSVC (10291): at (VRManagerService.java:461) yTqX() [PLATFORM : apq8084]
V/VRSVC (10291): at (VRManagerService.java:310) wtkw() [Release GPU minLock COMPLETE: com.climaxstudios.BanditSix]
V/VRSVC (10291): at (VRManagerService.java:314) wtkw() [Release GPU maxLock COMPLETE: com.climaxstudios.BanditSix]
V/VRSVC (10291): at (VRManagerService.java:335) yTqX() [Release CPU minLock COMPLETE: com.climaxstudios.BanditSix]
V/VRSVC (10291): at (VRManagerService.java:339) yTqX() [Release CPU maxLock COMPLETE: com.climaxstudios.BanditSix]
D/CustomFrequencyManagerService( 942): releaseDVFSLockLocked : Getting Lock type frm List : DVFS_MIN_LIMIT frequency : 1497600 uid : 1000 pid : 942 tag : VR_CPU_MIN@1
D/CustomFrequencyManagerService( 942): releaseDVFSLockLocked : Getting Lock type frm List : DVFS_MAX_LIMIT frequency : 1497600 uid : 1000 pid : 942 tag : VR_CPU_MAX@2
V/VRSVC (10291): at (VRManagerService.java:537) yTqX() [SetVrClocks release]
D/VrLib (10266): Releasing frequency lock
W/VrApi (10266): CPU Clock = 0 MHz
W/VrApi (10266): GPU Clock = 0 MHz
W/VrApi (10266): SetVrPlatformOptions( 1, 1 )
D/VrLib (10266): Available levels: {GPU MIN, GPU MAX, CPU MIN, CPU MAX}
D/VrLib (10266): -> / 0
D/VrLib (10266): -> / 3
D/VrLib (10266): -> / 0
D/VrLib (10266): -> / 3
W/VrApi (10266): CPU levels [0, 3]
W/VrApi (10266): GPU levels [0, 3]
D/VrLib (10266): setSystemPerformance cpu: 1 gpu: 1
D/VrLib (10266): Fixed clock level API exists
V/VRSVC (10291): at (VRManagerService.java:460) yTqX() [SIOP : 0]
V/VRSVC (10291): at (VRManagerService.java:461) yTqX() [PLATFORM : apq8084]
V/VRSVC (10291): at (VRManagerService.java:239) uWFZ() [getDevelopermode : 1]
V/VRSVC (10291): at (VRManagerService.java:576) wtkw() [Set CPU minLock COMPLETE: com.climaxstudios.BanditSix 1190400]
D/CustomFrequencyManagerService( 942): acquireDVFSLockLocked : type : DVFS_MIN_LIMIT frequency : 1190400 uid : 1000 pid : 942 pkgName : VR_CPU_MIN@1
D/CustomFrequencyManagerService( 942): acquireDVFSLockLocked : type : DVFS_MAX_LIMIT frequency : 1190400 uid : 1000 pid : 942 pkgName : VR_CPU_MAX@2
V/VRSVC (10291): at (VRManagerService.java:588) wtkw() [Set CPU maxLock COMPLETE: com.climaxstudios.BanditSix 1190400]
V/VRSVC (10291): at (VRManagerService.java:239) uWFZ() [getDevelopermode : 1]
E/VRSVC (10291): at (VRManagerService.java:621) QdBd() [Set GPU minLock COMPLETE: com.climaxstudios.BanditSix 300000000]
V/VRSVC (10291): at (VRManagerService.java:632) QdBd() [Set GPU maxLock COMPLETE: com.climaxstudios.BanditSix 300000000]
V/VRSVC (10291): at (VRManagerService.java:551) yTqX() [(1:1:com.climaxstudios.BanditSix) (1190400:300000000:883200:240000000) pkg: com.climaxstudios.BanditSix]
D/VrLib (10266): SetVrClocks: {CPU CLOCK, GPU CLOCK, POWERSAVE CPU CLOCK, POWERSAVE GPU CLOCK}
D/VrLib (10266): -> / 1190400
D/VrLib (10266): -> / 300000000
D/VrLib (10266): -> / 883200
D/VrLib (10266): -> / 240000000
W/VrApi (10266): CPU Clock = 1190 MHz
W/VrApi (10266): GPU Clock = 300 MHz
D/OVR ( 9239): Debug: SensorFusion::handleMessage - RotationRate zero
I/OVR (10266): DeviceManagerThread - event 69 (499Hz) (Tid=10318)
W/TimeWarp(10266): Warp GPU time: 0.0 ms
W/VrApi (10266): CPU0 Clock 1190 MHz, GPU Clock 300000 MHz, Power Level State 0, normal
W/UnityPlugin(10266): FPS: 15 GPU time: 0.0 ms
D/OVR ( 9239): Debug: SensorFusion::handleMessage - RotationRate zero
W/TimeWarp(10266): Frame 33114 Eye 1 latency 0.010
I/OVR (10266): DeviceManagerThread - event 69 (499Hz) (Tid=10318)
W/TimeWarp(10266): Warp GPU time: 0.0 ms
W/VrApi (10266): CPU0 Clock 1190 MHz, GPU Clock 300000 MHz, Power Level State 0, normal
W/UnityPlugin(10266): FPS: 15 GPU time: 0.0 ms
D/OVR ( 9239): Debug: SensorFusion::handleMessage - RotationRate zero
W/TimeWarp(10266): Frame 33186 Eye 1 latency 0.012
I/OVR (10266): DeviceManagerThread - event 69 (499Hz) (Tid=10318)
W/TimeWarp(10266): Warp GPU time: 0.0 ms
W/TimeWarp(10266): Frame 33223 Eye 1 latency 0.013
W/TimeWarp(10266): TimeWarp Watchdog: removed SCHED_FIFO from tid 10305
D/VrLib (10266): setSchedFifoStatic tid:10305 pto:0
D/VrLib (10266): VRManager set thread priority to 0
W/TimeWarp(10266): TimeWarp Watchdog: removed SCHED_FIFO from tid 10287
D/VrLib (10266): setSchedFifoStatic tid:10287 pto:0
V/VRManagerService( 942): ---- demoteProcessThread 'com.climaxstudios.BanditSix' requestPriority(pid=10266, tid=10305, prio=0 ----
D/VrLib (10266): VRManager set thread priority to 0
V/VRManagerService( 942): ---- demoteProcessThread 'com.climaxstudios.BanditSix' requestPriority(pid=10266, tid=10287, prio=0 ----
W/TimeWarp(10266): TimeWarp Watchdog: restored SCHED_FIFO on tid 10305
D/VrLib (10266): setSchedFifoStatic tid:10305 pto:1
D/VrLib (10266): VRManager set thread priority to 1
W/TimeWarp(10266): TimeWarp Watchdog: restored SCHED_FIFO on tid 10287
D/VrLib (10266): setSchedFifoStatic tid:10287 pto:1
D/VrLib (10266): VRManager set thread priority to 1
V/VRManagerService( 942): ---- elevateProcessThread 'com.climaxstudios.BanditSix' requestPriority(pid=10266, tid=10305, prio=1 ----
V/VRManagerService( 942): ---- elevateProcessThread 'com.climaxstudios.BanditSix' requestPriority(pid=10266, tid=10287, prio=1 ----
W/VrApi (10266): CPU0 Clock 1190 MHz, GPU Clock 300000 MHz, Power Level State 0, normal
W/UnityPlugin(10266): FPS: 2 GPU time: 0.0 ms
D/OVR ( 9239): Debug: SensorFusion::handleMessage - RotationRate zero
I/OVR (10266): DeviceManagerThread - event 69 (499Hz) (Tid=10318)
W/VrApi (10266): CPU0 Clock 1190 MHz, GPU Clock 300000 MHz, Power Level State 0, normal
W/UnityPlugin(10266): FPS: 13 GPU time: 0.0 ms
W/TimeWarp(10266): Warp GPU time: 0.0 ms
D/OVR ( 9239): Debug: SensorFusion::handleMessage - RotationRate zero
V/AlarmManager( 942): waitForAlarm result :8
V/AlarmManager( 942): ClockReceiver onReceive() ACTION_TIME_TICK
D/KeyguardUpdateMonitor( 1203): received broadcast android.intent.action.TIME_TICK
D/KeyguardUpdateMonitor( 1203): handleTimeUpdate
D/accuweather( 3183): [KK AccuPhone]>>> WCS:142 [0:0] action : androidintentactionTIME_TICK
D/accuweather( 3183): [KK AccuPhone]>>> UIM:119 [0:0] getInstance
D/accuweather( 3183): [KK AccuPhone]>>> UIM:286 [0:0] direct update clock
D/accuweather( 3183): [KK AccuPhone]>>> RU:74 [0:0] get ww = 339, wh = 160span x = 4, span y = 2
D/accuweather( 3183): [KK AccuPhone]>>> UIM:1428 [0:0] mc sy = 2
D/accuweather( 3183): [KK AccuPhone]>>> RU:74 [0:0] get ww = 339, wh = 160span x = 4, span y = 2
D/accuweather( 3183): [KK AccuPhone]>>> UIM:189 [0:0] get widget 4x2 view!!! wid = 1
E/accuweather( 3183): [KK AccuPhone]>>> UIM:1466 [0:0] bTM 14 53
D/OVR ( 9239): Debug: SensorFusion::handleMessage - RotationRate zero
I/OVR (10266): DeviceManagerThread - event 69 (499Hz) (Tid=10318)
W/TimeWarp(10266): Warp GPU time: 0.0 ms
W/TimeWarp(10266): TimeWarp Watchdog: removed SCHED_FIFO from tid 10305
D/VrLib (10266): setSchedFifoStatic tid:10305 pto:0
D/VrLib (10266): VRManager set thread priority to 0
W/TimeWarp(10266): TimeWarp Watchdog: removed SCHED_FIFO from tid 10287
D/VrLib (10266): setSchedFifoStatic tid:10287 pto:0
D/VrLib (10266): VRManager set thread priority to 0
V/VRManagerService( 942): ---- demoteProcessThread 'com.climaxstudios.BanditSix' requestPriority(pid=10266, tid=10305, prio=0 ----
V/VRManagerService( 942): ---- demoteProcessThread 'com.climaxstudios.BanditSix' requestPriority(pid=10266, tid=10287, prio=0 ----
D/SSRMv3:SsrmController( 942): SIOP:: AP = 470, PST = 464
D/OVR ( 9239): Debug: SensorFusion::handleMessage - RotationRate zero
D/OVR ( 9239): Debug: SensorFusion::handleMessage - RotationRate zero
I/OVR (10266): DeviceManagerThread - event 69 (499Hz) (Tid=10318)
W/TimeWarp(10266): Warp GPU time: 0.0 ms
D/OVR ( 9239): Debug: SensorFusion::handleMessage - RotationRate zero
I/OVR (10266): DeviceManagerThread - event 69 (499Hz) (Tid=10318)
W/TimeWarp(10266): Warp GPU time: 0.0 ms
D/OVR ( 9239): Debug: SensorFusion::handleMessage - RotationRate zero
D/OVR ( 9239): Debug: SensorFusion::handleMessage - RotationRate zero
W/TimeWarp(10266): Frame 33468 Eye 1 latency 0.018
W/TimeWarp(10266): TimeWarp Watchdog: restored SCHED_FIFO on tid 10305
D/VrLib (10266): setSchedFifoStatic tid:10305 pto:1
D/VrLib (10266): VRManager set thread priority to 1
W/TimeWarp(10266): TimeWarp Watchdog: restored SCHED_FIFO on tid 10287
D/VrLib (10266): setSchedFifoStatic tid:10287 pto:1
V/VRManagerService( 942): ---- elevateProcessThread 'com.climaxstudios.BanditSix' requestPriority(pid=10266, tid=10305, prio=1 ----
D/VrLib (10266): VRManager set thread priority to 1
W/VrApi (10266): CPU0 Clock 1190 MHz, GPU Clock 300000 MHz, Power Level State 0, normal
W/UnityPlugin(10266): FPS: 8 GPU time: 0.0 ms
V/VRManagerService( 942): ---- elevateProcessThread 'com.climaxstudios.BanditSix' requestPriority(pid=10266, tid=10287, prio=1 ----
I/OVR (10266): DeviceManagerThread - event 69 (499Hz) (Tid=10318)
W/TimeWarp(10266): Warp GPU time: 0.0 ms
W/TimeWarp(10266): TimeWarp Watchdog: removed SCHED_FIFO from tid 10305
D/VrLib (10266): setSchedFifoStatic tid:10305 pto:0
D/VrLib (10266): VRManager set thread priority to 0
W/TimeWarp(10266): TimeWarp Watchdog: removed SCHED_FIFO from tid 10287
D/VrLib (10266): setSchedFifoStatic tid:10287 pto:0
V/VRManagerService( 942): ---- demoteProcessThread 'com.climaxstudios.BanditSix' requestPriority(pid=10266, tid=10305, prio=0 ----
D/VrLib (10266): VRManager set thread priority to 0
V/VRManagerService( 942): ---- demoteProcessThread 'com.climaxstudios.BanditSix' requestPriority(pid=10266, tid=10287, prio=0 ----
D/OVR ( 9239): Debug: SensorFusion::handleMessage - RotationRate zero
D/OVR ( 9239): Debug: SensorFusion::handleMessage - RotationRate zero
D/OVR ( 9239): Debug: SensorFusion::handleMessage - RotationRate zero
I/OVR (10266): DeviceManagerThread - event 69 (498Hz) (Tid=10318)
W/TimeWarp(10266): Warp GPU time: 0.0 ms
D/OVR ( 9239): Debug: SensorFusion::handleMessage - RotationRate zero
D/OVR ( 9239): Debug: SensorFusion::handleMessage - RotationRate zero
D/OVR ( 9239): Debug: SensorFusion::handleMessage - RotationRate zero
I/OVR (10266): DeviceManagerThread - event 69 (499Hz) (Tid=10318)
W/TimeWarp(10266): Warp GPU time: 0.0 ms
W/VrApi (10266): CPU0 Clock 1190 MHz, GPU Clock 300000 MHz, Power Level State 0, normal
W/UnityPlugin(10266): FPS: 2 GPU time: 0.0 ms
W/TimeWarp(10266): TimeWarp Watchdog: restored SCHED_FIFO on tid 10305
D/VrLib (10266): setSchedFifoStatic tid:10305 pto:1
D/VrLib (10266): VRManager set thread priority to 1
W/TimeWarp(10266): TimeWarp Watchdog: restored SCHED_FIFO on tid 10287
D/VrLib (10266): setSchedFifoStatic tid:10287 pto:1
V/VRManagerService( 942): ---- elevateProcessThread 'com.climaxstudios.BanditSix' requestPriority(pid=10266, tid=10305, prio=1 ----
D/VrLib (10266): VRManager set thread priority to 1
V/VRManagerService( 942): ---- elevateProcessThread 'com.climaxstudios.BanditSix' requestPriority(pid=10266, tid=10287, prio=1 ----
I/OVR (10266): DeviceManagerThread - event 69 (498Hz) (Tid=10318)
W/TimeWarp(10266): Warp GPU time: 0.0 ms
W/VrApi (10266): CPU0 Clock 1190 MHz, GPU Clock 300000 MHz, Power Level State 0, normal
W/UnityPlugin(10266): FPS: 13 GPU time: 0.0 ms
W/TimeWarp(10266): Frame 33720 Eye 0 latency 0.011
W/TimeWarp(10266): Frame 33721 Eye 0 latency 0.010
W/TimeWarp(10266): Frame 33721 Eye 1 latency 0.009
W/TimeWarp(10266): Frame 33722 Eye 1 latency 0.009
W/TimeWarp(10266): Frame 33723 Eye 1 latency 0.010
W/TimeWarp(10266): Frame 33724 Eye 1 latency 0.010
W/TimeWarp(10266): Frame 33725 Eye 0 latency 0.009
W/TimeWarp(10266): Frame 33727 Eye 0 latency 0.009
W/TimeWarp(10266): Frame 33729 Eye 0 latency 0.009
W/TimeWarp(10266): Frame 33730 Eye 1 latency 0.008
W/TimeWarp(10266): Frame 33731 Eye 0 latency 0.009
W/TimeWarp(10266): Frame 33732 Eye 1 latency 0.008
W/TimeWarp(10266): Frame 33733 Eye 0 latency 0.009
W/TimeWarp(10266): Frame 33734 Eye 1 latency 0.008
I/OVR (10266): DeviceManagerThread - event 69 (498Hz) (Tid=10318)
W/TimeWarp(10266): Frame 33735 Eye 0 latency 0.009
W/TimeWarp(10266): Warp GPU time: 0.0 ms
W/VrApi (10266): CPU0 Clock 1190 MHz, GPU Clock 300000 MHz, Power Level State 0, normal
W/UnityPlugin(10266): FPS: 30 GPU time: 0.0 ms
W/TimeWarp(10266): Frame 33738 Eye 1 latency 0.009
W/TimeWarp(10266): Frame 33741 Eye 0 latency 0.009
W/TimeWarp(10266): Frame 33747 Eye 0 latency 0.008
W/TimeWarp(10266): Frame 33748 Eye 1 latency 0.009
W/TimeWarp(10266): Frame 33751 Eye 0 latency 0.008
W/TimeWarp(10266): Frame 33753 Eye 0 latency 0.008
W/TimeWarp(10266): Frame 33759 Eye 0 latency 0.008
W/TimeWarp(10266): Frame 33761 Eye 0 latency 0.008
W/TimeWarp(10266): Frame 33765 Eye 0 latency 0.009
W/TimeWarp(10266): Frame 33767 Eye 0 latency 0.008
W/TimeWarp(10266): Frame 33769 Eye 0 latency 0.008
W/TimeWarp(10266): Frame 33777 Eye 0 latency 0.008
W/TimeWarp(10266): Frame 33779 Eye 0 latency 0.008
W/TimeWarp(10266): Frame 33785 Eye 0 latency 0.008
W/TimeWarp(10266): Frame 33791 Eye 0 latency 0.009
I/OVR (10266): DeviceManagerThread - event 69 (499Hz) (Tid=10318)
W/TimeWarp(10266): Frame 33795 Eye 0 latency 0.009
W/TimeWarp(10266): Warp GPU time: 0.0 ms
W/VrApi (10266): CPU0 Clock 1190 MHz, GPU Clock 300000 MHz, Power Level State 0, normal
W/UnityPlugin(10266): FPS: 30 GPU time: 0.0 ms
W/TimeWarp(10266): Frame 33801 Eye 0 latency 0.009
W/TimeWarp(10266): Frame 33803 Eye 0 latency 0.009
W/TimeWarp(10266): Frame 33805 Eye 0 latency 0.008
W/TimeWarp(10266): Frame 33807 Eye 0 latency 0.008
W/TimeWarp(10266): Frame 33811 Eye 0 latency 0.008
W/TimeWarp(10266): Frame 33813 Eye 0 latency 0.008
W/TimeWarp(10266): Frame 33817 Eye 0 latency 0.008
W/TimeWarp(10266): Frame 33819 Eye 0 latency 0.009
W/TimeWarp(10266): Frame 33821 Eye 0 latency 0.008
W/TimeWarp(10266): Frame 33827 Eye 0 latency 0.008
W/TimeWarp(10266): Frame 33829 Eye 0 latency 0.008
D/OVR ( 9239): Debug: SensorFusion::handleMessage - RotationRate zero
W/TimeWarp(10266): Frame 33831 Eye 0 latency 0.008
D/OVR ( 9239): Debug: SensorFusion::handleMessage - RotationRate zero
W/TimeWarp(10266): Frame 33833 Eye 0 latency 0.008
W/TimeWarp(10266): Frame 33837 Eye 0 latency 0.008
W/TimeWarp(10266): Frame 33839 Eye 0 latency 0.008
W/TimeWarp(10266): Frame 33841 Eye 0 latency 0.008
W/TimeWarp(10266): Frame 33843 Eye 0 latency 0.009
W/TimeWarp(10266): Frame 33849 Eye 0 latency 0.008
I/OVR (10266): DeviceManagerThread - event 69 (499Hz) (Tid=10318)
D/OVR ( 9239): Debug: SensorFusion::handleMessage - RotationRate zero
W/TimeWarp(10266): Warp GPU time: 0.0 ms
W/VrApi (10266): CPU0 Clock 1190 MHz, GPU Clock 300000 MHz, Power Level State 0, normal
W/UnityPlugin(10266): FPS: 30 GPU time: 0.0 ms
W/TimeWarp(10266): Frame 33858 Eye 1 latency 0.008
W/TimeWarp(10266): Frame 33861 Eye 0 latency 0.008
W/TimeWarp(10266): Frame 33867 Eye 0 latency 0.008
W/TimeWarp(10266): Frame 33869 Eye 0 latency 0.008
W/TimeWarp(10266): Frame 33871 Eye 0 latency 0.008
W/TimeWarp(10266): Frame 33873 Eye 0 latency 0.008
W/TimeWarp(10266): Frame 33875 Eye 0 latency 0.008
D/OVR ( 9239): Debug: SensorFusion::handleMessage - RotationRate zero
W/TimeWarp(10266): Frame 33877 Eye 0 latency 0.009
W/TimeWarp(10266): Frame 33879 Eye 0 latency 0.009
W/TimeWarp(10266): Frame 33881 Eye 0 latency 0.009
W/TimeWarp(10266): Frame 33883 Eye 0 latency 0.008
W/TimeWarp(10266): Frame 33885 Eye 0 latency 0.008
W/TimeWarp(10266): Frame 33888 Eye 1 latency 0.008
W/TimeWarp(10266): Frame 33891 Eye 0 latency 0.009
W/TimeWarp(10266): Frame 33895 Eye 0 latency 0.008
W/TimeWarp(10266): Frame 33897 Eye 0 latency 0.009
W/TimeWarp(10266): Frame 33901 Eye 0 latency 0.008
W/TimeWarp(10266): Frame 33905 Eye 0 latency 0.008
D/OVR ( 9239): Debug: SensorFusion::handleMessage - RotationRate zero
W/TimeWarp(10266): Frame 33913 Eye 0 latency 0.008
I/OVR (10266): DeviceManagerThread - event 69 (498Hz) (Tid=10318)
W/TimeWarp(10266): Frame 33914 Eye 1 latency 0.008
W/TimeWarp(10266): Warp GPU time: 0.0 ms
W/TimeWarp(10266): Frame 33917 Eye 0 latency 0.009
W/VrApi (10266): CPU0 Clock 1190 MHz, GPU Clock 300000 MHz, Power Level State 0, normal
W/UnityPlugin(10266): FPS: 30 GPU time: 0.0 ms
W/TimeWarp(10266): Frame 33923 Eye 0 latency 0.008
D/SSRMv3:SsrmController( 942): SIOP:: AP = 470, PST = 465
W/TimeWarp(10266): Frame 33941 Eye 0 latency 0.008
D/OVR ( 9239): Debug: SensorFusion::handleMessage - RotationRate zero
W/TimeWarp(10266): Frame 33959 Eye 0 latency 0.008
W/TimeWarp(10266): Frame 33967 Eye 0 latency 0.008
W/TimeWarp(10266): Frame 33973 Eye 0 latency 0.008
I/OVR (10266): DeviceManagerThread - event 69 (499Hz) (Tid=10318)
W/VrApi (10266): CPU0 Clock 1190 MHz, GPU Clock 300000 MHz, Power Level State 0, normal
W/UnityPlugin(10266): FPS: 29 GPU time: 0.0 ms
W/TimeWarp(10266): Warp GPU time: 0.0 ms
W/TimeWarp(10266): Frame 33979 Eye 0 latency 0.008
W/TimeWarp(10266): Frame 33981 Eye 0 latency 0.008
W/TimeWarp(10266): Frame 33987 Eye 0 latency 0.008
W/TimeWarp(10266): Frame 33993 Eye 0 latency 0.009
W/TimeWarp(10266): Frame 33995 Eye 0 latency 0.008
W/TimeWarp(10266): Frame 33997 Eye 0 latency 0.008
W/TimeWarp(10266): Frame 33999 Eye 0 latency 0.008
W/TimeWarp(10266): Frame 34005 Eye 0 latency 0.008
W/TimeWarp(10266): Frame 34013 Eye 0 latency 0.008
W/TimeWarp(10266): Frame 34017 Eye 0 latency 0.009
D/OVR ( 9239): Debug: SensorFusion::handleMessage - RotationRate zero
W/TimeWarp(10266): Frame 34023 Eye 0 latency 0.009
W/TimeWarp(10266): Frame 34025 Eye 0 latency 0.008
W/TimeWarp(10266): Frame 34029 Eye 0 latency 0.008
W/TimeWarp(10266): Frame 34031 Eye 0 latency 0.008
W/TimeWarp(10266): Frame 34033 Eye 0 latency 0.009
I/OVR (10266): DeviceManagerThread - event 69 (499Hz) (Tid=10318)
W/TimeWarp(10266): Frame 34035 Eye 0 latency 0.008
W/VrApi (10266): CPU0 Clock 1190 MHz, GPU Clock 300000 MHz, Power Level State 0, normal
W/UnityPlugin(10266): FPS: 30 GPU time: 0.0 ms
W/TimeWarp(10266): Frame 34036 Eye 1 latency 0.010
W/TimeWarp(10266): Warp GPU time: 0.0 ms
W/TimeWarp(10266): Frame 34040 Eye 1 latency 0.008
W/TimeWarp(10266): Frame 34045 Eye 0 latency 0.008
W/TimeWarp(10266): Frame 34053 Eye 0 latency 0.008
W/TimeWarp(10266): Frame 34055 Eye 0 latency 0.008
D/OVR ( 9239): Debug: SensorFusion::handleMessage - RotationRate zero
W/TimeWarp(10266): Frame 34069 Eye 0 latency 0.008
W/TimeWarp(10266): Frame 34079 Eye 0 latency 0.008
W/TimeWarp(10266): Frame 34085 Eye 0 latency 0.008
D/OVR ( 9239): Debug: SensorFusion::handleMessage - RotationRate zero
I/OVR (10266): DeviceManagerThread - event 69 (499Hz) (Tid=10318)
W/TimeWarp(10266): Frame 34095 Eye 0 latency 0.009
W/TimeWarp(10266): Warp GPU time: 0.0 ms
W/VrApi (10266): CPU0 Clock 1190 MHz, GPU Clock 300000 MHz, Power Level State 0, normal
W/UnityPlugin(10266): FPS: 30 GPU time: 0.0 ms
W/TimeWarp(10266): Frame 34096 Eye 1 latency 0.009
W/TimeWarp(10266): Frame 34101 Eye 0 latency 0.008
W/TimeWarp(10266): Frame 34103 Eye 0 latency 0.009
W/TimeWarp(10266): Frame 34105 Eye 0 latency 0.009
W/TimeWarp(10266): Frame 34107 Eye 0 latency 0.008
W/TimeWarp(10266): Frame 34112 Eye 1 latency 0.008
W/TimeWarp(10266): Frame 34115 Eye 0 latency 0.009
W/TimeWarp(10266): Frame 34117 Eye 0 latency 0.008
W/TimeWarp(10266): Frame 34123 Eye 0 latency 0.008
W/TimeWarp(10266): Frame 34125 Eye 0 latency 0.009
W/TimeWarp(10266): Frame 34129 Eye 0 latency 0.009
W/TimeWarp(10266): Frame 34131 Eye 0 latency 0.008
W/TimeWarp(10266): Frame 34133 Eye 0 latency 0.008
W/TimeWarp(10266): Frame 34135 Eye 0 latency 0.008
W/TimeWarp(10266): Frame 34149 Eye 0 latency 0.008
W/TimeWarp(10266): Frame 34151 Eye 0 latency 0.008
I/OVR (10266): DeviceManagerThread - event 69 (498Hz) (Tid=10318)
W/TimeWarp(10266): Frame 34155 Eye 0 latency 0.008
W/TimeWarp(10266): Warp GPU time: 0.0 ms
W/VrApi (10266): CPU0 Clock 1190 MHz, GPU Clock 300000 MHz, Power Level State 0, normal
W/UnityPlugin(10266): FPS: 30 GPU time: 0.0 ms
W/TimeWarp(10266): Frame 34165 Eye 0 latency 0.008
W/TimeWarp(10266): Frame 34166 Eye 1 latency 0.008
W/TimeWarp(10266): Frame 34168 Eye 1 latency 0.009
W/TimeWarp(10266): Frame 34173 Eye 0 latency 0.008
W/TimeWarp(10266): Frame 34181 Eye 0 latency 0.008
W/TimeWarp(10266): Frame 34185 Eye 0 latency 0.008
W/TimeWarp(10266): Frame 34186 Eye 1 latency 0.008
W/TimeWarp(10266): Frame 34189 Eye 0 latency 0.009
W/TimeWarp(10266): Frame 34191 Eye 0 latency 0.009
W/TimeWarp(10266): Frame 34193 Eye 0 latency 0.009
W/TimeWarp(10266): Frame 34195 Eye 0 latency 0.008
W/TimeWarp(10266): Frame 34200 Eye 1 latency 0.008
W/TimeWarp(10266): Frame 34203 Eye 0 latency 0.009
W/TimeWarp(10266): Frame 34205 Eye 0 latency 0.009
W/TimeWarp(10266): Frame 34207 Eye 0 latency 0.008
I/OVR (10266): DeviceManagerThread - event 69 (498Hz) (Tid=10318)
W/TimeWarp(10266): Warp GPU time: 0.0 ms
W/VrApi (10266): CPU0 Clock 1190 MHz, GPU Clock 300000 MHz, Power Level State 0, normal
W/UnityPlugin(10266): FPS: 29 GPU time: 0.0 ms
W/TimeWarp(10266): Frame 34216 Eye 1 latency 0.008
W/TimeWarp(10266): Frame 34219 Eye 0 latency 0.008
W/TimeWarp(10266): Frame 34223 Eye 0 latency 0.008
W/TimeWarp(10266): Frame 34225 Eye 0 latency 0.008
W/TimeWarp(10266): Frame 34227 Eye 0 latency 0.008
W/TimeWarp(10266): Frame 34229 Eye 0 latency 0.009
W/TimeWarp(10266): Frame 34235 Eye 0 latency 0.009
W/TimeWarp(10266): Frame 34237 Eye 0 latency 0.008
W/TimeWarp(10266): Frame 34241 Eye 0 latency 0.008
W/TimeWarp(10266): Frame 34245 Eye 0 latency 0.009
W/TimeWarp(10266): Frame 34247 Eye 0 latency 0.009
W/TimeWarp(10266): Frame 34251 Eye 0 latency 0.008
W/TimeWarp(10266): Frame 34255 Eye 0 latency 0.008
W/TimeWarp(10266): Frame 34256 Eye 1 latency 0.009
W/TimeWarp(10266): Frame 34259 Eye 0 latency 0.009
W/TimeWarp(10266): Frame 34261 Eye 0 latency 0.009
W/TimeWarp(10266): Frame 34263 Eye 0 latency 0.008
W/TimeWarp(10266): Frame 34269 Eye 0 latency 0.008
D/OVR ( 9239): Debug: SensorFusion::handleMessage - RotationRate zero
W/TimeWarp(10266): Frame 34271 Eye 0 latency 0.008
D/OVR ( 9239): Debug: SensorFusion::handleMessage - RotationRate zero
I/OVR (10266): DeviceManagerThread - event 69 (498Hz) (Tid=10318)
W/TimeWarp(10266): Warp GPU time: 0.0 ms
W/TimeWarp(10266): Frame 34275 Eye 0 latency 0.008
W/VrApi (10266): CPU0 Clock 1190 MHz, GPU Clock 300000 MHz, Power Level State 0, normal
W/UnityPlugin(10266): FPS: 30 GPU time: 0.0 ms
W/TimeWarp(10266): Frame 34281 Eye 0 latency 0.008
W/TimeWarp(10266): Frame 34285 Eye 0 latency 0.009
W/TimeWarp(10266): Frame 34287 Eye 0 latency 0.009
W/TimeWarp(10266): Frame 34291 Eye 0 latency 0.008
W/TimeWarp(10266): Frame 34293 Eye 0 latency 0.009
W/TimeWarp(10266): Frame 34297 Eye 0 latency 0.008
W/TimeWarp(10266): Frame 34299 Eye 0 latency 0.009
W/TimeWarp(10266): Frame 34301 Eye 0 latency 0.009
W/TimeWarp(10266): Frame 34303 Eye 0 latency 0.008
W/TimeWarp(10266): Frame 34305 Eye 0 latency 0.009
W/TimeWarp(10266): Frame 34307 Eye 0 latency 0.008
W/TimeWarp(10266): Frame 34309 Eye 0 latency 0.008
W/TimeWarp(10266): Frame 34311 Eye 0 latency 0.008
W/TimeWarp(10266): Frame 34315 Eye 0 latency 0.008
W/TimeWarp(10266): Frame 34317 Eye 0 latency 0.009
D/OVR ( 9239): Debug: SensorFusion::handleMessage - RotationRate zero
W/TimeWarp(10266): Frame 34319 Eye 0 latency 0.008
W/TimeWarp(10266): Frame 34325 Eye 0 latency 0.008
W/TimeWarp(10266): Frame 34329 Eye 0 latency 0.008
D/OVR ( 9239): Debug: SensorFusion::handleMessage - RotationRate zero
W/TimeWarp(10266): Frame 34333 Eye 0 latency 0.008
I/OVR (10266): DeviceManagerThread - event 69 (499Hz) (Tid=10318)
W/TimeWarp(10266): Warp GPU time: 0.0 ms
W/VrApi (10266): CPU0 Clock 1190 MHz, GPU Clock 300000 MHz, Power Level State 0, normal
W/UnityPlugin(10266): FPS: 30 GPU time: 0.0 ms
W/TimeWarp(10266): Frame 34336 Eye 1 latency 0.008
W/TimeWarp(10266): Frame 34341 Eye 0 latency 0.009
W/TimeWarp(10266): Frame 34343 Eye 0 latency 0.009
W/TimeWarp(10266): Frame 34345 Eye 0 latency 0.008
W/TimeWarp(10266): Frame 34347 Eye 0 latency 0.008
W/TimeWarp(10266): Frame 34349 Eye 0 latency 0.009
W/TimeWarp(10266): Frame 34353 Eye 0 latency 0.008
W/TimeWarp(10266): Frame 34361 Eye 0 latency 0.008
W/TimeWarp(10266): Frame 34363 Eye 0 latency 0.009
W/TimeWarp(10266): Frame 34369 Eye 0 latency 0.009
W/TimeWarp(10266): Frame 34375 Eye 0 latency 0.009
D/OVR ( 9239): Debug: SensorFusion::handleMessage - RotationRate zero
D/OVR ( 9239): Debug: SensorFusion::handleMessage - RotationRate zero
W/TimeWarp(10266): Frame 34393 Eye 0 latency 0.009
I/OVR (10266): DeviceManagerThread - event 69 (498Hz) (Tid=10318)
W/TimeWarp(10266): Warp GPU time: 0.0 ms
W/VrApi (10266): CPU0 Clock 1190 MHz, GPU Clock 300000 MHz, Power Level State 0, normal
W/UnityPlugin(10266): FPS: 30 GPU time: 0.0 ms
W/TimeWarp(10266): Frame 34396 Eye 1 latency 0.008
W/TimeWarp(10266): Frame 34399 Eye 0 latency 0.008
W/TimeWarp(10266): Frame 34401 Eye 0 latency 0.009
W/TimeWarp(10266): Frame 34403 Eye 0 latency 0.009
W/TimeWarp(10266): Frame 34411 Eye 0 latency 0.008
W/TimeWarp(10266): Frame 34415 Eye 0 latency 0.008
W/TimeWarp(10266): Frame 34419 Eye 0 latency 0.008
W/TimeWarp(10266): Frame 34420 Eye 1 latency 0.008
W/TimeWarp(10266): Frame 34423 Eye 0 latency 0.009
W/TimeWarp(10266): Frame 34425 Eye 0 latency 0.008
W/TimeWarp(10266): Frame 34427 Eye 0 latency 0.008
W/TimeWarp(10266): Frame 34431 Eye 0 latency 0.009
W/TimeWarp(10266): Frame 34433 Eye 0 latency 0.008
W/TimeWarp(10266): Frame 34435 Eye 0 latency 0.008
W/TimeWarp(10266): Frame 34441 Eye 0 latency 0.008
W/TimeWarp(10266): Frame 34443 Eye 0 latency 0.008
W/TimeWarp(10266): Frame 34445 Eye 0 latency 0.008
W/TimeWarp(10266): Frame 34447 Eye 0 latency 0.008
W/TimeWarp(10266): Frame 34449 Eye 0 latency 0.008
W/TimeWarp(10266): Frame 34451 Eye 0 latency 0.008
W/TimeWarp(10266): Frame 34453 Eye 0 latency 0.008
D/OVR ( 9239): Debug: SensorFusion::handleMessage - RotationRate zero
I/OVR (10266): DeviceManagerThread - event 69 (498Hz) (Tid=10318)
W/TimeWarp(10266): Warp GPU time: 0.0 ms
W/TimeWarp(10266): Frame 34455 Eye 0 latency 0.008
W/VrApi (10266): CPU0 Clock 1190 MHz, GPU Clock 300000 MHz, Power Level State 0, normal
W/UnityPlugin(10266): FPS: 30 GPU time: 0.0 ms
W/TimeWarp(10266): Frame 34461 Eye 0 latency 0.008
W/TimeWarp(10266): Frame 34464 Eye 1 latency 0.009
W/TimeWarp(10266): Frame 34465 Eye 0 latency 0.008
W/TimeWarp(10266): Frame 34466 Eye 1 latency 0.009
W/TimeWarp(10266): Frame 34467 Eye 0 latency 0.009
W/TimeWarp(10266): Frame 34468 Eye 1 latency 0.008
W/TimeWarp(10266): Frame 34469 Eye 0 latency 0.009
W/TimeWarp(10266): Frame 34470 Eye 1 latency 0.009
W/TimeWarp(10266): Frame 34471 Eye 0 latency 0.009
W/TimeWarp(10266): Frame 34472 Eye 1 latency 0.009
W/TimeWarp(10266): Frame 34473 Eye 0 latency 0.009
