D/SSRMv3:SsrmController( 942): SIOP:: AP = 480, PST = 470
W/TimeWarp(10266): Frame 39952 Eye 0 latency 0.011
W/TimeWarp(10266): Changing vsync from 39953.000000 to 39956.000000
W/TimeWarp(10266): Warp GPU time: 0.0 ms
W/VrApi (10266): CPU0 Clock 1190 MHz, GPU Clock 300000 MHz, Power Level State 0, normal
W/UnityPlugin(10266): FPS: 13 GPU time: 0.0 ms
D/OVR ( 9239): Debug: SensorFusion::handleMessage - RotationRate zero
I/OVR (10266): DeviceManagerThread - event 69 (498Hz) (Tid=10318)
W/TimeWarp(10266): Frame 39988 Eye 1 latency 0.011
W/TimeWarp(10266): Frame 39991 Eye 1 latency 0.010
W/TimeWarp(10266): Frame 39994 Eye 1 latency 0.011
D/OVR ( 9239): Debug: SensorFusion::handleMessage - RotationRate zero
W/TimeWarp(10266): Frame 39997 Eye 1 latency 0.010
W/TimeWarp(10266): Frame 40000 Eye 1 latency 0.012
W/TimeWarp(10266): Frame 40003 Eye 1 latency 0.009
W/TimeWarp(10266): Frame 40004 Eye 1 latency 0.012
W/TimeWarp(10266): Frame 40009 Eye 1 latency 0.010
W/TimeWarp(10266): Frame 40012 Eye 1 latency 0.009
W/TimeWarp(10266): Warp GPU time: 0.0 ms
W/VrApi (10266): CPU0 Clock 1190 MHz, GPU Clock 300000 MHz, Power Level State 0, normal
W/UnityPlugin(10266): FPS: 14 GPU time: 0.0 ms
W/TimeWarp(10266): Frame 40018 Eye 1 latency 0.008
W/TimeWarp(10266): Frame 40021 Eye 1 latency 0.008
W/TimeWarp(10266): Frame 40024 Eye 1 latency 0.008
I/OVR (10266): DeviceManagerThread - event 69 (499Hz) (Tid=10318)
W/TimeWarp(10266): Frame 40034 Eye 1 latency 0.011
D/OVR ( 9239): Debug: SensorFusion::handleMessage - RotationRate zero
E/Watchdog( 942): !@Sync 233
W/TimeWarp(10266): Frame 40043 Eye 1 latency 0.010
W/TimeWarp(10266): Frame 40046 Eye 1 latency 0.010
W/TimeWarp(10266): Frame 40049 Eye 1 latency 0.010
W/TimeWarp(10266): Frame 40052 Eye 1 latency 0.009
W/TimeWarp(10266): Frame 40061 Eye 1 latency 0.008
W/TimeWarp(10266): Frame 40064 Eye 1 latency 0.008
W/TimeWarp(10266): Frame 40067 Eye 1 latency 0.008
W/TimeWarp(10266): Warp GPU time: 0.0 ms
W/TimeWarp(10266): Frame 40080 Eye 1 latency 0.010
D/OVR ( 9239): Debug: SensorFusion::handleMessage - RotationRate zero
W/TimeWarp(10266): Frame 40086 Eye 1 latency 0.010
I/OVR (10266): DeviceManagerThread - event 69 (499Hz) (Tid=10318)
W/TimeWarp(10266): Frame 40089 Eye 1 latency 0.094
W/TimeWarp(10266): Changing vsync from 40090.000000 to 40096.000000
W/VrApi (10266): CPU0 Clock 1190 MHz, GPU Clock 300000 MHz, Power Level State 0, normal
W/UnityPlugin(10266): FPS: 2 GPU time: 0.0 ms
W/TimeWarp(10266): WarpSwap: usleep( 230 )
D/BatteryService( 942): level:86, scale:100, status:3, health:2, present:true, voltage: 4080, temperature: 347, technology: Li-ion, AC powered:false, USB powered:false, Wireless powered:false, icon:17303771, invalid charger:0, online:13, current avg:-961, charge type:0, power sharing:false, high voltage charger:false, capacity:322000
D/BatteryService( 942): Sending ACTION_BATTERY_CHANGED.
D/KeyguardUpdateMonitor( 1203): received broadcast android.intent.action.BATTERY_CHANGED
D/KeyguardUpdateMonitor( 1203): handleBatteryUpdate
D/UiModeManager( 942): mCoverManager.getCoverState() : true
D/STATUSBAR-PhoneStatusBar( 1224): mBrightnessEnablebySettings = true mBrightnessEnablebyBattery = true mBrightnessEnablebyDisableFlag = true mPmsBrightnessEnablebySettings = true
V/HeadsetService( 2464): HeadsetService - Received Intent.ACTION_BATTERY_CHANGED
D/HeadsetStateMachine( 2464): Disconnected process message: 10
D/VrLib (10266): OnReceive BATTERY_ACTION_CHANGED
W/VrApi (10266): nativeBatteryEvent(3, 86, 347)
D/VRSVC ( 9239): at (HmtService.java:528) onReceive() [intent action=android.intent.action.BATTERY_CHANGED]
V/VRSVC ( 9239): at (HmtService.java:639) wtkw() [handleIntentBattery batteryLevel=86]
D/BatteryMeterView( 1224): ACTION_BATTERY_CHANGED : level:86 status:3 health:2
W/TimeWarp(10266): Warp GPU time: 0.0 ms
W/VrApi (10266): CPU0 Clock 1190 MHz, GPU Clock 300000 MHz, Power Level State 0, normal
W/UnityPlugin(10266): FPS: 18 GPU time: 0.0 ms
W/TimeWarp(10266): Frame 40140 Eye 1 latency 0.010
W/TimeWarp(10266): Frame 40142 Eye 1 latency 0.010
W/TimeWarp(10266): Frame 40143 Eye 1 latency 0.028
I/OVR (10266): DeviceManagerThread - event 69 (499Hz) (Tid=10318)
W/TimeWarp(10266): Frame 40144 Eye 0 latency 0.098
D/OVR ( 9239): Debug: SensorFusion::handleMessage - RotationRate zero
D/OVR ( 9239): Debug: SensorFusion::handleMessage - RotationRate zero
W/TimeWarp(10266): Changing vsync from 40145.000000 to 40176.000000
W/TimeWarp(10266): Warp GPU time: 0.0 ms
W/TimeWarp(10266): TimeWarp Watchdog: removed SCHED_FIFO from tid 10305
D/VrLib (10266): setSchedFifoStatic tid:10305 pto:0
D/VrLib (10266): VRManager set thread priority to 0
W/TimeWarp(10266): TimeWarp Watchdog: removed SCHED_FIFO from tid 10287
D/VrLib (10266): setSchedFifoStatic tid:10287 pto:0
D/VrLib (10266): VRManager set thread priority to 0
V/VRManagerService( 942): ---- demoteProcessThread 'com.climaxstudios.BanditSix' requestPriority(pid=10266, tid=10305, prio=0 ----
V/VRManagerService( 942): ---- demoteProcessThread 'com.climaxstudios.BanditSix' requestPriority(pid=10266, tid=10287, prio=0 ----
I/OVR (10266): DeviceManagerThread - event 69 (499Hz) (Tid=10318)
D/OVR ( 9239): Debug: SensorFusion::handleMessage - RotationRate zero
D/OVR ( 9239): Debug: SensorFusion::handleMessage - RotationRate zero
W/TimeWarp(10266): Warp GPU time: 0.0 ms
I/OVR (10266): DeviceManagerThread - event 69 (499Hz) (Tid=10318)
D/OVR ( 9239): Debug: SensorFusion::handleMessage - RotationRate zero
D/OVR ( 9239): Debug: SensorFusion::handleMessage - RotationRate zero
W/TimeWarp(10266): Warp GPU time: 0.0 ms
I/OVR (10266): DeviceManagerThread - event 69 (498Hz) (Tid=10318)
W/TimeWarp(10266): TimeWarp Watchdog: restored SCHED_FIFO on tid 10305
D/VrLib (10266): setSchedFifoStatic tid:10305 pto:1
D/VrLib (10266): VRManager set thread priority to 1
W/TimeWarp(10266): TimeWarp Watchdog: restored SCHED_FIFO on tid 10287
D/VrLib (10266): setSchedFifoStatic tid:10287 pto:1
D/VrLib (10266): VRManager set thread priority to 1
W/VrApi (10266): CPU0 Clock 1190 MHz, GPU Clock 300000 MHz, Power Level State 0, normal
W/UnityPlugin(10266): FPS: 4 GPU time: 0.0 ms
V/VRManagerService( 942): ---- elevateProcessThread 'com.climaxstudios.BanditSix' requestPriority(pid=10266, tid=10305, prio=1 ----
V/VRManagerService( 942): ---- elevateProcessThread 'com.climaxstudios.BanditSix' requestPriority(pid=10266, tid=10287, prio=1 ----
W/TimeWarp(10266): Frame 40344 Eye 1 latency 0.012
W/TimeWarp(10266): Frame 40346 Eye 1 latency 0.061
W/TimeWarp(10266): Changing vsync from 40347.000000 to 40351.000000
W/TimeWarp(10266): Frame 40365 Eye 1 latency 0.009
W/TimeWarp(10266): Warp GPU time: 0.0 ms
W/TimeWarp(10266): Frame 40375 Eye 0 latency 0.010
I/OVR (10266): DeviceManagerThread - event 69 (499Hz) (Tid=10318)
W/TimeWarp(10266): TimeWarp Watchdog: removed SCHED_FIFO from tid 10305
D/VrLib (10266): setSchedFifoStatic tid:10305 pto:0
D/VrLib (10266): VRManager set thread priority to 0
W/TimeWarp(10266): TimeWarp Watchdog: removed SCHED_FIFO from tid 10287
D/VrLib (10266): setSchedFifoStatic tid:10287 pto:0
D/VrLib (10266): VRManager set thread priority to 0
V/VRManagerService( 942): ---- demoteProcessThread 'com.climaxstudios.BanditSix' requestPriority(pid=10266, tid=10305, prio=0 ----
V/VRManagerService( 942): ---- demoteProcessThread 'com.climaxstudios.BanditSix' requestPriority(pid=10266, tid=10287, prio=0 ----
W/TimeWarp(10266): Warp GPU time: 0.0 ms
I/OVR (10266): DeviceManagerThread - event 69 (498Hz) (Tid=10318)
D/OVR ( 9239): Debug: SensorFusion::handleMessage - RotationRate zero
V/AlarmManager( 942): waitForAlarm result :8
V/AlarmManager( 942): ClockReceiver onReceive() ACTION_TIME_TICK
V/AlarmManager( 942): ___SyncScheduler (v3) ACTIVATED___
V/AlarmManager( 942):
V/AlarmManager( 942): (AppSync) com.google.android.gms : 900(900)
V/AlarmManager( 942): (AppSync) ### 1 added ###
D/KeyguardUpdateMonitor( 1203): received broadcast android.intent.action.TIME_TICK
D/KeyguardUpdateMonitor( 1203): handleTimeUpdate
D/accuweather( 3183): [KK AccuPhone]>>> WCS:142 [0:0] action : androidintentactionTIME_TICK
D/accuweather( 3183): [KK AccuPhone]>>> UIM:119 [0:0] getInstance
D/accuweather( 3183): [KK AccuPhone]>>> UIM:286 [0:0] direct update clock
D/accuweather( 3183): [KK AccuPhone]>>> RU:74 [0:0] get ww = 339, wh = 160span x = 4, span y = 2
D/accuweather( 3183): [KK AccuPhone]>>> UIM:1428 [0:0] mc sy = 2
D/accuweather( 3183): [KK AccuPhone]>>> RU:74 [0:0] get ww = 339, wh = 160span x = 4, span y = 2
D/accuweather( 3183): [KK AccuPhone]>>> UIM:189 [0:0] get widget 4x2 view!!! wid = 1
E/accuweather( 3183): [KK AccuPhone]>>> UIM:1466 [0:0] bTM 14 55
W/TimeWarp(10266): Warp GPU time: 0.0 ms
I/OVR (10266): DeviceManagerThread - event 69 (499Hz) (Tid=10318)
W/TimeWarp(10266): TimeWarp Watchdog: restored SCHED_FIFO on tid 10305
D/VrLib (10266): setSchedFifoStatic tid:10305 pto:1
D/VrLib (10266): VRManager set thread priority to 1
W/TimeWarp(10266): TimeWarp Watchdog: restored SCHED_FIFO on tid 10287
D/VrLib (10266): setSchedFifoStatic tid:10287 pto:1
V/VRManagerService( 942): ---- elevateProcessThread 'com.climaxstudios.BanditSix' requestPriority(pid=10266, tid=10305, prio=1 ----
D/VrLib (10266): VRManager set thread priority to 1
W/VrApi (10266): CPU0 Clock 1190 MHz, GPU Clock 300000 MHz, Power Level State 0, normal
W/UnityPlugin(10266): FPS: 2 GPU time: 0.0 ms
V/VRManagerService( 942): ---- elevateProcessThread 'com.climaxstudios.BanditSix' requestPriority(pid=10266, tid=10287, prio=1 ----
D/OVR ( 9239): Debug: SensorFusion::handleMessage - RotationRate zero
D/SSRMv3:SsrmController( 942): SIOP:: AP = 470, PST = 470
W/TimeWarp(10266): Warp GPU time: 0.0 ms
W/VrApi (10266): CPU0 Clock 1190 MHz, GPU Clock 300000 MHz, Power Level State 0, normal
W/UnityPlugin(10266): FPS: 20 GPU time: 0.0 ms
D/OVR ( 9239): Debug: SensorFusion::handleMessage - RotationRate zero
D/OVR ( 9239): Debug: SensorFusion::handleMessage - RotationRate zero
I/OVR (10266): DeviceManagerThread - event 69 (498Hz) (Tid=10318)
W/TimeWarp(10266): Frame 40577 Eye 1 latency 0.009
W/TimeWarp(10266): Frame 40578 Eye 1 latency 0.009
W/TimeWarp(10266): Frame 40579 Eye 0 latency 0.009
W/TimeWarp(10266): Frame 40580 Eye 1 latency 0.009
W/TimeWarp(10266): Frame 40582 Eye 1 latency 0.008
W/TimeWarp(10266): Frame 40585 Eye 0 latency 0.008
W/TimeWarp(10266): Frame 40587 Eye 0 latency 0.011
W/TimeWarp(10266): Frame 40588 Eye 1 latency 0.009
W/TimeWarp(10266): Frame 40589 Eye 0 latency 0.008
W/TimeWarp(10266): Frame 40591 Eye 0 latency 0.009
W/TimeWarp(10266): Frame 40593 Eye 0 latency 0.008
W/TimeWarp(10266): Frame 40597 Eye 0 latency 0.009
W/TimeWarp(10266): Frame 40599 Eye 0 latency 0.008
W/TimeWarp(10266): Frame 40605 Eye 0 latency 0.008
W/TimeWarp(10266): Frame 40607 Eye 0 latency 0.008
W/TimeWarp(10266): Warp GPU time: 0.0 ms
W/VrApi (10266): CPU0 Clock 1190 MHz, GPU Clock 300000 MHz, Power Level State 0, normal
W/UnityPlugin(10266): FPS: 30 GPU time: 0.0 ms
W/TimeWarp(10266): Frame 40617 Eye 0 latency 0.008
D/OVR ( 9239): Debug: SensorFusion::handleMessage - RotationRate zero
W/TimeWarp(10266): Frame 40625 Eye 0 latency 0.008
I/OVR (10266): DeviceManagerThread - event 69 (499Hz) (Tid=10318)
W/TimeWarp(10266): Frame 40627 Eye 0 latency 0.008
W/TimeWarp(10266): Frame 40637 Eye 0 latency 0.008
W/TimeWarp(10266): Frame 40645 Eye 0 latency 0.008
W/TimeWarp(10266): Frame 40647 Eye 0 latency 0.009
W/TimeWarp(10266): Frame 40653 Eye 0 latency 0.008
W/TimeWarp(10266): Frame 40659 Eye 0 latency 0.009
D/OVR ( 9239): Debug: SensorFusion::handleMessage - RotationRate zero
W/TimeWarp(10266): Warp GPU time: 0.0 ms
W/VrApi (10266): CPU0 Clock 1190 MHz, GPU Clock 300000 MHz, Power Level State 0, normal
W/UnityPlugin(10266): FPS: 30 GPU time: 0.0 ms
D/OVR ( 9239): Debug: SensorFusion::handleMessage - RotationRate zero
W/TimeWarp(10266): Frame 40671 Eye 1 latency 0.008
W/TimeWarp(10266): Frame 40673 Eye 0 latency 0.008
W/TimeWarp(10266): Frame 40675 Eye 0 latency 0.008
D/OVR ( 9239): Debug: SensorFusion::handleMessage - RotationRate zero
W/TimeWarp(10266): Frame 40679 Eye 0 latency 0.008
W/TimeWarp(10266): Frame 40681 Eye 0 latency 0.008
I/OVR (10266): DeviceManagerThread - event 69 (499Hz) (Tid=10318)
W/TimeWarp(10266): Frame 40688 Eye 0 latency 0.008
W/TimeWarp(10266): Frame 40695 Eye 0 latency 0.008
W/TimeWarp(10266): Frame 40699 Eye 0 latency 0.008
W/TimeWarp(10266): Frame 40703 Eye 0 latency 0.008
W/TimeWarp(10266): Frame 40706 Eye 0 latency 0.008
W/TimeWarp(10266): Frame 40709 Eye 0 latency 0.009
W/TimeWarp(10266): Frame 40713 Eye 0 latency 0.008
W/TimeWarp(10266): Frame 40719 Eye 0 latency 0.008
W/TimeWarp(10266): Frame 40721 Eye 0 latency 0.008
W/TimeWarp(10266): Frame 40726 Eye 1 latency 0.008
W/TimeWarp(10266): Warp GPU time: 0.0 ms
W/VrApi (10266): CPU0 Clock 1190 MHz, GPU Clock 300000 MHz, Power Level State 0, normal
W/UnityPlugin(10266): FPS: 30 GPU time: 0.0 ms
W/TimeWarp(10266): Frame 40730 Eye 1 latency 0.010
W/TimeWarp(10266): Frame 40733 Eye 0 latency 0.008
W/TimeWarp(10266): Frame 40735 Eye 0 latency 0.008
W/TimeWarp(10266): Frame 40741 Eye 0 latency 0.009
W/TimeWarp(10266): Frame 40745 Eye 0 latency 0.008
I/OVR (10266): DeviceManagerThread - event 69 (499Hz) (Tid=10318)
W/TimeWarp(10266): Frame 40751 Eye 0 latency 0.008
W/TimeWarp(10266): Frame 40783 Eye 0 latency 0.008
W/TimeWarp(10266): Warp GPU time: 0.0 ms
W/VrApi (10266): CPU0 Clock 1190 MHz, GPU Clock 300000 MHz, Power Level State 0, normal
W/UnityPlugin(10266): FPS: 30 GPU time: 0.0 ms
W/TimeWarp(10266): Frame 40791 Eye 1 latency 0.008
W/TimeWarp(10266): Frame 40794 Eye 1 latency 0.008
V/AlarmManager( 942): waitForAlarm result :4
V/AlarmManager( 942): trigger ELAPSED_REALTIME_WAKEUP or RTC_WAKEUP
I/wpa_supplicant( 1184): wlan0: Setting scan request: 0 sec 0 usec
D/WifiService( 942): startScan by pid=1656, uid=10015
I/wpa_supplicant( 1184): Scan requested (ret=0) - scan timeout 30 seconds
W/TimeWarp(10266): Frame 40801 Eye 0 latency 0.009
I/OVR (10266): DeviceManagerThread - event 69 (498Hz) (Tid=10318)
W/TimeWarp(10266): Frame 40808 Eye 0 latency 0.009
W/TimeWarp(10266): Frame 40809 Eye 0 latency 0.008
W/TimeWarp(10266): Frame 40825 Eye 0 latency 0.008
W/TimeWarp(10266): Frame 40826 Eye 0 latency 0.008
D/VrLib (10266): OvrPhoneStateListener.onSignalStrengthsChanged4
W/VrApi (10266): nativeCellularSignalEvent( 4 )
W/TimeWarp(10266): Frame 40833 Eye 0 latency 0.008
D/STATUSBAR-NetworkController( 1224): onSignalStrengthsChanged signalStrength=SignalStrength: 19 -1 -1 -1 -1 -1 -1 99 2147483647 2147483647 2147483647 -1 2147483647 gsm|lte 0x4 level=4
W/TimeWarp(10266): Frame 40840 Eye 1 latency 0.008
W/TimeWarp(10266): Frame 40842 Eye 0 latency 0.009
W/TimeWarp(10266): Frame 40843 Eye 0 latency 0.008
W/TimeWarp(10266): Frame 40847 Eye 0 latency 0.009
W/TimeWarp(10266): Warp GPU time: 0.0 ms
W/VrApi (10266): CPU0 Clock 1190 MHz, GPU Clock 300000 MHz, Power Level State 0, normal
W/UnityPlugin(10266): FPS: 30 GPU time: 0.0 ms
W/TimeWarp(10266): Frame 40857 Eye 0 latency 0.008
W/TimeWarp(10266): Frame 40859 Eye 0 latency 0.008
W/TimeWarp(10266): Frame 40861 Eye 0 latency 0.008
D/OVR ( 9239): Debug: SensorFusion::handleMessage - RotationRate zero
I/OVR (10266): DeviceManagerThread - event 69 (499Hz) (Tid=10318)
W/TimeWarp(10266): Frame 40867 Eye 0 latency 0.008
W/TimeWarp(10266): Frame 40869 Eye 0 latency 0.009
W/TimeWarp(10266): Frame 40871 Eye 0 latency 0.008
W/TimeWarp(10266): Frame 40872 Eye 0 latency 0.008
W/TimeWarp(10266): Frame 40879 Eye 0 latency 0.008
W/TimeWarp(10266): Frame 40881 Eye 0 latency 0.008
W/TimeWarp(10266): Frame 40889 Eye 0 latency 0.009
W/TimeWarp(10266): Frame 40891 Eye 0 latency 0.009
W/TimeWarp(10266): Frame 40892 Eye 1 latency 0.009
W/TimeWarp(10266): Frame 40893 Eye 0 latency 0.012
W/TimeWarp(10266): Frame 40893 Eye 1 latency 0.009
W/TimeWarp(10266): Frame 40899 Eye 0 latency 0.009
W/TimeWarp(10266): Frame 40903 Eye 0 latency 0.008
W/TimeWarp(10266): Frame 40905 Eye 0 latency 0.008
W/VrApi (10266): CPU0 Clock 1190 MHz, GPU Clock 300000 MHz, Power Level State 0, normal
W/UnityPlugin(10266): FPS: 28 GPU time: 0.0 ms
W/TimeWarp(10266): Warp GPU time: 0.0 ms
W/TimeWarp(10266): Frame 40915 Eye 0 latency 0.008
D/OVR ( 9239): Debug: SensorFusion::handleMessage - RotationRate zero
I/OVR (10266): DeviceManagerThread - event 69 (498Hz) (Tid=10318)
W/TimeWarp(10266): Frame 40929 Eye 0 latency 0.009
W/TimeWarp(10266): Frame 40931 Eye 0 latency 0.008
D/OVR ( 9239): Debug: SensorFusion::handleMessage - RotationRate zero
W/TimeWarp(10266): Frame 40937 Eye 0 latency 0.009
W/TimeWarp(10266): Frame 40939 Eye 0 latency 0.009
W/TimeWarp(10266): Frame 40941 Eye 0 latency 0.008
W/TimeWarp(10266): Frame 40943 Eye 0 latency 0.008
W/TimeWarp(10266): Frame 40945 Eye 0 latency 0.008
W/TimeWarp(10266): Frame 40949 Eye 0 latency 0.008
W/TimeWarp(10266): Frame 40951 Eye 0 latency 0.008
W/TimeWarp(10266): Frame 40953 Eye 0 latency 0.009
W/TimeWarp(10266): Frame 40955 Eye 0 latency 0.008
W/TimeWarp(10266): Frame 40961 Eye 0 latency 0.009
W/TimeWarp(10266): Frame 40963 Eye 0 latency 0.008
W/TimeWarp(10266): Frame 40967 Eye 0 latency 0.008
W/VrApi (10266): CPU0 Clock 1190 MHz, GPU Clock 300000 MHz, Power Level State 0, normal
W/UnityPlugin(10266): FPS: 30 GPU time: 0.0 ms
W/TimeWarp(10266): Warp GPU time: 0.0 ms
D/OVR ( 9239): Debug: SensorFusion::handleMessage - RotationRate zero
W/TimeWarp(10266): Frame 40975 Eye 0 latency 0.009
W/TimeWarp(10266): Frame 40977 Eye 0 latency 0.008
W/TimeWarp(10266): Frame 40979 Eye 0 latency 0.008
W/TimeWarp(10266): Frame 40981 Eye 0 latency 0.008
W/TimeWarp(10266): Frame 40985 Eye 0 latency 0.008
I/OVR (10266): DeviceManagerThread - event 69 (499Hz) (Tid=10318)
W/TimeWarp(10266): Frame 40989 Eye 0 latency 0.008
W/TimeWarp(10266): Frame 40991 Eye 0 latency 0.008
W/TimeWarp(10266): Frame 40995 Eye 0 latency 0.008
W/TimeWarp(10266): Frame 40997 Eye 0 latency 0.008
W/TimeWarp(10266): Frame 40999 Eye 0 latency 0.008
W/TimeWarp(10266): Frame 41007 Eye 0 latency 0.009
W/TimeWarp(10266): Frame 41009 Eye 0 latency 0.008
W/TimeWarp(10266): Frame 41013 Eye 0 latency 0.008
W/TimeWarp(10266): Frame 41015 Eye 0 latency 0.008
W/TimeWarp(10266): Frame 41016 Eye 0 latency 0.008
W/TimeWarp(10266): Frame 41016 Eye 1 latency 0.009
W/TimeWarp(10266): Frame 41019 Eye 0 latency 0.008
W/TimeWarp(10266): Frame 41024 Eye 0 latency 0.008
I/wpa_supplicant( 1184): nl80211: Received scan results (8 BSSes)
D/Tethering( 942): interfaceLinkStateChanged wlan0, true
D/Tethering( 942): interfaceStatusChanged wlan0, true
W/TimeWarp(10266): Warp GPU time: 0.0 ms
W/VrApi (10266): CPU0 Clock 1190 MHz, GPU Clock 300000 MHz, Power Level State 0, normal
W/UnityPlugin(10266): FPS: 30 GPU time: 0.0 ms
D/OVR ( 9239): Debug: SensorFusion::handleMessage - RotationRate zero
D/NlpProxy( 942): onLocationChanged: network
D/NlpProxy( 942): LocationNeedsScreening return false
D/dalvikvm( 1656): GC_CONCURRENT freed 1992K, 48% free 9665K/18376K, paused 4ms+3ms, total 74ms
W/TimeWarp(10266): Frame 41037 Eye 0 latency 0.008
W/TimeWarp(10266): Frame 41039 Eye 0 latency 0.009
W/TimeWarp(10266): Frame 41041 Eye 0 latency 0.009
W/TimeWarp(10266): Frame 41043 Eye 0 latency 0.008
I/OVR (10266): DeviceManagerThread - event 69 (499Hz) (Tid=10318)
W/TimeWarp(10266): Frame 41047 Eye 0 latency 0.008
W/TimeWarp(10266): Frame 41049 Eye 0 latency 0.009
W/TimeWarp(10266): Frame 41051 Eye 0 latency 0.009
W/TimeWarp(10266): Frame 41055 Eye 0 latency 0.008
W/TimeWarp(10266): Frame 41061 Eye 0 latency 0.008
W/TimeWarp(10266): Frame 41063 Eye 0 latency 0.008
D/OVR ( 9239): Debug: SensorFusion::handleMessage - RotationRate zero
W/TimeWarp(10266): Frame 41067 Eye 0 latency 0.008
W/TimeWarp(10266): Frame 41069 Eye 0 latency 0.008
W/TimeWarp(10266): Frame 41083 Eye 0 latency 0.009
W/TimeWarp(10266): Frame 41087 Eye 0 latency 0.009
W/TimeWarp(10266): Warp GPU time: 0.0 ms
W/VrApi (10266): CPU0 Clock 1190 MHz, GPU Clock 300000 MHz, Power Level State 0, normal
W/UnityPlugin(10266): FPS: 30 GPU time: 0.0 ms
W/TimeWarp(10266): Frame 41088 Eye 1 latency 0.009
W/TimeWarp(10266): Frame 41091 Eye 0 latency 0.009
W/TimeWarp(10266): Frame 41093 Eye 0 latency 0.008
W/TimeWarp(10266): Frame 41095 Eye 0 latency 0.009
W/TimeWarp(10266): Frame 41097 Eye 0 latency 0.009
W/TimeWarp(10266): Frame 41099 Eye 0 latency 0.008
W/TimeWarp(10266): Frame 41101 Eye 0 latency 0.008
I/OVR (10266): DeviceManagerThread - event 69 (499Hz) (Tid=10318)
W/TimeWarp(10266): Frame 41113 Eye 0 latency 0.008
W/TimeWarp(10266): Frame 41115 Eye 0 latency 0.008
W/TimeWarp(10266): Frame 41119 Eye 0 latency 0.008
W/TimeWarp(10266): Frame 41121 Eye 0 latency 0.008
W/TimeWarp(10266): Frame 41127 Eye 0 latency 0.008
W/TimeWarp(10266): Frame 41128 Eye 1 latency 0.009
W/TimeWarp(10266): Frame 41129 Eye 0 latency 0.008
W/TimeWarp(10266): Frame 41133 Eye 0 latency 0.009
W/TimeWarp(10266): Frame 41135 Eye 0 latency 0.008
D/SSRMv3:SsrmController( 942): SIOP:: AP = 470, PST = 470
W/TimeWarp(10266): Frame 41139 Eye 0 latency 0.008
W/TimeWarp(10266): Frame 41141 Eye 0 latency 0.009
W/TimeWarp(10266): Frame 41145 Eye 0 latency 0.009
W/TimeWarp(10266): Frame 41147 Eye 0 latency 0.009
W/TimeWarp(10266): Warp GPU time: 0.0 ms
W/VrApi (10266): CPU0 Clock 1190 MHz, GPU Clock 300000 MHz, Power Level State 0, normal
W/UnityPlugin(10266): FPS: 30 GPU time: 0.0 ms
W/TimeWarp(10266): Frame 41148 Eye 1 latency 0.009
W/TimeWarp(10266): Frame 41151 Eye 0 latency 0.009
W/TimeWarp(10266): Frame 41153 Eye 0 latency 0.008
W/TimeWarp(10266): Frame 41155 Eye 0 latency 0.008
W/TimeWarp(10266): Frame 41157 Eye 0 latency 0.008
W/TimeWarp(10266): Frame 41159 Eye 0 latency 0.009
W/TimeWarp(10266): Frame 41161 Eye 0 latency 0.009
W/TimeWarp(10266): Frame 41165 Eye 0 latency 0.009
I/OVR (10266): DeviceManagerThread - event 69 (499Hz) (Tid=10318)
W/TimeWarp(10266): Frame 41167 Eye 0 latency 0.009
W/TimeWarp(10266): Frame 41171 Eye 0 latency 0.008
D/OVR ( 9239): Debug: SensorFusion::handleMessage - RotationRate zero
W/TimeWarp(10266): Frame 41179 Eye 0 latency 0.009
W/TimeWarp(10266): Frame 41181 Eye 0 latency 0.009
W/TimeWarp(10266): Frame 41185 Eye 0 latency 0.009
W/TimeWarp(10266): Frame 41189 Eye 0 latency 0.008
W/TimeWarp(10266): Frame 41191 Eye 0 latency 0.008
W/TimeWarp(10266): Frame 41193 Eye 0 latency 0.008
W/TimeWarp(10266): Frame 41194 Eye 1 latency 0.008
W/TimeWarp(10266): Frame 41195 Eye 0 latency 0.009
D/OVR ( 9239): Debug: SensorFusion::handleMessage - RotationRate zero
W/TimeWarp(10266): Frame 41196 Eye 1 latency 0.009
W/TimeWarp(10266): Frame 41197 Eye 0 latency 0.009
W/TimeWarp(10266): Frame 41198 Eye 0 latency 0.010
W/TimeWarp(10266): Frame 41198 Eye 1 latency 0.010
W/TimeWarp(10266): Frame 41199 Eye 0 latency 0.009
W/TimeWarp(10266): Frame 41200 Eye 1 latency 0.009
W/TimeWarp(10266): Frame 41202 Eye 1 latency 0.008
W/TimeWarp(10266): Frame 41203 Eye 0 latency 0.009
W/TimeWarp(10266): Frame 41204 Eye 1 latency 0.009
W/TimeWarp(10266): Frame 41205 Eye 0 latency 0.011
W/TimeWarp(10266): Frame 41206 Eye 1 latency 0.009
W/TimeWarp(10266): Warp GPU time: 0.0 ms
W/TimeWarp(10266): Frame 41207 Eye 0 latency 0.009
W/VrApi (10266): CPU0 Clock 1190 MHz, GPU Clock 300000 MHz, Power Level State 0, normal
W/UnityPlugin(10266): FPS: 30 GPU time: 0.0 ms
W/TimeWarp(10266): Frame 41208 Eye 1 latency 0.009
W/TimeWarp(10266): Frame 41209 Eye 1 latency 0.008
W/UnityPlugin(10266): OVR_VrModeParms_SetCpuLevel(): L 1
W/UnityPlugin(10266): OVR_VrModeParms_SetGpuLevel(): L 1
W/UnityPlugin(10266): OVR_TW_SetMinimumVsyncs() 2
W/TimeWarp(10266): Frame 41212 Eye 1 latency 0.008
W/TimeWarp(10266): Frame 41213 Eye 0 latency 0.009
W/UnityPlugin(10266): OVR_VrModeParms_Reset()
W/UnityPlugin(10266): OVR_VrModeParms_Reset: Soft Reset
W/UnityPlugin(10266): OVR_VrModeParms_Reset: Clock Lock Reset
W/VrApi (10266): SetVrPlatformOptions( -1, -1 )
D/VrLib (10266): Available levels: {GPU MIN, GPU MAX, CPU MIN, CPU MAX}
D/VrLib (10266): -> / 0
D/VrLib (10266): -> / 3
D/VrLib (10266): -> / 0
D/VrLib (10266): -> / 3
D/VrLib (10266): setSystemPerformance cpu: -1 gpu: -1
D/VrLib (10266): Fixed clock level API exists
V/VRSVC (10291): at (VRManagerService.java:460) yTqX() [SIOP : 0]
V/VRSVC (10291): at (VRManagerService.java:461) yTqX() [PLATFORM : apq8084]
V/VRSVC (10291): at (VRManagerService.java:310) wtkw() [Release GPU minLock COMPLETE: com.climaxstudios.BanditSix]
V/VRSVC (10291): at (VRManagerService.java:314) wtkw() [Release GPU maxLock COMPLETE: com.climaxstudios.BanditSix]
V/VRSVC (10291): at (VRManagerService.java:335) yTqX() [Release CPU minLock COMPLETE: com.climaxstudios.BanditSix]
V/VRSVC (10291): at (VRManagerService.java:339) yTqX() [Release CPU maxLock COMPLETE: com.climaxstudios.BanditSix]
V/VRSVC (10291): at (VRManagerService.java:537) yTqX() [SetVrClocks release]
D/VrLib (10266): Releasing frequency lock
W/VrApi (10266): CPU Clock = 0 MHz
W/VrApi (10266): GPU Clock = 0 MHz
W/VrApi (10266): SetVrPlatformOptions( 1, 1 )
D/VrLib (10266): Available levels: {GPU MIN, GPU MAX, CPU MIN, CPU MAX}
D/VrLib (10266): -> / 0
D/VrLib (10266): -> / 3
D/VrLib (10266): -> / 0
D/VrLib (10266): -> / 3
W/VrApi (10266): CPU levels [0, 3]
W/VrApi (10266): GPU levels [0, 3]
D/VrLib (10266): setSystemPerformance cpu: 1 gpu: 1
D/CustomFrequencyManagerService( 942): releaseDVFSLockLocked : Getting Lock type frm List : DVFS_MIN_LIMIT frequency : 1190400 uid : 1000 pid : 942 tag : VR_CPU_MIN@1
D/CustomFrequencyManagerService( 942): releaseDVFSLockLocked : Getting Lock type frm List : DVFS_MAX_LIMIT frequency : 1190400 uid : 1000 pid : 942 tag : VR_CPU_MAX@2
D/VrLib (10266): Fixed clock level API exists
V/VRSVC (10291): at (VRManagerService.java:460) yTqX() [SIOP : 0]
V/VRSVC (10291): at (VRManagerService.java:461) yTqX() [PLATFORM : apq8084]
V/VRSVC (10291): at (VRManagerService.java:239) uWFZ() [getDevelopermode : 1]
V/VRSVC (10291): at (VRManagerService.java:576) wtkw() [Set CPU minLock COMPLETE: com.climaxstudios.BanditSix 1190400]
D/CustomFrequencyManagerService( 942): acquireDVFSLockLocked : type : DVFS_MIN_LIMIT frequency : 1190400 uid : 1000 pid : 942 pkgName : VR_CPU_MIN@1
D/CustomFrequencyManagerService( 942): acquireDVFSLockLocked : type : DVFS_MAX_LIMIT frequency : 1190400 uid : 1000 pid : 942 pkgName : VR_CPU_MAX@2
V/VRSVC (10291): at (VRManagerService.java:588) wtkw() [Set CPU maxLock COMPLETE: com.climaxstudios.BanditSix 1190400]
V/VRSVC (10291): at (VRManagerService.java:239) uWFZ() [getDevelopermode : 1]
E/VRSVC (10291): at (VRManagerService.java:621) QdBd() [Set GPU minLock COMPLETE: com.climaxstudios.BanditSix 300000000]
V/VRSVC (10291): at (VRManagerService.java:632) QdBd() [Set GPU maxLock COMPLETE: com.climaxstudios.BanditSix 300000000]
V/VRSVC (10291): at (VRManagerService.java:551) yTqX() [(1:1:com.climaxstudios.BanditSix) (1190400:300000000:883200:240000000) pkg: com.climaxstudios.BanditSix]
D/VrLib (10266): SetVrClocks: {CPU CLOCK, GPU CLOCK, POWERSAVE CPU CLOCK, POWERSAVE GPU CLOCK}
D/VrLib (10266): -> / 1190400
D/VrLib (10266): -> / 300000000
D/VrLib (10266): -> / 883200
D/VrLib (10266): -> / 240000000
W/VrApi (10266): CPU Clock = 1190 MHz
W/VrApi (10266): GPU Clock = 300 MHz
W/TimeWarp(10266): Frame 41220 Eye 1 latency 0.010
I/OVR (10266): DeviceManagerThread - event 69 (499Hz) (Tid=10318)
W/TimeWarp(10266): Frame 41238 Eye 1 latency 0.009
W/TimeWarp(10266): Warp GPU time: 0.0 ms
W/VrApi (10266): CPU0 Clock 1190 MHz, GPU Clock 300000 MHz, Power Level State 0, normal
W/UnityPlugin(10266): FPS: 14 GPU time: 0.0 ms
W/TimeWarp(10266): Frame 41279 Eye 0 latency 0.012
I/OVR (10266): DeviceManagerThread - event 69 (499Hz) (Tid=10318)
W/TimeWarp(10266): Frame 41291 Eye 0 latency 0.010
W/TimeWarp(10266): Frame 41309 Eye 0 latency 0.008
W/TimeWarp(10266): Frame 41322 Eye 0 latency 0.011
W/TimeWarp(10266): Warp GPU time: 0.0 ms
W/TimeWarp(10266): Frame 41330 Eye 1 latency 0.008
I/OVR (10266): DeviceManagerThread - event 69 (499Hz) (Tid=10318)
W/TimeWarp(10266): Frame 41355 Eye 1 latency 0.010
D/OVR ( 9239): Debug: SensorFusion::handleMessage - RotationRate zero
W/VrApi (10266): CPU0 Clock 1190 MHz, GPU Clock 300000 MHz, Power Level State 0, normal
W/UnityPlugin(10266): FPS: 9 GPU time: 0.0 ms
W/TimeWarp(10266): Frame 41376 Eye 1 latency 0.008
W/TimeWarp(10266): Frame 41384 Eye 1 latency 0.013
W/TimeWarp(10266): Warp GPU time: 0.0 ms
W/VrApi (10266): CPU0 Clock 1190 MHz, GPU Clock 300000 MHz, Power Level State 0, normal
W/UnityPlugin(10266): FPS: 6 GPU time: 0.0 ms
I/OVR (10266): DeviceManagerThread - event 69 (498Hz) (Tid=10318)
W/TimeWarp(10266): Frame 41405 Eye 1 latency 0.086
W/TimeWarp(10266): Changing vsync from 41406.000000 to 41412.000000
W/TimeWarp(10266): Changing vsync from 41413.000000 to 41422.000000
W/TimeWarp(10266): Frame 41426 Eye 0 latency 0.009
W/TimeWarp(10266): Frame 41426 Eye 1 latency 0.009
W/TimeWarp(10266): Frame 41427 Eye 0 latency 0.010
W/TimeWarp(10266): Frame 41429 Eye 1 latency 0.011
W/TimeWarp(10266): Frame 41430 Eye 1 latency 0.009
W/TimeWarp(10266): Warp GPU time: 0.0 ms
W/TimeWarp(10266): TimeWarp Watchdog: removed SCHED_FIFO from tid 10305
D/VrLib (10266): setSchedFifoStatic tid:10305 pto:0
D/VrLib (10266): VRManager set thread priority to 0
W/TimeWarp(10266): TimeWarp Watchdog: removed SCHED_FIFO from tid 10287
D/VrLib (10266): setSchedFifoStatic tid:10287 pto:0
V/VRManagerService( 942): ---- demoteProcessThread 'com.climaxstudios.BanditSix' requestPriority(pid=10266, tid=10305, prio=0 ----
D/VrLib (10266): VRManager set thread priority to 0
V/VRManagerService( 942): ---- demoteProcessThread 'com.climaxstudios.BanditSix' requestPriority(pid=10266, tid=10287, prio=0 ----
W/TimeWarp(10266): TimeWarp Watchdog: restored SCHED_FIFO on tid 10305
D/VrLib (10266): setSchedFifoStatic tid:10305 pto:1
D/VrLib (10266): VRManager set thread priority to 1
W/TimeWarp(10266): TimeWarp Watchdog: restored SCHED_FIFO on tid 10287
D/VrLib (10266): setSchedFifoStatic tid:10287 pto:1
D/VrLib (10266): VRManager set thread priority to 1
V/VRManagerService( 942): ---- elevateProcessThread 'com.climaxstudios.BanditSix' requestPriority(pid=10266, tid=10305, prio=1 ----
V/VRManagerService( 942): ---- elevateProcessThread 'com.climaxstudios.BanditSix' requestPriority(pid=10266, tid=10287, prio=1 ----
W/VrApi (10266): CPU0 Clock 1190 MHz, GPU Clock 300000 MHz, Power Level State 0, normal
W/UnityPlugin(10266): FPS: 1 GPU time: 0.0 ms
D/OVR ( 9239): Debug: SensorFusion::handleMessage - RotationRate zero
I/OVR (10266): DeviceManagerThread - event 69 (498Hz) (Tid=10318)
D/OVR ( 9239): Debug: SensorFusion::handleMessage - RotationRate zero
W/UnityPlugin(10266): OVR_VrModeParms_SetCpuLevel(): L 2
W/UnityPlugin(10266): OVR_VrModeParms_SetGpuLevel(): L 2
W/UnityPlugin(10266): OVR_TW_SetMinimumVsyncs() 1
W/TimeWarp(10266): Frame 41505 Eye 1 latency 0.013
W/TimeWarp(10266): Warp GPU time: 0.0 ms
D/OVR ( 9239): Debug: SensorFusion::handleMessage - RotationRate zero
W/TimeWarp(10266): Frame 41506 Eye 1 latency 0.091
W/TimeWarp(10266): Changing vsync from 41507.000000 to 41513.000000
I/OVR (10266): DeviceManagerThread - event 69 (499Hz) (Tid=10318)
W/UnityPlugin(10266): OVR_VrModeParms_Reset()
W/UnityPlugin(10266): OVR_VrModeParms_Reset: Soft Reset
W/UnityPlugin(10266): OVR_VrModeParms_Reset: Clock Lock Reset
W/VrApi (10266): SetVrPlatformOptions( -1, -1 )
D/VrLib (10266): Available levels: {GPU MIN, GPU MAX, CPU MIN, CPU MAX}
D/VrLib (10266): -> / 0
D/VrLib (10266): -> / 3
D/VrLib (10266): -> / 0
D/VrLib (10266): -> / 3
D/VrLib (10266): setSystemPerformance cpu: -1 gpu: -1
W/TimeWarp(10266): Changing vsync from 41514.000000 to 41530.000000
D/VrLib (10266): Fixed clock level API exists
V/VRSVC (10291): at (VRManagerService.java:460) yTqX() [SIOP : 0]
V/VRSVC (10291): at (VRManagerService.java:461) yTqX() [PLATFORM : apq8084]
V/VRSVC (10291): at (VRManagerService.java:310) wtkw() [Release GPU minLock COMPLETE: com.climaxstudios.BanditSix]
V/VRSVC (10291): at (VRManagerService.java:314) wtkw() [Release GPU maxLock COMPLETE: com.climaxstudios.BanditSix]
V/VRSVC (10291): at (VRManagerService.java:335) yTqX() [Release CPU minLock COMPLETE: com.climaxstudios.BanditSix]
D/CustomFrequencyManagerService( 942): releaseDVFSLockLocked : Getting Lock type frm List : DVFS_MIN_LIMIT frequency : 1190400 uid : 1000 pid : 942 tag : VR_CPU_MIN@1
D/CustomFrequencyManagerService( 942): releaseDVFSLockLocked : Getting Lock type frm List : DVFS_MAX_LIMIT frequency : 1190400 uid : 1000 pid : 942 tag : VR_CPU_MAX@2
V/VRSVC (10291): at (VRManagerService.java:339) yTqX() [Release CPU maxLock COMPLETE: com.climaxstudios.BanditSix]
V/VRSVC (10291): at (VRManagerService.java:537) yTqX() [SetVrClocks release]
D/VrLib (10266): Releasing frequency lock
W/VrApi (10266): CPU Clock = 0 MHz
W/VrApi (10266): GPU Clock = 0 MHz
W/VrApi (10266): SetVrPlatformOptions( 2, 2 )
D/VrLib (10266): Available levels: {GPU MIN, GPU MAX, CPU MIN, CPU MAX}
D/VrLib (10266): -> / 0
D/VrLib (10266): -> / 3
D/VrLib (10266): -> / 0
D/VrLib (10266): -> / 3
W/VrApi (10266): CPU levels [0, 3]
W/VrApi (10266): GPU levels [0, 3]
D/VrLib (10266): setSystemPerformance cpu: 2 gpu: 2
D/VrLib (10266): Fixed clock level API exists
V/VRSVC (10291): at (VRManagerService.java:460) yTqX() [SIOP : 0]
V/VRSVC (10291): at (VRManagerService.java:461) yTqX() [PLATFORM : apq8084]
V/VRSVC (10291): at (VRManagerService.java:239) uWFZ() [getDevelopermode : 1]
D/CustomFrequencyManagerService( 942): acquireDVFSLockLocked : type : DVFS_MIN_LIMIT frequency : 1497600 uid : 1000 pid : 942 pkgName : VR_CPU_MIN@1
V/VRSVC (10291): at (VRManagerService.java:576) wtkw() [Set CPU minLock COMPLETE: com.climaxstudios.BanditSix 1497600]
V/VRSVC (10291): at (VRManagerService.java:588) wtkw() [Set CPU maxLock COMPLETE: com.climaxstudios.BanditSix 1497600]
V/VRSVC (10291): at (VRManagerService.java:239) uWFZ() [getDevelopermode : 1]
E/VRSVC (10291): at (VRManagerService.java:621) QdBd() [Set GPU minLock COMPLETE: com.climaxstudios.BanditSix 389000000]
D/CustomFrequencyManagerService( 942): acquireDVFSLockLocked : type : DVFS_MAX_LIMIT frequency : 1497600 uid : 1000 pid : 942 pkgName : VR_CPU_MAX@2
V/VRSVC (10291): at (VRManagerService.java:632) QdBd() [Set GPU maxLock COMPLETE: com.climaxstudios.BanditSix 389000000]
V/VRSVC (10291): at (VRManagerService.java:551) yTqX() [(2:2:com.climaxstudios.BanditSix) (1497600:389000000:883200:240000000) pkg: com.climaxstudios.BanditSix]
D/VrLib (10266): SetVrClocks: {CPU CLOCK, GPU CLOCK, POWERSAVE CPU CLOCK, POWERSAVE GPU CLOCK}
D/VrLib (10266): -> / 1497600
D/VrLib (10266): -> / 389000000
D/VrLib (10266): -> / 883200
D/VrLib (10266): -> / 240000000
W/VrApi (10266): CPU Clock = 1497 MHz
W/VrApi (10266): GPU Clock = 389 MHz
W/VrApi (10266): CPU0 Clock 1497 MHz, GPU Clock 389000 MHz, Power Level State 0, normal
W/UnityPlugin(10266): FPS: 19 GPU time: 0.0 ms
D/OVR ( 9239): Debug: SensorFusion::handleMessage - RotationRate zero
W/TimeWarp(10266): Warp GPU time: 0.0 ms
W/VrApi (10266): CPU0 Clock 1497 MHz, GPU Clock 389000 MHz, Power Level State 0, normal
W/UnityPlugin(10266): FPS: 33 GPU time: 0.0 ms
I/OVR (10266): DeviceManagerThread - event 69 (499Hz) (Tid=10318)
D/VrLib (10266): OvrPhoneStateListener.onSignalStrengthsChanged4
W/VrApi (10266): nativeCellularSignalEvent( 4 )
D/STATUSBAR-NetworkController( 1224): onSignalStrengthsChanged signalStrength=SignalStrength: 18 -1 -1 -1 -1 -1 -1 99 2147483647 2147483647 2147483647 -1 2147483647 gsm|lte 0x4 level=4
W/VrApi (10266): CPU0 Clock 1497 MHz, GPU Clock 389000 MHz, Power Level State 0, normal
W/UnityPlugin(10266): FPS: 59 GPU time: 0.0 ms
W/TimeWarp(10266): Warp GPU time: 0.0 ms
I/OVR (10266): DeviceManagerThread - event 69 (498Hz) (Tid=10318)
W/TimeWarp(10266): Warp GPU time: 0.0 ms
W/VrApi (10266): CPU0 Clock 1497 MHz, GPU Clock 389000 MHz, Power Level State 0, normal
W/UnityPlugin(10266): FPS: 60 GPU time: 0.0 ms
I/OVR (10266): DeviceManagerThread - event 69 (498Hz) (Tid=10318)
D/OVR ( 9239): Debug: SensorFusion::handleMessage - RotationRate zero
D/SSRMv3:SsrmController( 942): SIOP:: AP = 470, PST = 470
W/TimeWarp(10266): Warp GPU time: 0.0 ms
W/VrApi (10266): CPU0 Clock 1497 MHz, GPU Clock 389000 MHz, Power Level State 0, normal
W/UnityPlugin(10266): FPS: 60 GPU time: 0.0 ms
D/OVR ( 9239): Debug: SensorFusion::handleMessage - RotationRate zero
I/OVR (10266): DeviceManagerThread - event 69 (499Hz) (Tid=10318)
D/OVR ( 9239): Debug: SensorFusion::handleMessage - RotationRate zero
W/TimeWarp(10266): Warp GPU time: 0.0 ms
W/VrApi (10266): CPU0 Clock 1497 MHz, GPU Clock 389000 MHz, Power Level State 0, normal
W/UnityPlugin(10266): FPS: 60 GPU time: 0.0 ms
I/OVR (10266): DeviceManagerThread - event 69 (499Hz) (Tid=10318)
D/OVR ( 9239): Debug: SensorFusion::handleMessage - RotationRate zero
E/Watchdog( 942): !@Sync 234
W/VrApi (10266): CPU0 Clock 1497 MHz, GPU Clock 389000 MHz, Power Level State 0, normal
W/UnityPlugin(10266): FPS: 57 GPU time: 0.0 ms
W/TimeWarp(10266): Warp GPU time: 0.0 ms
I/OVR (10266): DeviceManagerThread - event 69 (499Hz) (Tid=10318)
W/TimeWarp(10266): Warp GPU time: 0.0 ms
W/VrApi (10266): CPU0 Clock 1497 MHz, GPU Clock 389000 MHz, Power Level State 0, normal
W/UnityPlugin(10266): FPS: 60 GPU time: 0.0 ms
D/BatteryService( 942): level:85, scale:100, status:3, health:2, present:true, voltage: 4041, temperature: 348, technology: Li-ion, AC powered:false, USB powered:false, Wireless powered:false, icon:17303771, invalid charger:0, online:13, current avg:-1001, charge type:0, power sharing:false, high voltage charger:false, capacity:322000
D/BatteryService( 942): Sending ACTION_BATTERY_CHANGED.
D/KeyguardUpdateMonitor( 1203): received broadcast android.intent.action.BATTERY_CHANGED
D/KeyguardUpdateMonitor( 1203): handleBatteryUpdate
D/UiModeManager( 942): mCoverManager.getCoverState() : true
D/STATUSBAR-PhoneStatusBar( 1224): mBrightnessEnablebySettings = true mBrightnessEnablebyBattery = true mBrightnessEnablebyDisableFlag = true mPmsBrightnessEnablebySettings = true
V/HeadsetService( 2464): HeadsetService - Received Intent.ACTION_BATTERY_CHANGED
D/HeadsetStateMachine( 2464): Disconnected process message: 10
D/VRSVC ( 9239): at (HmtService.java:528) onReceive() [intent action=android.intent.action.BATTERY_CHANGED]
V/VRSVC ( 9239): at (HmtService.java:639) wtkw() [handleIntentBattery batteryLevel=85]
D/VrLib (10266): OnReceive BATTERY_ACTION_CHANGED
W/VrApi (10266): nativeBatteryEvent(3, 85, 348)
D/BatteryMeterView( 1224): ACTION_BATTERY_CHANGED : level:85 status:3 health:2
D/BatteryMeterView( 1224): onDraw batteryColor : -1
I/OVR (10266): DeviceManagerThread - event 69 (499Hz) (Tid=10318)
D/OVR ( 9239): Debug: SensorFusion::handleMessage - RotationRate zero
W/TimeWarp(10266): Warp GPU time: 0.0 ms
W/VrApi (10266): CPU0 Clock 1497 MHz, GPU Clock 389000 MHz, Power Level State 0, normal
W/UnityPlugin(10266): FPS: 59 GPU time: 0.0 ms
I/OVR (10266): DeviceManagerThread - event 69 (498Hz) (Tid=10318)
D/OVR ( 9239): Debug: SensorFusion::handleMessage - RotationRate zero
W/TimeWarp(10266): Warp GPU time: 0.0 ms
W/VrApi (10266): CPU0 Clock 1497 MHz, GPU Clock 389000 MHz, Power Level State 0, normal
W/UnityPlugin(10266): FPS: 60 GPU time: 0.0 ms
I/OVR (10266): DeviceManagerThread - event 69 (499Hz) (Tid=10318)
W/VrApi (10266): CPU0 Clock 1497 MHz, GPU Clock 389000 MHz, Power Level State 0, normal
W/UnityPlugin(10266): FPS: 59 GPU time: 0.0 ms
W/TimeWarp(10266): Warp GPU time: 0.0 ms
I/OVR (10266): DeviceManagerThread - event 69 (499Hz) (Tid=10318)
D/VrLib (10266): OvrPhoneStateListener.onSignalStrengthsChanged4
D/STATUSBAR-NetworkController( 1224): onSignalStrengthsChanged signalStrength=SignalStrength: 18 -1 -1 -1 -1 -1 -1 99 2147483647 2147483647 2147483647 -1 2147483647 gsm|lte 0x4 level=4
W/VrApi (10266): nativeCellularSignalEvent( 4 )
W/TimeWarp(10266): Frame 42146 Eye 1 latency 0.008
D/OVR ( 9239): Debug: SensorFusion::handleMessage - RotationRate zero
W/VrApi (10266): CPU0 Clock 1497 MHz, GPU Clock 389000 MHz, Power Level State 0, normal
W/UnityPlugin(10266): FPS: 60 GPU time: 0.0 ms
W/TimeWarp(10266): Warp GPU time: 0.0 ms
W/UnityPlugin(10266): OVR_VrModeParms_SetCpuLevel(): L 1
W/UnityPlugin(10266): OVR_VrModeParms_SetGpuLevel(): L 1
W/UnityPlugin(10266): OVR_TW_SetMinimumVsyncs() 2
W/UnityPlugin(10266): OVR_VrModeParms_Reset()
W/UnityPlugin(10266): OVR_VrModeParms_Reset: Soft Reset
W/UnityPlugin(10266): OVR_VrModeParms_Reset: Clock Lock Reset
W/VrApi (10266): SetVrPlatformOptions( -1, -1 )
D/VrLib (10266): Available levels: {GPU MIN, GPU MAX, CPU MIN, CPU MAX}
D/VrLib (10266): -> / 0
D/VrLib (10266): -> / 3
D/VrLib (10266): -> / 0
D/VrLib (10266): -> / 3
D/VrLib (10266): setSystemPerformance cpu: -1 gpu: -1
D/VrLib (10266): Fixed clock level API exists
V/VRSVC (10291): at (VRManagerService.java:460) yTqX() [SIOP : 0]
V/VRSVC (10291): at (VRManagerService.java:461) yTqX() [PLATFORM : apq8084]
V/VRSVC (10291): at (VRManagerService.java:310) wtkw() [Release GPU minLock COMPLETE: com.climaxstudios.BanditSix]
V/VRSVC (10291): at (VRManagerService.java:314) wtkw() [Release GPU maxLock COMPLETE: com.climaxstudios.BanditSix]
V/VRSVC (10291): at (VRManagerService.java:335) yTqX() [Release CPU minLock COMPLETE: com.climaxstudios.BanditSix]
V/VRSVC (10291): at (VRManagerService.java:339) yTqX() [Release CPU maxLock COMPLETE: com.climaxstudios.BanditSix]
V/VRSVC (10291): at (VRManagerService.java:537) yTqX() [SetVrClocks release]
D/VrLib (10266): Releasing frequency lock
W/VrApi (10266): CPU Clock = 0 MHz
D/CustomFrequencyManagerService( 942): releaseDVFSLockLocked : Getting Lock type frm List : DVFS_MIN_LIMIT frequency : 1497600 uid : 1000 pid : 942 tag : VR_CPU_MIN@1
D/CustomFrequencyManagerService( 942): releaseDVFSLockLocked : Getting Lock type frm List : DVFS_MAX_LIMIT frequency : 1497600 uid : 1000 pid : 942 tag : VR_CPU_MAX@2
W/VrApi (10266): GPU Clock = 0 MHz
W/VrApi (10266): SetVrPlatformOptions( 1, 1 )
D/VrLib (10266): Available levels: {GPU MIN, GPU MAX, CPU MIN, CPU MAX}
D/VrLib (10266): -> / 0
D/VrLib (10266): -> / 3
D/VrLib (10266): -> / 0
D/VrLib (10266): -> / 3
W/VrApi (10266): CPU levels [0, 3]
W/VrApi (10266): GPU levels [0, 3]
D/VrLib (10266): setSystemPerformance cpu: 1 gpu: 1
D/VrLib (10266): Fixed clock level API exists
V/VRSVC (10291): at (VRManagerService.java:460) yTqX() [SIOP : 0]
V/VRSVC (10291): at (VRManagerService.java:461) yTqX() [PLATFORM : apq8084]
V/VRSVC (10291): at (VRManagerService.java:239) uWFZ() [getDevelopermode : 1]
V/VRSVC (10291): at (VRManagerService.java:576) wtkw() [Set CPU minLock COMPLETE: com.climaxstudios.BanditSix 1190400]
V/VRSVC (10291): at (VRManagerService.java:588) wtkw() [Set CPU maxLock COMPLETE: com.climaxstudios.BanditSix 1190400]
V/VRSVC (10291): at (VRManagerService.java:239) uWFZ() [getDevelopermode : 1]
D/CustomFrequencyManagerService( 942): acquireDVFSLockLocked : type : DVFS_MIN_LIMIT frequency : 1190400 uid : 1000 pid : 942 pkgName : VR_CPU_MIN@1
D/CustomFrequencyManagerService( 942): acquireDVFSLockLocked : type : DVFS_MAX_LIMIT frequency : 1190400 uid : 1000 pid : 942 pkgName : VR_CPU_MAX@2
E/VRSVC (10291): at (VRManagerService.java:621) QdBd() [Set GPU minLock COMPLETE: com.climaxstudios.BanditSix 300000000]
V/VRSVC (10291): at (VRManagerService.java:632) QdBd() [Set GPU maxLock COMPLETE: com.climaxstudios.BanditSix 300000000]
V/VRSVC (10291): at (VRManagerService.java:551) yTqX() [(1:1:com.climaxstudios.BanditSix) (1190400:300000000:883200:240000000) pkg: com.climaxstudios.BanditSix]
D/VrLib (10266): SetVrClocks: {CPU CLOCK, GPU CLOCK, POWERSAVE CPU CLOCK, POWERSAVE GPU CLOCK}
D/VrLib (10266): -> / 1190400
D/VrLib (10266): -> / 300000000
D/VrLib (10266): -> / 883200
D/VrLib (10266): -> / 240000000
W/VrApi (10266): CPU Clock = 1190 MHz
W/VrApi (10266): GPU Clock = 300 MHz
W/TimeWarp(10266): Frame 42172 Eye 1 latency 0.012
I/OVR (10266): DeviceManagerThread - event 69 (498Hz) (Tid=10318)
W/TimeWarp(10266): Frame 42221 Eye 1 latency 0.021
W/TimeWarp(10266): Warp GPU time: 0.0 ms
W/TimeWarp(10266): Changing vsync from 42226.000000 to 42229.000000
W/VrApi (10266): CPU0 Clock 1190 MHz, GPU Clock 300000 MHz, Power Level State 0, normal
W/UnityPlugin(10266): FPS: 4 GPU time: 0.0 ms
I/OVR (10266): DeviceManagerThread - event 69 (499Hz) (Tid=10318)
D/OVR ( 9239): Debug: SensorFusion::handleMessage - RotationRate zero
W/TimeWarp(10266): Frame 42254 Eye 1 latency 0.044
W/TimeWarp(10266): Changing vsync from 42255.000000 to 42258.000000
D/OVR ( 9239): Debug: SensorFusion::handleMessage - RotationRate zero
W/TimeWarp(10266): Warp GPU time: 0.0 ms
W/TimeWarp(10266): WarpSwap: usleep( 199 )
W/VrApi (10266): CPU0 Clock 1190 MHz, GPU Clock 300000 MHz, Power Level State 0, normal
W/UnityPlugin(10266): FPS: 14 GPU time: 0.0 ms
W/TimeWarp(10266): Frame 42288 Eye 1 latency 0.012
I/OVR (10266): DeviceManagerThread - event 69 (499Hz) (Tid=10318)
D/SSRMv3:SsrmController( 942): SIOP:: AP = 480, PST = 471
W/TimeWarp(10266): Warp GPU time: 0.0 ms
W/TimeWarp(10266): TimeWarp Watchdog: removed SCHED_FIFO from tid 10305
D/VrLib (10266): setSchedFifoStatic tid:10305 pto:0
D/VrLib (10266): VRManager set thread priority to 0
W/TimeWarp(10266): TimeWarp Watchdog: removed SCHED_FIFO from tid 10287
D/VrLib (10266): setSchedFifoStatic tid:10287 pto:0
V/VRManagerService( 942): ---- demoteProcessThread 'com.climaxstudios.BanditSix' requestPriority(pid=10266, tid=10305, prio=0 ----
D/VrLib (10266): VRManager set thread priority to 0
V/VRManagerService( 942): ---- demoteProcessThread 'com.climaxstudios.BanditSix' requestPriority(pid=10266, tid=10287, prio=0 ----
I/OVR (10266): DeviceManagerThread - event 69 (499Hz) (Tid=10318)
W/TimeWarp(10266): TimeWarp Watchdog: restored SCHED_FIFO on tid 10305
D/VrLib (10266): setSchedFifoStatic tid:10305 pto:1
D/VrLib (10266): VRManager set thread priority to 1
W/TimeWarp(10266): TimeWarp Watchdog: restored SCHED_FIFO on tid 10287
D/VrLib (10266): setSchedFifoStatic tid:10287 pto:1
D/VrLib (10266): VRManager set thread priority to 1
V/VRManagerService( 942): ---- elevateProcessThread 'com.climaxstudios.BanditSix' requestPriority(pid=10266, tid=10305, prio=1 ----
V/VRManagerService( 942): ---- elevateProcessThread 'com.climaxstudios.BanditSix' requestPriority(pid=10266, tid=10287, prio=1 ----
W/VrApi (10266): CPU0 Clock 1190 MHz, GPU Clock 300000 MHz, Power Level State 0, normal
W/UnityPlugin(10266): FPS: 2 GPU time: 0.0 ms
W/TimeWarp(10266): Warp GPU time: 0.0 ms
W/VrApi (10266): CPU0 Clock 1190 MHz, GPU Clock 300000 MHz, Power Level State 0, normal
W/UnityPlugin(10266): FPS: 16 GPU time: 0.0 ms
I/OVR (10266): DeviceManagerThread - event 69 (499Hz) (Tid=10318)
W/TimeWarp(10266): Frame 42426 Eye 0 latency 0.010
W/TimeWarp(10266): Frame 42429 Eye 1 latency 0.027
W/TimeWarp(10266): Frame 42443 Eye 1 latency 0.009
W/TimeWarp(10266): Frame 42446 Eye 1 latency 0.012
W/TimeWarp(10266): Frame 42451 Eye 1 latency 0.012
W/TimeWarp(10266): Frame 42458 Eye 1 latency 0.008
W/TimeWarp(10266): Warp GPU time: 0.0 ms
W/TimeWarp(10266): TimeWarp Watchdog: removed SCHED_FIFO from tid 10305
D/VrLib (10266): setSchedFifoStatic tid:10305 pto:0
I/OVR (10266): DeviceManagerThread - event 69 (499Hz) (Tid=10318)
D/VrLib (10266): VRManager set thread priority to 0
W/TimeWarp(10266): TimeWarp Watchdog: removed SCHED_FIFO from tid 10287
D/VrLib (10266): setSchedFifoStatic tid:10287 pto:0
V/VRManagerService( 942): ---- demoteProcessThread 'com.climaxstudios.BanditSix' requestPriority(pid=10266, tid=10305, prio=0 ----
D/VrLib (10266): VRManager set thread priority to 0
V/VRManagerService( 942): ---- demoteProcessThread 'com.climaxstudios.BanditSix' requestPriority(pid=10266, tid=10287, prio=0 ----
W/TimeWarp(10266): Warp GPU time: 0.0 ms
I/OVR (10266): DeviceManagerThread - event 69 (498Hz) (Tid=10318)
D/OVR ( 9239): Debug: SensorFusion::handleMessage - RotationRate zero
W/TimeWarp(10266): Warp GPU time: 0.0 ms
D/OVR ( 9239): Debug: SensorFusion::handleMessage - RotationRate zero
D/STATUSBAR-NetworkController( 1224): onSignalStrengthsChanged signalStrength=SignalStrength: 19 -1 -1 -1 -1 -1 -1 99 2147483647 2147483647 2147483647 -1 2147483647 gsm|lte 0x4 level=4
D/VrLib (10266): OvrPhoneStateListener.onSignalStrengthsChanged4
W/VrApi (10266): nativeCellularSignalEvent( 4 )
I/OVR (10266): DeviceManagerThread - event 69 (499Hz) (Tid=10318)
W/TimeWarp(10266): TimeWarp Watchdog: restored SCHED_FIFO on tid 10305
D/VrLib (10266): setSchedFifoStatic tid:10305 pto:1
D/VrLib (10266): VRManager set thread priority to 1
W/TimeWarp(10266): TimeWarp Watchdog: restored SCHED_FIFO on tid 10287
D/VrLib (10266): setSchedFifoStatic tid:10287 pto:1
V/VRManagerService( 942): ---- elevateProcessThread 'com.climaxstudios.BanditSix' requestPriority(pid=10266, tid=10305, prio=1 ----
D/VrLib (10266): VRManager set thread priority to 1
W/VrApi (10266): CPU0 Clock 1190 MHz, GPU Clock 300000 MHz, Power Level State 0, normal
W/UnityPlugin(10266): FPS: 12 GPU time: 0.0 ms
V/VRManagerService( 942): ---- elevateProcessThread 'com.climaxstudios.BanditSix' requestPriority(pid=10266, tid=10287, prio=1 ----
W/TimeWarp(10266): Frame 42626 Eye 1 latency 0.012
W/TimeWarp(10266): Warp GPU time: 0.0 ms
W/TimeWarp(10266): Frame 42642 Eye 0 latency 0.021
D/OVR ( 9239): Debug: SensorFusion::handleMessage - RotationRate zero
W/TimeWarp(10266): Frame 42649 Eye 1 latency 0.010
W/TimeWarp(10266): Frame 42655 Eye 1 latency 0.012
D/OVR ( 9239): Debug: SensorFusion::handleMessage - RotationRate zero
I/OVR (10266): DeviceManagerThread - event 69 (499Hz) (Tid=10318)
W/TimeWarp(10266): Frame 42667 Eye 0 latency 0.009
D/OVR ( 9239): Debug: SensorFusion::handleMessage - RotationRate zero
W/TimeWarp(10266): Frame 42669 Eye 1 latency 0.012
W/TimeWarp(10266): Frame 42670 Eye 1 latency 0.009
W/TimeWarp(10266): Frame 42689 Eye 1 latency 0.012
W/TimeWarp(10266): TimeWarp Watchdog: removed SCHED_FIFO from tid 10305
D/VrLib (10266): setSchedFifoStatic tid:10305 pto:0
D/VrLib (10266): VRManager set thread priority to 0
W/TimeWarp(10266): TimeWarp Watchdog: removed SCHED_FIFO from tid 10287
D/VrLib (10266): setSchedFifoStatic tid:10287 pto:0
