W/TimeWarp(10266): Frame 9870 Eye 0 latency 0.021
W/TimeWarp(10266): Frame 9872 Eye 0 latency 0.097
W/TimeWarp(10266): Changing vsync from 9873.000000 to 9879.000000
D/OVR ( 9239): Debug: SensorFusion::handleMessage - RotationRate zero
W/TimeWarp(10266): Frame 9881 Eye 0 latency 0.009
I/OVR (10266): DeviceManagerThread - event 69 (499Hz) (Tid=10318)
W/TimeWarp(10266): Warp GPU time: 0.0 ms
W/TimeWarp(10266): TimeWarp Watchdog: removed SCHED_FIFO from tid 10305
D/VrLib (10266): setSchedFifoStatic tid:10305 pto:0
D/VrLib (10266): VRManager set thread priority to 0
W/TimeWarp(10266): TimeWarp Watchdog: removed SCHED_FIFO from tid 10287
D/VrLib (10266): setSchedFifoStatic tid:10287 pto:0
V/VRManagerService( 942): ---- demoteProcessThread 'com.climaxstudios.BanditSix' requestPriority(pid=10266, tid=10305, prio=0 ----
D/VrLib (10266): VRManager set thread priority to 0
V/VRManagerService( 942): ---- demoteProcessThread 'com.climaxstudios.BanditSix' requestPriority(pid=10266, tid=10287, prio=0 ----
W/TimeWarp(10266): TimeWarp Watchdog: restored SCHED_FIFO on tid 10305
D/VrLib (10266): setSchedFifoStatic tid:10305 pto:1
D/VrLib (10266): VRManager set thread priority to 1
W/TimeWarp(10266): TimeWarp Watchdog: restored SCHED_FIFO on tid 10287
D/VrLib (10266): setSchedFifoStatic tid:10287 pto:1
D/VrLib (10266): VRManager set thread priority to 1
V/VRManagerService( 942): ---- elevateProcessThread 'com.climaxstudios.BanditSix' requestPriority(pid=10266, tid=10305, prio=1 ----
V/VRManagerService( 942): ---- elevateProcessThread 'com.climaxstudios.BanditSix' requestPriority(pid=10266, tid=10287, prio=1 ----
W/VrApi (10266): CPU0 Clock 1190 MHz, GPU Clock 300000 MHz, Power Level State 0, normal
W/UnityPlugin(10266): FPS: 2 GPU time: 0.0 ms
D/SSRMv3:SsrmController( 942): SIOP:: AP = 430, PST = 428
I/OVR (10266): DeviceManagerThread - event 69 (498Hz) (Tid=10318)
W/TimeWarp(10266): Frame 9951 Eye 1 latency 0.029
D/OVR ( 9239): Debug: SensorFusion::handleMessage - RotationRate zero
W/TimeWarp(10266): Frame 9952 Eye 0 latency 0.010
W/TimeWarp(10266): Warp GPU time: 0.0 ms
W/TimeWarp(10266): Frame 9957 Eye 1 latency 0.011
W/TimeWarp(10266): Frame 9959 Eye 0 latency 0.015
W/UnityPlugin(10266): OVR_VrModeParms_SetCpuLevel(): L 2
W/UnityPlugin(10266): OVR_VrModeParms_SetGpuLevel(): L 2
W/UnityPlugin(10266): OVR_TW_SetMinimumVsyncs() 1
W/TimeWarp(10266): Frame 9970 Eye 0 latency 0.009
D/OVR ( 9239): Debug: SensorFusion::handleMessage - RotationRate zero
W/TimeWarp(10266): Frame 9973 Eye 1 latency 0.008
W/UnityPlugin(10266): OVR_VrModeParms_Reset()
W/UnityPlugin(10266): OVR_VrModeParms_Reset: Soft Reset
W/UnityPlugin(10266): OVR_VrModeParms_Reset: Clock Lock Reset
W/VrApi (10266): SetVrPlatformOptions( -1, -1 )
D/VrLib (10266): Available levels: {GPU MIN, GPU MAX, CPU MIN, CPU MAX}
D/VrLib (10266): -> / 0
D/VrLib (10266): -> / 3
D/VrLib (10266): -> / 0
D/VrLib (10266): -> / 3
D/VrLib (10266): setSystemPerformance cpu: -1 gpu: -1
D/VrLib (10266): Fixed clock level API exists
V/VRSVC (10291): at (VRManagerService.java:460) yTqX() [SIOP : 0]
V/VRSVC (10291): at (VRManagerService.java:461) yTqX() [PLATFORM : apq8084]
V/VRSVC (10291): at (VRManagerService.java:310) wtkw() [Release GPU minLock COMPLETE: com.climaxstudios.BanditSix]
V/VRSVC (10291): at (VRManagerService.java:314) wtkw() [Release GPU maxLock COMPLETE: com.climaxstudios.BanditSix]
V/VRSVC (10291): at (VRManagerService.java:335) yTqX() [Release CPU minLock COMPLETE: com.climaxstudios.BanditSix]
D/CustomFrequencyManagerService( 942): releaseDVFSLockLocked : Getting Lock type frm List : DVFS_MIN_LIMIT frequency : 1190400 uid : 1000 pid : 942 tag : VR_CPU_MIN@1
V/VRSVC (10291): at (VRManagerService.java:339) yTqX() [Release CPU maxLock COMPLETE: com.climaxstudios.BanditSix]
V/VRSVC (10291): at (VRManagerService.java:537) yTqX() [SetVrClocks release]
D/VrLib (10266): Releasing frequency lock
W/VrApi (10266): CPU Clock = 0 MHz
W/VrApi (10266): GPU Clock = 0 MHz
W/VrApi (10266): SetVrPlatformOptions( 2, 2 )
D/VrLib (10266): Available levels: {GPU MIN, GPU MAX, CPU MIN, CPU MAX}
D/VrLib (10266): -> / 0
D/VrLib (10266): -> / 3
D/VrLib (10266): -> / 0
D/VrLib (10266): -> / 3
W/VrApi (10266): CPU levels [0, 3]
W/VrApi (10266): GPU levels [0, 3]
D/VrLib (10266): setSystemPerformance cpu: 2 gpu: 2
D/VrLib (10266): Fixed clock level API exists
D/CustomFrequencyManagerService( 942): releaseDVFSLockLocked : Getting Lock type frm List : DVFS_MAX_LIMIT frequency : 1190400 uid : 1000 pid : 942 tag : VR_CPU_MAX@2
V/VRSVC (10291): at (VRManagerService.java:460) yTqX() [SIOP : 0]
V/VRSVC (10291): at (VRManagerService.java:461) yTqX() [PLATFORM : apq8084]
V/VRSVC (10291): at (VRManagerService.java:239) uWFZ() [getDevelopermode : 1]
D/CustomFrequencyManagerService( 942): acquireDVFSLockLocked : type : DVFS_MIN_LIMIT frequency : 1497600 uid : 1000 pid : 942 pkgName : VR_CPU_MIN@1
V/VRSVC (10291): at (VRManagerService.java:576) wtkw() [Set CPU minLock COMPLETE: com.climaxstudios.BanditSix 1497600]
V/VRSVC (10291): at (VRManagerService.java:588) wtkw() [Set CPU maxLock COMPLETE: com.climaxstudios.BanditSix 1497600]
V/VRSVC (10291): at (VRManagerService.java:239) uWFZ() [getDevelopermode : 1]
D/CustomFrequencyManagerService( 942): acquireDVFSLockLocked : type : DVFS_MAX_LIMIT frequency : 1497600 uid : 1000 pid : 942 pkgName : VR_CPU_MAX@2
E/VRSVC (10291): at (VRManagerService.java:621) QdBd() [Set GPU minLock COMPLETE: com.climaxstudios.BanditSix 389000000]
V/VRSVC (10291): at (VRManagerService.java:632) QdBd() [Set GPU maxLock COMPLETE: com.climaxstudios.BanditSix 389000000]
V/VRSVC (10291): at (VRManagerService.java:551) yTqX() [(2:2:com.climaxstudios.BanditSix) (1497600:389000000:883200:240000000) pkg: com.climaxstudios.BanditSix]
D/VrLib (10266): SetVrClocks: {CPU CLOCK, GPU CLOCK, POWERSAVE CPU CLOCK, POWERSAVE GPU CLOCK}
D/VrLib (10266): -> / 1497600
D/VrLib (10266): -> / 389000000
D/VrLib (10266): -> / 883200
D/VrLib (10266): -> / 240000000
W/VrApi (10266): CPU Clock = 1497 MHz
W/VrApi (10266): GPU Clock = 389 MHz
W/VrApi (10266): CPU0 Clock 1497 MHz, GPU Clock 389000 MHz, Power Level State 0, normal
W/UnityPlugin(10266): FPS: 19 GPU time: 0.0 ms
I/OVR (10266): DeviceManagerThread - event 69 (499Hz) (Tid=10318)
W/TimeWarp(10266): Warp GPU time: 0.0 ms
W/VrApi (10266): CPU0 Clock 1497 MHz, GPU Clock 389000 MHz, Power Level State 0, normal
W/UnityPlugin(10266): FPS: 31 GPU time: 0.0 ms
D/OVR ( 9239): Debug: SensorFusion::handleMessage - RotationRate zero
I/OVR (10266): DeviceManagerThread - event 69 (497Hz) (Tid=10318)
W/TimeWarp(10266): Warp GPU time: 0.0 ms
W/VrApi (10266): CPU0 Clock 1497 MHz, GPU Clock 389000 MHz, Power Level State 0, normal
W/UnityPlugin(10266): FPS: 60 GPU time: 0.0 ms
I/OVR (10266): DeviceManagerThread - event 69 (498Hz) (Tid=10318)
W/VrApi (10266): CPU0 Clock 1497 MHz, GPU Clock 389000 MHz, Power Level State 0, normal
W/UnityPlugin(10266): FPS: 59 GPU time: 0.0 ms
W/TimeWarp(10266): Warp GPU time: 0.0 ms
D/OVR ( 9239): Debug: SensorFusion::handleMessage - RotationRate zero
D/OVR ( 9239): Debug: SensorFusion::handleMessage - RotationRate zero
I/OVR (10266): DeviceManagerThread - event 69 (499Hz) (Tid=10318)
W/VrApi (10266): CPU0 Clock 1497 MHz, GPU Clock 389000 MHz, Power Level State 0, normal
W/UnityPlugin(10266): FPS: 60 GPU time: 0.0 ms
W/TimeWarp(10266): Warp GPU time: 0.0 ms
I/OVR (10266): DeviceManagerThread - event 69 (499Hz) (Tid=10318)
W/TimeWarp(10266): Warp GPU time: 0.0 ms
W/VrApi (10266): CPU0 Clock 1497 MHz, GPU Clock 389000 MHz, Power Level State 0, normal
W/UnityPlugin(10266): FPS: 60 GPU time: 0.0 ms
D/OVR ( 9239): Debug: SensorFusion::handleMessage - RotationRate zero
D/OVR ( 9239): Debug: SensorFusion::handleMessage - RotationRate zero
D/OVR ( 9239): Debug: SensorFusion::handleMessage - RotationRate zero
W/TimeWarp(10266): WarpSwap: usleep( 259 )
I/OVR (10266): DeviceManagerThread - event 69 (499Hz) (Tid=10318)
W/TimeWarp(10266): WarpSwap: usleep( 385 )
W/TimeWarp(10266): Warp GPU time: 0.0 ms
W/VrApi (10266): CPU0 Clock 1497 MHz, GPU Clock 389000 MHz, Power Level State 0, normal
W/UnityPlugin(10266): FPS: 59 GPU time: 0.0 ms
D/OVR ( 9239): Debug: SensorFusion::handleMessage - RotationRate zero
D/OVR ( 9239): Debug: SensorFusion::handleMessage - RotationRate zero
D/OVR ( 9239): Debug: SensorFusion::handleMessage - RotationRate zero
I/OVR (10266): DeviceManagerThread - event 69 (499Hz) (Tid=10318)
W/TimeWarp(10266): Warp GPU time: 0.0 ms
W/VrApi (10266): CPU0 Clock 1497 MHz, GPU Clock 389000 MHz, Power Level State 0, normal
W/UnityPlugin(10266): FPS: 60 GPU time: 0.0 ms
D/OVR ( 9239): Debug: SensorFusion::handleMessage - RotationRate zero
D/OVR ( 9239): Debug: SensorFusion::handleMessage - RotationRate zero
W/TimeWarp(10266): Frame 10395 Eye 0 latency 0.009
D/OVR ( 9239): Debug: SensorFusion::handleMessage - RotationRate zero
I/OVR (10266): DeviceManagerThread - event 69 (499Hz) (Tid=10318)
W/VrApi (10266): CPU0 Clock 1497 MHz, GPU Clock 389000 MHz, Power Level State 0, normal
W/UnityPlugin(10266): FPS: 59 GPU time: 0.0 ms
W/TimeWarp(10266): Warp GPU time: 0.0 ms
D/OVR ( 9239): Debug: SensorFusion::handleMessage - RotationRate zero
I/OVR (10266): DeviceManagerThread - event 69 (498Hz) (Tid=10318)
D/OVR ( 9239): Debug: SensorFusion::handleMessage - RotationRate zero
W/TimeWarp(10266): Warp GPU time: 0.0 ms
W/VrApi (10266): CPU0 Clock 1497 MHz, GPU Clock 389000 MHz, Power Level State 0, normal
W/UnityPlugin(10266): FPS: 60 GPU time: 0.0 ms
D/SSRMv3:SsrmController( 942): SIOP:: AP = 440, PST = 430
I/OVR (10266): DeviceManagerThread - event 69 (499Hz) (Tid=10318)
W/TimeWarp(10266): Warp GPU time: 0.0 ms
D/OVR ( 9239): Debug: SensorFusion::handleMessage - RotationRate zero
W/VrApi (10266): CPU0 Clock 1497 MHz, GPU Clock 389000 MHz, Power Level State 0, normal
W/UnityPlugin(10266): FPS: 60 GPU time: 0.0 ms
D/OVR ( 9239): Debug: SensorFusion::handleMessage - RotationRate zero
D/OVR ( 9239): Debug: SensorFusion::handleMessage - RotationRate zero
W/TimeWarp(10266): WarpSwap: usleep( 370 )
I/OVR (10266): DeviceManagerThread - event 69 (499Hz) (Tid=10318)
I/ActivityManager( 942): Killing 9667:com.samsung.android.sdk.samsunglink/u0a47 (adj 15): empty #43
W/TimeWarp(10266): Warp GPU time: 0.0 ms
W/VrApi (10266): CPU0 Clock 1497 MHz, GPU Clock 389000 MHz, Power Level State 0, normal
W/UnityPlugin(10266): FPS: 60 GPU time: 0.0 ms
W/UnityPlugin(10266): OVR_VrModeParms_SetCpuLevel(): L 1
W/UnityPlugin(10266): OVR_VrModeParms_SetGpuLevel(): L 1
W/UnityPlugin(10266): OVR_TW_SetMinimumVsyncs() 2
W/UnityPlugin(10266): OVR_VrModeParms_Reset()
W/UnityPlugin(10266): OVR_VrModeParms_Reset: Soft Reset
W/UnityPlugin(10266): OVR_VrModeParms_Reset: Clock Lock Reset
W/VrApi (10266): SetVrPlatformOptions( -1, -1 )
D/VrLib (10266): Available levels: {GPU MIN, GPU MAX, CPU MIN, CPU MAX}
D/VrLib (10266): -> / 0
D/VrLib (10266): -> / 3
D/VrLib (10266): -> / 0
D/VrLib (10266): -> / 3
D/VrLib (10266): setSystemPerformance cpu: -1 gpu: -1
D/VrLib (10266): Fixed clock level API exists
V/VRSVC (10291): at (VRManagerService.java:460) yTqX() [SIOP : 0]
V/VRSVC (10291): at (VRManagerService.java:461) yTqX() [PLATFORM : apq8084]
V/VRSVC (10291): at (VRManagerService.java:310) wtkw() [Release GPU minLock COMPLETE: com.climaxstudios.BanditSix]
V/VRSVC (10291): at (VRManagerService.java:314) wtkw() [Release GPU maxLock COMPLETE: com.climaxstudios.BanditSix]
V/VRSVC (10291): at (VRManagerService.java:335) yTqX() [Release CPU minLock COMPLETE: com.climaxstudios.BanditSix]
V/VRSVC (10291): at (VRManagerService.java:339) yTqX() [Release CPU maxLock COMPLETE: com.climaxstudios.BanditSix]
V/VRSVC (10291): at (VRManagerService.java:537) yTqX() [SetVrClocks release]
D/VrLib (10266): Releasing frequency lock
W/VrApi (10266): CPU Clock = 0 MHz
W/VrApi (10266): GPU Clock = 0 MHz
D/CustomFrequencyManagerService( 942): releaseDVFSLockLocked : Getting Lock type frm List : DVFS_MIN_LIMIT frequency : 1497600 uid : 1000 pid : 942 tag : VR_CPU_MIN@1
D/CustomFrequencyManagerService( 942): releaseDVFSLockLocked : Getting Lock type frm List : DVFS_MAX_LIMIT frequency : 1497600 uid : 1000 pid : 942 tag : VR_CPU_MAX@2
W/VrApi (10266): SetVrPlatformOptions( 1, 1 )
D/VrLib (10266): Available levels: {GPU MIN, GPU MAX, CPU MIN, CPU MAX}
D/VrLib (10266): -> / 0
D/VrLib (10266): -> / 3
D/VrLib (10266): -> / 0
D/VrLib (10266): -> / 3
W/VrApi (10266): CPU levels [0, 3]
W/VrApi (10266): GPU levels [0, 3]
D/VrLib (10266): setSystemPerformance cpu: 1 gpu: 1
D/VrLib (10266): Fixed clock level API exists
V/VRSVC (10291): at (VRManagerService.java:460) yTqX() [SIOP : 0]
V/VRSVC (10291): at (VRManagerService.java:461) yTqX() [PLATFORM : apq8084]
V/VRSVC (10291): at (VRManagerService.java:239) uWFZ() [getDevelopermode : 1]
V/VRSVC (10291): at (VRManagerService.java:576) wtkw() [Set CPU minLock COMPLETE: com.climaxstudios.BanditSix 1190400]
V/VRSVC (10291): at (VRManagerService.java:588) wtkw() [Set CPU maxLock COMPLETE: com.climaxstudios.BanditSix 1190400]
V/VRSVC (10291): at (VRManagerService.java:239) uWFZ() [getDevelopermode : 1]
D/CustomFrequencyManagerService( 942): acquireDVFSLockLocked : type : DVFS_MIN_LIMIT frequency : 1190400 uid : 1000 pid : 942 pkgName : VR_CPU_MIN@1
D/CustomFrequencyManagerService( 942): acquireDVFSLockLocked : type : DVFS_MAX_LIMIT frequency : 1190400 uid : 1000 pid : 942 pkgName : VR_CPU_MAX@2
E/VRSVC (10291): at (VRManagerService.java:621) QdBd() [Set GPU minLock COMPLETE: com.climaxstudios.BanditSix 300000000]
V/VRSVC (10291): at (VRManagerService.java:632) QdBd() [Set GPU maxLock COMPLETE: com.climaxstudios.BanditSix 300000000]
V/VRSVC (10291): at (VRManagerService.java:551) yTqX() [(1:1:com.climaxstudios.BanditSix) (1190400:300000000:883200:240000000) pkg: com.climaxstudios.BanditSix]
D/VrLib (10266): SetVrClocks: {CPU CLOCK, GPU CLOCK, POWERSAVE CPU CLOCK, POWERSAVE GPU CLOCK}
D/VrLib (10266): -> / 1190400
D/VrLib (10266): -> / 300000000
D/VrLib (10266): -> / 883200
D/VrLib (10266): -> / 240000000
W/VrApi (10266): CPU Clock = 1190 MHz
W/VrApi (10266): GPU Clock = 300 MHz
W/TimeWarp(10266): Frame 10622 Eye 1 latency 0.010
D/OVR ( 9239): Debug: SensorFusion::handleMessage - RotationRate zero
I/OVR (10266): DeviceManagerThread - event 69 (498Hz) (Tid=10318)
W/TimeWarp(10266): Changing vsync from 10665.000000 to 10668.000000
W/TimeWarp(10266): Warp GPU time: 0.0 ms
W/VrApi (10266): CPU0 Clock 1190 MHz, GPU Clock 300000 MHz, Power Level State 0, normal
W/UnityPlugin(10266): FPS: 5 GPU time: 0.0 ms
D/OVR ( 9239): Debug: SensorFusion::handleMessage - RotationRate zero
W/TimeWarp(10266): Frame 10696 Eye 0 latency 0.010
W/TimeWarp(10266): Frame 10705 Eye 1 latency 0.010
W/TimeWarp(10266): Frame 10708 Eye 1 latency 0.010
I/OVR (10266): DeviceManagerThread - event 69 (498Hz) (Tid=10318)
W/TimeWarp(10266): Frame 10729 Eye 1 latency 0.008
W/TimeWarp(10266): Warp GPU time: 0.0 ms
W/TimeWarp(10266): Frame 10735 Eye 1 latency 0.008
W/TimeWarp(10266): Frame 10745 Eye 1 latency 0.010
W/TimeWarp(10266): Frame 10748 Eye 0 latency 0.009
D/OVR ( 9239): Debug: SensorFusion::handleMessage - RotationRate zero
W/TimeWarp(10266): Frame 10758 Eye 1 latency 0.093
W/TimeWarp(10266): Changing vsync from 10759.000000 to 10765.000000
W/TimeWarp(10266): Changing vsync from 10766.000000 to 10774.000000
W/VrApi (10266): CPU0 Clock 1190 MHz, GPU Clock 300000 MHz, Power Level State 0, normal
W/UnityPlugin(10266): FPS: 14 GPU time: 0.0 ms
W/TimeWarp(10266): Frame 10779 Eye 1 latency 0.011
I/OVR (10266): DeviceManagerThread - event 69 (499Hz) (Tid=10318)
W/TimeWarp(10266): Warp GPU time: 0.0 ms
W/TimeWarp(10266): Frame 10791 Eye 1 latency 0.010
W/TimeWarp(10266): Frame 10794 Eye 1 latency 0.010
W/TimeWarp(10266): Frame 10797 Eye 1 latency 0.100
W/TimeWarp(10266): Changing vsync from 10798.000000 to 10805.000000
W/TimeWarp(10266): Changing vsync from 10806.000000 to 10814.000000
W/VrApi (10266): CPU0 Clock 1190 MHz, GPU Clock 300000 MHz, Power Level State 0, normal
W/UnityPlugin(10266): FPS: 1 GPU time: 0.0 ms
I/OVR (10266): DeviceManagerThread - event 69 (499Hz) (Tid=10318)
W/TimeWarp(10266): Frame 10846 Eye 1 latency 0.013
W/TimeWarp(10266): Frame 10847 Eye 0 latency 0.019
W/TimeWarp(10266): Frame 10850 Eye 0 latency 0.034
W/TimeWarp(10266): Warp GPU time: 0.0 ms
W/TimeWarp(10266): Frame 10858 Eye 1 latency 0.009
W/TimeWarp(10266): Frame 10859 Eye 0 latency 0.065
W/TimeWarp(10266): Changing vsync from 10860.000000 to 10864.000000
W/TimeWarp(10266): Frame 10868 Eye 1 latency 0.061
W/TimeWarp(10266): Changing vsync from 10869.000000 to 10873.000000
W/TimeWarp(10266): Frame 10873 Eye 1 latency 0.008
W/TimeWarp(10266): Frame 10874 Eye 1 latency 0.090
W/TimeWarp(10266): Changing vsync from 10875.000000 to 10881.000000
W/TimeWarp(10266): Changing vsync from 10882.000000 to 10885.000000
W/TimeWarp(10266): TimeWarp Watchdog: removed SCHED_FIFO from tid 10305
D/VrLib (10266): setSchedFifoStatic tid:10305 pto:0
D/VrLib (10266): VRManager set thread priority to 0
W/TimeWarp(10266): TimeWarp Watchdog: removed SCHED_FIFO from tid 10287
D/VrLib (10266): setSchedFifoStatic tid:10287 pto:0
V/VRManagerService( 942): ---- demoteProcessThread 'com.climaxstudios.BanditSix' requestPriority(pid=10266, tid=10305, prio=0 ----
D/VrLib (10266): VRManager set thread priority to 0
I/OVR (10266): DeviceManagerThread - event 69 (499Hz) (Tid=10318)
V/VRManagerService( 942): ---- demoteProcessThread 'com.climaxstudios.BanditSix' requestPriority(pid=10266, tid=10287, prio=0 ----
W/TimeWarp(10266): Warp GPU time: 0.0 ms
D/ad ( 942): mCheck2ndHMTtableRunnable!
D/ad ( 942): battery temp will be check in 60000 ms.
I/OVR (10266): DeviceManagerThread - event 69 (498Hz) (Tid=10318)
W/TimeWarp(10266): Warp GPU time: 0.0 ms
I/OVR (10266): DeviceManagerThread - event 69 (499Hz) (Tid=10318)
W/TimeWarp(10266): Warp GPU time: 0.0 ms
D/OVR ( 9239): Debug: SensorFusion::handleMessage - RotationRate zero
W/TimeWarp(10266): TimeWarp Watchdog: restored SCHED_FIFO on tid 10305
D/VrLib (10266): setSchedFifoStatic tid:10305 pto:1
D/VrLib (10266): VRManager set thread priority to 1
W/TimeWarp(10266): TimeWarp Watchdog: restored SCHED_FIFO on tid 10287
D/VrLib (10266): setSchedFifoStatic tid:10287 pto:1
V/VRManagerService( 942): ---- elevateProcessThread 'com.climaxstudios.BanditSix' requestPriority(pid=10266, tid=10305, prio=1 ----
D/VrLib (10266): VRManager set thread priority to 1
W/VrApi (10266): CPU0 Clock 1190 MHz, GPU Clock 300000 MHz, Power Level State 0, normal
W/UnityPlugin(10266): FPS: 17 GPU time: 0.0 ms
V/VRManagerService( 942): ---- elevateProcessThread 'com.climaxstudios.BanditSix' requestPriority(pid=10266, tid=10287, prio=1 ----
W/TimeWarp(10266): Frame 11066 Eye 1 latency 0.009
W/TimeWarp(10266): Frame 11068 Eye 0 latency 0.010
I/OVR (10266): DeviceManagerThread - event 69 (498Hz) (Tid=10318)
D/BatteryService( 942): level:90, scale:100, status:3, health:2, present:true, voltage: 4131, temperature: 319, technology: Li-ion, AC powered:false, USB powered:false, Wireless powered:false, icon:17303771, invalid charger:0, online:13, current avg:-878, charge type:0, power sharing:false, high voltage charger:false, capacity:322000
D/BatteryService( 942): Sending ACTION_BATTERY_CHANGED.
W/TimeWarp(10266): Warp GPU time: 0.0 ms
D/KeyguardUpdateMonitor( 1203): received broadcast android.intent.action.BATTERY_CHANGED
D/KeyguardUpdateMonitor( 1203): handleBatteryUpdate
D/UiModeManager( 942): mCoverManager.getCoverState() : true
D/STATUSBAR-PhoneStatusBar( 1224): mBrightnessEnablebySettings = true mBrightnessEnablebyBattery = true mBrightnessEnablebyDisableFlag = true mPmsBrightnessEnablebySettings = true
D/BatteryMeterView( 1224): ACTION_BATTERY_CHANGED : level:90 status:3 health:2
V/AlarmManager( 942): waitForAlarm result :4
V/HeadsetService( 2464): HeadsetService - Received Intent.ACTION_BATTERY_CHANGED
D/HeadsetStateMachine( 2464): Disconnected process message: 10
D/VrLib (10266): OnReceive BATTERY_ACTION_CHANGED
D/VRSVC ( 9239): at (HmtService.java:528) onReceive() [intent action=android.intent.action.BATTERY_CHANGED]
W/VrApi (10266): nativeBatteryEvent(3, 90, 319)
V/VRSVC ( 9239): at (HmtService.java:639) wtkw() [handleIntentBattery batteryLevel=90]
D/OVR ( 9239): Debug: SensorFusion::handleMessage - RotationRate zero
W/TimeWarp(10266): TimeWarp Watchdog: removed SCHED_FIFO from tid 10305
D/VrLib (10266): setSchedFifoStatic tid:10305 pto:0
D/VrLib (10266): VRManager set thread priority to 0
W/TimeWarp(10266): TimeWarp Watchdog: removed SCHED_FIFO from tid 10287
D/VrLib (10266): setSchedFifoStatic tid:10287 pto:0
V/VRManagerService( 942): ---- demoteProcessThread 'com.climaxstudios.BanditSix' requestPriority(pid=10266, tid=10305, prio=0 ----
D/VrLib (10266): VRManager set thread priority to 0
V/VRManagerService( 942): ---- demoteProcessThread 'com.climaxstudios.BanditSix' requestPriority(pid=10266, tid=10287, prio=0 ----
D/SSRMv3:SsrmController( 942): SIOP:: AP = 440, PST = 432
I/OVR (10266): DeviceManagerThread - event 69 (499Hz) (Tid=10318)
W/TimeWarp(10266): Warp GPU time: 0.0 ms
I/OVR (10266): DeviceManagerThread - event 69 (499Hz) (Tid=10318)
W/TimeWarp(10266): Warp GPU time: 0.0 ms
W/TimeWarp(10266): TimeWarp Watchdog: restored SCHED_FIFO on tid 10305
D/VrLib (10266): setSchedFifoStatic tid:10305 pto:1
D/VrLib (10266): VRManager set thread priority to 1
W/TimeWarp(10266): TimeWarp Watchdog: restored SCHED_FIFO on tid 10287
D/VrLib (10266): setSchedFifoStatic tid:10287 pto:1
D/VrLib (10266): VRManager set thread priority to 1
W/VrApi (10266): CPU0 Clock 1190 MHz, GPU Clock 300000 MHz, Power Level State 0, normal
W/UnityPlugin(10266): FPS: 2 GPU time: 0.0 ms
V/VRManagerService( 942): ---- elevateProcessThread 'com.climaxstudios.BanditSix' requestPriority(pid=10266, tid=10305, prio=1 ----
V/VRManagerService( 942): ---- elevateProcessThread 'com.climaxstudios.BanditSix' requestPriority(pid=10266, tid=10287, prio=1 ----
D/OVR ( 9239): Debug: SensorFusion::handleMessage - RotationRate zero
D/OVR ( 9239): Debug: SensorFusion::handleMessage - RotationRate zero
W/TimeWarp(10266): Frame 11256 Eye 0 latency 0.014
W/TimeWarp(10266): Frame 11256 Eye 1 latency 0.009
W/TimeWarp(10266): Frame 11258 Eye 1 latency 0.012
I/OVR (10266): DeviceManagerThread - event 69 (498Hz) (Tid=10318)
W/TimeWarp(10266): Warp GPU time: 0.0 ms
W/VrApi (10266): CPU0 Clock 1190 MHz, GPU Clock 300000 MHz, Power Level State 0, normal
W/UnityPlugin(10266): FPS: 16 GPU time: 0.0 ms
D/OVR ( 9239): Debug: SensorFusion::handleMessage - RotationRate zero
W/TimeWarp(10266): Frame 11306 Eye 0 latency 0.008
W/TimeWarp(10266): Frame 11306 Eye 1 latency 0.009
W/TimeWarp(10266): Frame 11307 Eye 1 latency 0.008
W/TimeWarp(10266): Frame 11308 Eye 0 latency 0.009
W/TimeWarp(10266): Frame 11309 Eye 1 latency 0.009
W/TimeWarp(10266): Frame 11310 Eye 0 latency 0.008
W/TimeWarp(10266): Frame 11311 Eye 1 latency 0.008
W/TimeWarp(10266): Frame 11312 Eye 0 latency 0.009
W/TimeWarp(10266): Frame 11314 Eye 0 latency 0.008
W/TimeWarp(10266): Frame 11315 Eye 1 latency 0.009
W/TimeWarp(10266): Frame 11316 Eye 0 latency 0.009
W/TimeWarp(10266): Frame 11317 Eye 1 latency 0.008
W/TimeWarp(10266): Frame 11318 Eye 0 latency 0.009
W/TimeWarp(10266): Frame 11319 Eye 1 latency 0.008
W/TimeWarp(10266): Frame 11320 Eye 0 latency 0.009
W/TimeWarp(10266): Frame 11324 Eye 0 latency 0.008
I/OVR (10266): DeviceManagerThread - event 69 (498Hz) (Tid=10318)
W/TimeWarp(10266): Frame 11326 Eye 0 latency 0.008
W/TimeWarp(10266): Frame 11328 Eye 0 latency 0.008
W/TimeWarp(10266): Warp GPU time: 0.0 ms
W/VrApi (10266): CPU0 Clock 1190 MHz, GPU Clock 300000 MHz, Power Level State 0, normal
W/UnityPlugin(10266): FPS: 30 GPU time: 0.0 ms
W/TimeWarp(10266): Frame 11331 Eye 0 latency 0.008
W/TimeWarp(10266): Frame 11336 Eye 0 latency 0.008
W/TimeWarp(10266): Frame 11340 Eye 0 latency 0.008
W/TimeWarp(10266): Frame 11344 Eye 0 latency 0.008
W/TimeWarp(10266): Frame 11347 Eye 0 latency 0.008
W/TimeWarp(10266): Frame 11354 Eye 0 latency 0.008
E/Watchdog( 942): !@Sync 217
W/TimeWarp(10266): Frame 11359 Eye 0 latency 0.009
W/TimeWarp(10266): Frame 11363 Eye 0 latency 0.008
W/TimeWarp(10266): Frame 11369 Eye 0 latency 0.009
W/TimeWarp(10266): Frame 11370 Eye 0 latency 0.008
W/TimeWarp(10266): Frame 11376 Eye 0 latency 0.008
W/TimeWarp(10266): Frame 11383 Eye 0 latency 0.008
I/OVR (10266): DeviceManagerThread - event 69 (499Hz) (Tid=10318)
W/TimeWarp(10266): Warp GPU time: 0.0 ms
W/TimeWarp(10266): Frame 11388 Eye 0 latency 0.008
W/VrApi (10266): CPU0 Clock 1190 MHz, GPU Clock 300000 MHz, Power Level State 0, normal
W/UnityPlugin(10266): FPS: 30 GPU time: 0.0 ms
W/TimeWarp(10266): Frame 11394 Eye 0 latency 0.008
W/TimeWarp(10266): Frame 11395 Eye 0 latency 0.009
W/TimeWarp(10266): Frame 11395 Eye 1 latency 0.009
W/TimeWarp(10266): Frame 11403 Eye 0 latency 0.008
W/TimeWarp(10266): Frame 11404 Eye 0 latency 0.008
D/OVR ( 9239): Debug: SensorFusion::handleMessage - RotationRate zero
D/OVR ( 9239): Debug: SensorFusion::handleMessage - RotationRate zero
W/TimeWarp(10266): Frame 11411 Eye 0 latency 0.009
W/TimeWarp(10266): Frame 11414 Eye 0 latency 0.008
D/OVR ( 9239): Debug: SensorFusion::handleMessage - RotationRate zero
W/TimeWarp(10266): Frame 11424 Eye 0 latency 0.008
W/TimeWarp(10266): Frame 11432 Eye 0 latency 0.008
W/TimeWarp(10266): Frame 11440 Eye 0 latency 0.008
D/OVR ( 9239): Debug: SensorFusion::handleMessage - RotationRate zero
W/TimeWarp(10266): Frame 11444 Eye 0 latency 0.009
I/OVR (10266): DeviceManagerThread - event 69 (498Hz) (Tid=10318)
W/TimeWarp(10266): Frame 11446 Eye 0 latency 0.008
W/TimeWarp(10266): Warp GPU time: 0.0 ms
W/VrApi (10266): CPU0 Clock 1190 MHz, GPU Clock 300000 MHz, Power Level State 0, normal
W/UnityPlugin(10266): FPS: 30 GPU time: 0.0 ms
D/OVR ( 9239): Debug: SensorFusion::handleMessage - RotationRate zero
W/TimeWarp(10266): Frame 11451 Eye 0 latency 0.008
W/TimeWarp(10266): Frame 11466 Eye 0 latency 0.008
W/TimeWarp(10266): Frame 11474 Eye 0 latency 0.009
W/TimeWarp(10266): Frame 11476 Eye 0 latency 0.008
W/TimeWarp(10266): Frame 11478 Eye 0 latency 0.008
W/TimeWarp(10266): Frame 11482 Eye 0 latency 0.008
W/TimeWarp(10266): Frame 11484 Eye 0 latency 0.008
W/TimeWarp(10266): Frame 11486 Eye 0 latency 0.008
W/TimeWarp(10266): Frame 11487 Eye 0 latency 0.009
W/TimeWarp(10266): Frame 11490 Eye 0 latency 0.008
D/OVR ( 9239): Debug: SensorFusion::handleMessage - RotationRate zero
D/OVR ( 9239): Debug: SensorFusion::handleMessage - RotationRate zero
I/OVR (10266): DeviceManagerThread - event 69 (498Hz) (Tid=10318)
W/TimeWarp(10266): Warp GPU time: 0.0 ms
D/OVR ( 9239): Debug: SensorFusion::handleMessage - RotationRate zero
W/TimeWarp(10266): Frame 11508 Eye 0 latency 0.008
W/VrApi (10266): CPU0 Clock 1190 MHz, GPU Clock 300000 MHz, Power Level State 0, normal
W/UnityPlugin(10266): FPS: 30 GPU time: 0.0 ms
W/TimeWarp(10266): Frame 11509 Eye 1 latency 0.008
W/TimeWarp(10266): Frame 11516 Eye 0 latency 0.009
D/OVR ( 9239): Debug: SensorFusion::handleMessage - RotationRate zero
W/TimeWarp(10266): Frame 11528 Eye 0 latency 0.008
W/TimeWarp(10266): Frame 11532 Eye 0 latency 0.009
W/TimeWarp(10266): Frame 11541 Eye 0 latency 0.009
W/TimeWarp(10266): Frame 11544 Eye 0 latency 0.008
W/TimeWarp(10266): Frame 11546 Eye 0 latency 0.008
W/TimeWarp(10266): Frame 11552 Eye 0 latency 0.008
I/OVR (10266): DeviceManagerThread - event 69 (499Hz) (Tid=10318)
W/TimeWarp(10266): Frame 11566 Eye 0 latency 0.009
W/TimeWarp(10266): Warp GPU time: 0.0 ms
W/VrApi (10266): CPU0 Clock 1190 MHz, GPU Clock 300000 MHz, Power Level State 0, normal
W/UnityPlugin(10266): FPS: 30 GPU time: 0.0 ms
W/TimeWarp(10266): Frame 11569 Eye 1 latency 0.009
W/TimeWarp(10266): Frame 11578 Eye 0 latency 0.008
W/TimeWarp(10266): Frame 11579 Eye 0 latency 0.009
D/OVR ( 9239): Debug: SensorFusion::handleMessage - RotationRate zero
W/TimeWarp(10266): Frame 11586 Eye 0 latency 0.008
W/TimeWarp(10266): Frame 11590 Eye 0 latency 0.008
D/OVR ( 9239): Debug: SensorFusion::handleMessage - RotationRate zero
W/TimeWarp(10266): Frame 11596 Eye 0 latency 0.008
W/TimeWarp(10266): Frame 11600 Eye 0 latency 0.008
W/TimeWarp(10266): Frame 11602 Eye 0 latency 0.008
W/TimeWarp(10266): Frame 11604 Eye 0 latency 0.008
W/TimeWarp(10266): Frame 11608 Eye 0 latency 0.008
W/TimeWarp(10266): Frame 11614 Eye 0 latency 0.008
W/TimeWarp(10266): Frame 11616 Eye 0 latency 0.009
W/TimeWarp(10266): Frame 11622 Eye 0 latency 0.008
W/TimeWarp(10266): Frame 11623 Eye 1 latency 0.010
I/OVR (10266): DeviceManagerThread - event 69 (499Hz) (Tid=10318)
W/VrApi (10266): CPU0 Clock 1190 MHz, GPU Clock 300000 MHz, Power Level State 0, normal
W/UnityPlugin(10266): FPS: 28 GPU time: 0.0 ms
W/TimeWarp(10266): Warp GPU time: 0.0 ms
W/TimeWarp(10266): Frame 11634 Eye 0 latency 0.008
W/TimeWarp(10266): Frame 11637 Eye 0 latency 0.009
W/TimeWarp(10266): Frame 11639 Eye 1 latency 0.009
W/TimeWarp(10266): Frame 11644 Eye 0 latency 0.008
W/TimeWarp(10266): Frame 11648 Eye 0 latency 0.009
W/TimeWarp(10266): Frame 11652 Eye 0 latency 0.009
W/TimeWarp(10266): Frame 11654 Eye 0 latency 0.009
W/TimeWarp(10266): Frame 11658 Eye 0 latency 0.008
W/TimeWarp(10266): Frame 11660 Eye 0 latency 0.008
W/TimeWarp(10266): Frame 11664 Eye 0 latency 0.008
W/TimeWarp(10266): Frame 11666 Eye 0 latency 0.008
W/TimeWarp(10266): Frame 11668 Eye 0 latency 0.008
W/TimeWarp(10266): Frame 11672 Eye 0 latency 0.008
W/TimeWarp(10266): Frame 11674 Eye 0 latency 0.009
W/TimeWarp(10266): Frame 11676 Eye 0 latency 0.008
W/TimeWarp(10266): Frame 11678 Eye 0 latency 0.009
W/TimeWarp(10266): Frame 11680 Eye 0 latency 0.008
I/OVR (10266): DeviceManagerThread - event 69 (498Hz) (Tid=10318)
W/TimeWarp(10266): Frame 11684 Eye 0 latency 0.009
W/TimeWarp(10266): Frame 11686 Eye 0 latency 0.009
W/TimeWarp(10266): Warp GPU time: 0.0 ms
W/VrApi (10266): CPU0 Clock 1190 MHz, GPU Clock 300000 MHz, Power Level State 0, normal
W/UnityPlugin(10266): FPS: 30 GPU time: 0.0 ms
W/TimeWarp(10266): Frame 11698 Eye 0 latency 0.008
W/TimeWarp(10266): Frame 11700 Eye 0 latency 0.008
D/OVR ( 9239): Debug: SensorFusion::handleMessage - RotationRate zero
W/TimeWarp(10266): Frame 11702 Eye 0 latency 0.008
W/TimeWarp(10266): Frame 11706 Eye 0 latency 0.008
W/TimeWarp(10266): Frame 11710 Eye 0 latency 0.009
W/TimeWarp(10266): Frame 11716 Eye 0 latency 0.008
W/TimeWarp(10266): Frame 11718 Eye 0 latency 0.009
W/TimeWarp(10266): Frame 11720 Eye 0 latency 0.008
W/TimeWarp(10266): Frame 11721 Eye 0 latency 0.008
W/TimeWarp(10266): Frame 11722 Eye 0 latency 0.008
W/TimeWarp(10266): Frame 11724 Eye 0 latency 0.008
W/TimeWarp(10266): Frame 11732 Eye 0 latency 0.009
W/TimeWarp(10266): Frame 11734 Eye 0 latency 0.008
W/TimeWarp(10266): Frame 11736 Eye 0 latency 0.009
W/TimeWarp(10266): Frame 11740 Eye 0 latency 0.008
D/SSRMv3:SsrmController( 942): SIOP:: AP = 440, PST = 433
W/TimeWarp(10266): Frame 11742 Eye 0 latency 0.008
I/OVR (10266): DeviceManagerThread - event 69 (499Hz) (Tid=10318)
W/TimeWarp(10266): Warp GPU time: 0.0 ms
W/VrApi (10266): CPU0 Clock 1190 MHz, GPU Clock 300000 MHz, Power Level State 0, normal
W/UnityPlugin(10266): FPS: 30 GPU time: 0.0 ms
W/TimeWarp(10266): Frame 11750 Eye 0 latency 0.008
W/TimeWarp(10266): Frame 11752 Eye 0 latency 0.008
W/TimeWarp(10266): Frame 11754 Eye 0 latency 0.008
W/TimeWarp(10266): Frame 11760 Eye 0 latency 0.008
W/TimeWarp(10266): Frame 11762 Eye 0 latency 0.008
V/AlarmManager( 942): waitForAlarm result :4
V/AlarmManager( 942): trigger ELAPSED_REALTIME_WAKEUP or RTC_WAKEUP
E/xxxxxxbtsdcard( 942): checkUser: useridlist=null, currentuser=0
E/xxxxxxbtsdcard( 942): checkUser: useridlist=null, currentuser=0
E/xxxxxxbtsdcard( 942): checkUser: useridlist=null, currentuser=0
E/xxxxxxbtsdcard( 942): checkUser: useridlist=null, currentuser=0
V/AlarmManager( 942): trigger ELAPSED_REALTIME_WAKEUP or RTC_WAKEUP
W/TimeWarp(10266): Frame 11764 Eye 0 latency 0.008
I/SELinux (10533): Function: selinux_android_load_priority , priority [3] , priority version is VE=SEPF_SM-N910F_4.4.4_A024
E/SELinux (10533): [DEBUG] get_category: variable seinfocat: untrusted sensitivity: NULL, cateogry: NULL
E/dalvikvm(10533): >>>>> Normal User
E/dalvikvm(10533): >>>>> com.google.android.talk [ userId:0 | appId:10128 ]
I/libpersona(10533): KNOX_SDCARD checking this for 10128
I/libpersona(10533): KNOX_SDCARD not a persona
V/AlarmManager( 942): trigger ELAPSED_REALTIME_WAKEUP or RTC_WAKEUP
E/SELinux (10533): [DEBUG] get_category: variable seinfocat: untrusted sensitivity: NULL, cateogry: NULL
D/TimaKeyStoreProvider(10533): in addTimaSignatureService
D/TimaKeyStoreProvider(10533): Cannot add TimaSignature Service, License check Failed
D/ActivityThread(10533): Added TimaKesytore provider
W/TimeWarp(10266): Frame 11768 Eye 0 latency 0.008
D/OVR ( 9239): Debug: SensorFusion::handleMessage - RotationRate zero
W/TimeWarp(10266): Frame 11776 Eye 0 latency 0.009
I/Babel (10533): MmsConfig: mnc/mcc: 0/0
I/Babel (10533): MmsConfig.loadMmsSettings
I/Babel (10533): MmsConfig.loadDeviceMmsSettings from API: mUserAgent=SAMSUNG-ANDROID-MMS/SM-N910F, mUaProfUrl=http://wap.samsungmobile.com/uaprof/SM-N910F.xml
I/Babel (10533): MmsConfig.loadFromDatabase
W/linker (10533): libarac.so has text relocations. This is wasting memory and is a security risk. Please fix.
E/Babel (10533): canonicalizeMccMnc: invalid mccmnc
I/Babel (10533): MmsConfig.loadFromResources
E/Babel (10533): canonicalizeMccMnc: invalid mccmnc nullnull
I/Babel (10533): MmsConfig.loadMmsSettings: mUserAgent=SAMSUNG-ANDROID-MMS/SM-N910F, mUaProfUrl=http://wap.samsungmobile.com/uaprof/SM-N910F.xml
D/dalvikvm(10533): Trying to load lib /data/app-lib/GmsCore/libgmscore.so 0x4237a858
E/dalvikvm(10533): dlopen("/data/app-lib/GmsCore/libgmscore.so") failed: dlopen failed: library "/data/app-lib/GmsCore/libgmscore.so" not found
E/ProviderInstaller(10533): Unable to load native code from /data/app-lib/GmsCore/libgmscore.so
W/Settings(10533): Setting airplane_mode_on has moved from android.provider.Settings.System to android.provider.Settings.Global, returning read-only value.
D/dalvikvm(10533): No JNI_OnLoad found in /system/lib/libgmscore.so 0x4237a858, skipping init
D/dalvikvm(10533): Trying to load lib /data/app-lib/GmsCore/libconscrypt_gmscore_jni.so 0x4237a858
E/dalvikvm(10533): dlopen("/data/app-lib/GmsCore/libconscrypt_gmscore_jni.so") failed: dlopen failed: library "/data/app-lib/GmsCore/libconscrypt_gmscore_jni.so" not found
E/ProviderInstaller(10533): Unable to load native code from /data/app-lib/GmsCore/libconscrypt_gmscore_jni.so
V/JNIHelp (10533): Registering com/google/android/gms/org/conscrypt/NativeCrypto's 234 native methods...
W/TimeWarp(10266): Frame 11784 Eye 0 latency 0.008
E/cutils ( 302): Failed to mkdirat(/storage/extSdCard/Android): Read-only file system
W/ContextImpl(10451): Failed to ensure directory: /storage/extSdCard/Android/data/com.hrs.b2c.android/cache
W/Vold ( 302): Returning OperationFailed - no handler for errno 30
E/cutils ( 302): Failed to mkdirat(/storage/extSdCard/Android): Read-only file system
W/ContextImpl(10451): Failed to ensure directory: /storage/extSdCard/Android/data/com.hrs.b2c.android/cache
W/Vold ( 302): Returning OperationFailed - no handler for errno 30
V/AlarmManager( 942): waitForAlarm result :8
V/AlarmManager( 942): ClockReceiver onReceive() ACTION_TIME_TICK
D/KeyguardUpdateMonitor( 1203): received broadcast android.intent.action.TIME_TICK
D/KeyguardUpdateMonitor( 1203): handleTimeUpdate
D/GCM ( 1589): Message class mow
D/ConnectivityManager( 1589): getActiveNetworkInfo : NetworkInfo: type: WIFI[], state: CONNECTED/CONNECTED, reason: (unspecified), extra: "ClimaxProduction", roaming: false, failover: false, isAvailable: true, isConnectedToProvisioningNetwork: false
D/ConnectivityManager( 1589): getActiveNetworkInfo : NetworkInfo: type: WIFI[], state: CONNECTED/CONNECTED, reason: (unspecified), extra: "ClimaxProduction", roaming: false, failover: false, isAvailable: true, isConnectedToProvisioningNetwork: false
V/AlarmManager( 942): next == MAX_VALUE
W/TimeWarp(10266): Frame 11792 Eye 0 latency 0.008
D/accuweather( 3183): [KK AccuPhone]>>> WCS:142 [0:0] action : androidintentactionTIME_TICK
D/accuweather( 3183): [KK AccuPhone]>>> UIM:119 [0:0] getInstance
D/accuweather( 3183): [KK AccuPhone]>>> UIM:286 [0:0] direct update clock
D/accuweather( 3183): [KK AccuPhone]>>> RU:74 [0:0] get ww = 339, wh = 160span x = 4, span y = 2
D/accuweather( 3183): [KK AccuPhone]>>> UIM:1428 [0:0] mc sy = 2
D/accuweather( 3183): [KK AccuPhone]>>> RU:74 [0:0] get ww = 339, wh = 160span x = 4, span y = 2
D/accuweather( 3183): [KK AccuPhone]>>> UIM:189 [0:0] get widget 4x2 view!!! wid = 1
E/accuweather( 3183): [KK AccuPhone]>>> UIM:1466 [0:0] bTM 14 47
W/TimeWarp(10266): Frame 11794 Eye 0 latency 0.008
I/ActivityManager( 942): Killing 9689:com.osp.app.signin/u0a50 (adj 15): empty #43
W/TimeWarp(10266): Frame 11802 Eye 0 latency 0.008
I/ProviderInstaller(10533): Installed default security provider GmsCore_OpenSSL
I/OVR (10266): DeviceManagerThread - event 69 (499Hz) (Tid=10318)
W/TimeWarp(10266): Frame 11806 Eye 0 latency 0.008
W/TimeWarp(10266): Warp GPU time: 0.0 ms
W/VrApi (10266): CPU0 Clock 1190 MHz, GPU Clock 300000 MHz, Power Level State 0, normal
W/UnityPlugin(10266): FPS: 30 GPU time: 0.0 ms
W/TimeWarp(10266): Frame 11810 Eye 0 latency 0.009
W/TimeWarp(10266): Frame 11816 Eye 0 latency 0.008
W/TimeWarp(10266): Frame 11818 Eye 0 latency 0.008
V/EnterpriseBillingPolicyStorage( 942): getAssignedProfile - start - ent1
V/EnterpriseBillingPolicyStorage( 942): getAssignedProfile - end - null
V/EnterpriseBillingEngine( 942): getContainersUsingProfile - null
V/EnterpriseBillingEngine( 942): - isSplitBillingEnabled - start -
V/EnterpriseBillingPolicyStorage( 942): getAssignedProfile - start - ent1
V/EnterpriseBillingPolicyStorage( 942): getAssignedProfile - end - null
V/EnterpriseBillingEngine( 942): - profileName - null
V/EnterpriseBillingEngine( 942): - isSplitBillingEnabled - end - false
V/EnterpriseBillingEngine( 942): isWifiFallbackAllowed - start - eapn - ent1
V/EnterpriseBillingPolicyStorage( 942): getAssignedProfile - start - ent1
V/EnterpriseBillingPolicyStorage( 942): getAssignedProfile - end - null
V/EnterpriseBillingEngine( 942): isWifiFallbackAllowed - Error no profile matching eapnType
V/EnterpriseBillingEngine( 942): - isWifiFallbackAllowed - end - false
V/EnterpriseBillingEngine( 942): - isTurnedOn - start - ent1
V/EnterpriseBillingPolicyStorage( 942): getAssignedProfile - start - ent1
V/EnterpriseBillingPolicyStorage( 942): getAssignedProfile - end - null
V/EnterpriseBillingEngine( 942): - isTurnedOn - end - false
D/ConnectivityService( 942): handleInetConditionHoldEnd: net=1, condition=100, published condition=100
D/ConnectivityService( 942): sending 1 to 0
D/ConnectivityManager( 1224): getActiveNetworkInfo : NetworkInfo: type: WIFI[], state: CONNECTED/CONNECTED, reason: (unspecified), extra: "ClimaxProduction", roaming: false, failover: false, isAvailable: true, isConnectedToProvisioningNetwork: false
D/STATUSBAR-NetworkController( 1224): onReceive() - CONNECTIVITY_ACTION, INET_CONDITION_ACTION
D/STATUSBAR-NetworkController( 1224): getUpdateDataNetType() - mDataNetType:0
D/STATUSBAR-NetworkController( 1224): updateDataNetType()
D/STATUSBAR-NetworkController( 1224): Nothing, mRoamingIconId = 0
D/StatusBar.NetworkController( 1224): WifiType neither 802.11AC nor MIMO - do nothing
W/TimeWarp(10266): Frame 11822 Eye 0 latency 0.008
D/VRSVC ( 9239): at (HmtService.java:528) onReceive() [intent action=com.system.action.NOTIFICATION]
D/VRSVC ( 9239): at (HmtService.java:390) yTqX() [Notification packageName=com.android.systemui notificationType=2]
W/VRSVC ( 9239): at (HmtService.java:393) yTqX() [Notification blocked! packageName=com.android.systemui]
W/ContextImpl( 942): Calling a method in the system process without a qualified user: android.app.ContextImpl.sendBroadcast:1524 com.android.server.StatusBarManagerService.sendNotification:1002 com.android.server.StatusBarManagerService.updateNotification:711 com.android.server.NotificationManagerService$7.run:2187 android.os.Handler.handleCallback:733
D/STATUSBAR-StatusBarManagerService( 942): sendNotification(2) - 273
W/TimeWarp(10266): Frame 11824 Eye 0 latency 0.009
W/TimeWarp(10266): Frame 11826 Eye 0 latency 0.008
W/TimeWarp(10266): Frame 11835 Eye 0 latency 0.009
W/TimeWarp(10266): Frame 11836 Eye 0 latency 0.008
W/TimeWarp(10266): Frame 11838 Eye 0 latency 0.008
W/TimeWarp(10266): Frame 11842 Eye 0 latency 0.009
W/TimeWarp(10266): Frame 11844 Eye 0 latency 0.008
W/TimeWarp(10266): Frame 11848 Eye 0 latency 0.008
W/TimeWarp(10266): Frame 11850 Eye 0 latency 0.009
W/TimeWarp(10266): Frame 11852 Eye 0 latency 0.008
W/TimeWarp(10266): Frame 11854 Eye 0 latency 0.009
W/TimeWarp(10266): Frame 11856 Eye 0 latency 0.009
W/TimeWarp(10266): Frame 11858 Eye 0 latency 0.009
I/OVR (10266): DeviceManagerThread - event 69 (498Hz) (Tid=10318)
W/TimeWarp(10266): Frame 11864 Eye 0 latency 0.009
W/TimeWarp(10266): Warp GPU time: 0.0 ms
W/VrApi (10266): CPU0 Clock 1190 MHz, GPU Clock 300000 MHz, Power Level State 0, normal
W/UnityPlugin(10266): FPS: 30 GPU time: 0.0 ms
W/TimeWarp(10266): Frame 11872 Eye 0 latency 0.008
W/TimeWarp(10266): Frame 11874 Eye 0 latency 0.008
W/TimeWarp(10266): Frame 11878 Eye 0 latency 0.008
W/TimeWarp(10266): Frame 11884 Eye 0 latency 0.008
W/TimeWarp(10266): Frame 11886 Eye 0 latency 0.008
W/TimeWarp(10266): Frame 11894 Eye 0 latency 0.009
W/TimeWarp(10266): Frame 11896 Eye 0 latency 0.009
W/TimeWarp(10266): Frame 11900 Eye 0 latency 0.008
W/TimeWarp(10266): Frame 11904 Eye 0 latency 0.008
W/TimeWarp(10266): Frame 11906 Eye 0 latency 0.008
W/TimeWarp(10266): Frame 11918 Eye 0 latency 0.008
W/TimeWarp(10266): Frame 11922 Eye 0 latency 0.008
W/TimeWarp(10266): Frame 11923 Eye 1 latency 0.008
I/OVR (10266): DeviceManagerThread - event 69 (499Hz) (Tid=10318)
W/TimeWarp(10266): Frame 11924 Eye 0 latency 0.009
W/TimeWarp(10266): Frame 11925 Eye 1 latency 0.008
W/TimeWarp(10266): Warp GPU time: 0.0 ms
W/TimeWarp(10266): Frame 11926 Eye 0 latency 0.008
W/VrApi (10266): CPU0 Clock 1190 MHz, GPU Clock 300000 MHz, Power Level State 0, normal
W/UnityPlugin(10266): FPS: 30 GPU time: 0.0 ms
W/TimeWarp(10266): Frame 11927 Eye 1 latency 0.009
W/TimeWarp(10266): Frame 11928 Eye 1 latency 0.009
W/TimeWarp(10266): Frame 11929 Eye 1 latency 0.008
W/TimeWarp(10266): Frame 11930 Eye 0 latency 0.009
W/TimeWarp(10266): Frame 11931 Eye 1 latency 0.008
W/TimeWarp(10266): Frame 11932 Eye 0 latency 0.009
W/TimeWarp(10266): Frame 11933 Eye 1 latency 0.008
W/TimeWarp(10266): Frame 11934 Eye 0 latency 0.009
W/TimeWarp(10266): Frame 11935 Eye 1 latency 0.009
W/TimeWarp(10266): Frame 11936 Eye 0 latency 0.009
W/TimeWarp(10266): Frame 11937 Eye 1 latency 0.009
W/TimeWarp(10266): Frame 11938 Eye 0 latency 0.009
W/TimeWarp(10266): Frame 11940 Eye 0 latency 0.009
W/UnityPlugin(10266): OVR_VrModeParms_SetCpuLevel(): L 1
W/UnityPlugin(10266): OVR_VrModeParms_SetGpuLevel(): L 1
W/UnityPlugin(10266): OVR_TW_SetMinimumVsyncs() 2
W/TimeWarp(10266): Frame 11941 Eye 1 latency 0.008
W/TimeWarp(10266): Frame 11942 Eye 0 latency 0.009
W/UnityPlugin(10266): OVR_VrModeParms_Reset()
W/UnityPlugin(10266): OVR_VrModeParms_Reset: Soft Reset
W/UnityPlugin(10266): OVR_VrModeParms_Reset: Clock Lock Reset
W/VrApi (10266): SetVrPlatformOptions( -1, -1 )
D/VrLib (10266): Available levels: {GPU MIN, GPU MAX, CPU MIN, CPU MAX}
D/VrLib (10266): -> / 0
D/VrLib (10266): -> / 3
D/VrLib (10266): -> / 0
D/VrLib (10266): -> / 3
D/VrLib (10266): setSystemPerformance cpu: -1 gpu: -1
D/VrLib (10266): Fixed clock level API exists
V/VRSVC (10291): at (VRManagerService.java:460) yTqX() [SIOP : 0]
V/VRSVC (10291): at (VRManagerService.java:461) yTqX() [PLATFORM : apq8084]
V/VRSVC (10291): at (VRManagerService.java:310) wtkw() [Release GPU minLock COMPLETE: com.climaxstudios.BanditSix]
V/VRSVC (10291): at (VRManagerService.java:314) wtkw() [Release GPU maxLock COMPLETE: com.climaxstudios.BanditSix]
V/VRSVC (10291): at (VRManagerService.java:335) yTqX() [Release CPU minLock COMPLETE: com.climaxstudios.BanditSix]
V/VRSVC (10291): at (VRManagerService.java:339) yTqX() [Release CPU maxLock COMPLETE: com.climaxstudios.BanditSix]
V/VRSVC (10291): at (VRManagerService.java:537) yTqX() [SetVrClocks release]
D/VrLib (10266): Releasing frequency lock
W/VrApi (10266): CPU Clock = 0 MHz
W/VrApi (10266): GPU Clock = 0 MHz
W/VrApi (10266): SetVrPlatformOptions( 1, 1 )
D/CustomFrequencyManagerService( 942): releaseDVFSLockLocked : Getting Lock type frm List : DVFS_MIN_LIMIT frequency : 1190400 uid : 1000 pid : 942 tag : VR_CPU_MIN@1
D/CustomFrequencyManagerService( 942): releaseDVFSLockLocked : Getting Lock type frm List : DVFS_MAX_LIMIT frequency : 1190400 uid : 1000 pid : 942 tag : VR_CPU_MAX@2
D/VrLib (10266): Available levels: {GPU MIN, GPU MAX, CPU MIN, CPU MAX}
D/VrLib (10266): -> / 0
D/VrLib (10266): -> / 3
D/VrLib (10266): -> / 0
D/VrLib (10266): -> / 3
W/VrApi (10266): CPU levels [0, 3]
W/VrApi (10266): GPU levels [0, 3]
D/VrLib (10266): setSystemPerformance cpu: 1 gpu: 1
D/VrLib (10266): Fixed clock level API exists
V/VRSVC (10291): at (VRManagerService.java:460) yTqX() [SIOP : 0]
V/VRSVC (10291): at (VRManagerService.java:461) yTqX() [PLATFORM : apq8084]
V/VRSVC (10291): at (VRManagerService.java:239) uWFZ() [getDevelopermode : 1]
V/VRSVC (10291): at (VRManagerService.java:576) wtkw() [Set CPU minLock COMPLETE: com.climaxstudios.BanditSix 1190400]
V/VRSVC (10291): at (VRManagerService.java:588) wtkw() [Set CPU maxLock COMPLETE: com.climaxstudios.BanditSix 1190400]
V/VRSVC (10291): at (VRManagerService.java:239) uWFZ() [getDevelopermode : 1]
D/CustomFrequencyManagerService( 942): acquireDVFSLockLocked : type : DVFS_MIN_LIMIT frequency : 1190400 uid : 1000 pid : 942 pkgName : VR_CPU_MIN@1
D/CustomFrequencyManagerService( 942): acquireDVFSLockLocked : type : DVFS_MAX_LIMIT frequency : 1190400 uid : 1000 pid : 942 pkgName : VR_CPU_MAX@2
E/VRSVC (10291): at (VRManagerService.java:621) QdBd() [Set GPU minLock COMPLETE: com.climaxstudios.BanditSix 300000000]
V/VRSVC (10291): at (VRManagerService.java:632) QdBd() [Set GPU maxLock COMPLETE: com.climaxstudios.BanditSix 300000000]
V/VRSVC (10291): at (VRManagerService.java:551) yTqX() [(1:1:com.climaxstudios.BanditSix) (1190400:300000000:883200:240000000) pkg: com.climaxstudios.BanditSix]
D/VrLib (10266): SetVrClocks: {CPU CLOCK, GPU CLOCK, POWERSAVE CPU CLOCK, POWERSAVE GPU CLOCK}
D/VrLib (10266): -> / 1190400
D/VrLib (10266): -> / 300000000
D/VrLib (10266): -> / 883200
D/VrLib (10266): -> / 240000000
W/VrApi (10266): CPU Clock = 1190 MHz
W/VrApi (10266): GPU Clock = 300 MHz
W/TimeWarp(10266): Frame 11954 Eye 1 latency 0.009
W/TimeWarp(10266): Frame 11962 Eye 0 latency 0.023
W/TimeWarp(10266): Frame 11966 Eye 1 latency 0.009
W/TimeWarp(10266): Frame 11969 Eye 1 latency 0.008
I/OVR (10266): DeviceManagerThread - event 69 (499Hz) (Tid=10318)
W/TimeWarp(10266): Warp GPU time: 0.0 ms
W/VrApi (10266): CPU0 Clock 1190 MHz, GPU Clock 300000 MHz, Power Level State 0, normal
W/UnityPlugin(10266): FPS: 13 GPU time: 0.0 ms
W/TimeWarp(10266): Frame 12015 Eye 1 latency 0.010
W/TimeWarp(10266): Frame 12034 Eye 1 latency 0.010
I/OVR (10266): DeviceManagerThread - event 69 (498Hz) (Tid=10318)
D/OVR ( 9239): Debug: SensorFusion::handleMessage - RotationRate zero
W/TimeWarp(10266): Frame 12044 Eye 1 latency 0.011
W/TimeWarp(10266): WarpSwap: usleep( 653 )
W/TimeWarp(10266): Warp GPU time: 0.0 ms
W/VrApi (10266): CPU0 Clock 1190 MHz, GPU Clock 300000 MHz, Power Level State 0, normal
W/UnityPlugin(10266): FPS: 15 GPU time: 0.0 ms
W/TimeWarp(10266): Frame 12052 Eye 1 latency 0.009
W/TimeWarp(10266): Frame 12064 Eye 1 latency 0.008
W/TimeWarp(10266): Frame 12078 Eye 0 latency 0.010
I/GAV4 (10533): Thread[GAThread,5,main]: No campaign data found.
W/TimeWarp(10266): Frame 12085 Eye 0 latency 0.095
W/TimeWarp(10266): Changing vsync from 12086.000000 to 12098.000000
I/OVR (10266): DeviceManagerThread - event 69 (498Hz) (Tid=10318)
D/OVR ( 9239): Debug: SensorFusion::handleMessage - RotationRate zero
W/TimeWarp(10266): Warp GPU time: 0.0 ms
W/VrApi (10266): CPU0 Clock 1190 MHz, GPU Clock 300000 MHz, Power Level State 0, normal
W/UnityPlugin(10266): FPS: 4 GPU time: 0.0 ms
W/TimeWarp(10266): Frame 12110 Eye 1 latency 0.008
W/TimeWarp(10266): Frame 12142 Eye 0 latency 0.090
W/TimeWarp(10266): Changing vsync from 12143.000000 to 12156.000000
I/OVR (10266): DeviceManagerThread - event 69 (499Hz) (Tid=10318)
W/VrApi (10266): CPU0 Clock 1190 MHz, GPU Clock 300000 MHz, Power Level State 0, normal
W/UnityPlugin(10266): FPS: 4 GPU time: 0.0 ms
W/TimeWarp(10266): Warp GPU time: 0.0 ms
D/OVR ( 9239): Debug: SensorFusion::handleMessage - RotationRate zero
W/TimeWarp(10266): Frame 12201 Eye 0 latency 0.008
W/UnityPlugin(10266): OVR_VrModeParms_SetCpuLevel(): L 2
W/UnityPlugin(10266): OVR_VrModeParms_SetGpuLevel(): L 2
W/UnityPlugin(10266): OVR_TW_SetMinimumVsyncs() 1
W/TimeWarp(10266): Frame 12209 Eye 0 latency 0.009
D/OVR ( 9239): Debug: SensorFusion::handleMessage - RotationRate zero
I/OVR (10266): DeviceManagerThread - event 69 (499Hz) (Tid=10318)
W/TimeWarp(10266): Warp GPU time: 0.0 ms
W/TimeWarp(10266): Frame 12236 Eye 1 latency 0.009
W/UnityPlugin(10266): OVR_VrModeParms_Reset()
W/UnityPlugin(10266): OVR_VrModeParms_Reset: Soft Reset
W/UnityPlugin(10266): OVR_VrModeParms_Reset: Clock Lock Reset
W/VrApi (10266): SetVrPlatformOptions( -1, -1 )
D/VrLib (10266): Available levels: {GPU MIN, GPU MAX, CPU MIN, CPU MAX}
D/VrLib (10266): -> / 0
D/VrLib (10266): -> / 3
D/VrLib (10266): -> / 0
D/VrLib (10266): -> / 3
D/VrLib (10266): setSystemPerformance cpu: -1 gpu: -1
D/VrLib (10266): Fixed clock level API exists
V/VRSVC (10291): at (VRManagerService.java:460) yTqX() [SIOP : 0]
V/VRSVC (10291): at (VRManagerService.java:461) yTqX() [PLATFORM : apq8084]
V/VRSVC (10291): at (VRManagerService.java:310) wtkw() [Release GPU minLock COMPLETE: com.climaxstudios.BanditSix]
