--------- beginning of /dev/log/system
D/STATUSBAR-NetworkController( 1224): refreshSignalCluster - setNWBoosterIndicators(false)
D/STATUSBAR-NetworkController( 1224): refreshSignalCluster: data=-1 bt=false
D/SSRMv3:SsrmController( 942): SIOP:: AP = 410, PST = 366
D/STATUSBAR-NetworkController( 1224): refreshSignalCluster - setNWBoosterIndicators(false)
D/STATUSBAR-NetworkController( 1224): refreshSignalCluster: data=-1 bt=false
D/STATUSBAR-NetworkController( 1224): onSignalStrengthsChanged signalStrength=SignalStrength: 17 -1 -1 -1 -1 -1 -1 99 2147483647 2147483647 2147483647 -1 2147483647 gsm|lte 0x4 level=4
D/STATUSBAR-NetworkController( 1224): onSignalStrengthsChanged signalStrength=SignalStrength: 17 -1 -1 -1 -1 -1 -1 99 2147483647 2147483647 2147483647 -1 2147483647 gsm|lte 0x4 level=4
D/STATUSBAR-NetworkController( 1224): refreshSignalCluster - setNWBoosterIndicators(false)
D/STATUSBAR-NetworkController( 1224): refreshSignalCluster: data=-1 bt=false --------- beginning of /dev/log/main
D/InputReader( 942): Input event: value=1
D/InputReader( 942): Input event: value=1
I/InputReader( 942): Touch event's action is 0x0 (deviceType=0) [pCnt=1, s=0.51 ] when=6324733676000
I/InputDispatcher( 942): Delivering touch to (1224): action: 0x4, toolType: 1
I/InputDispatcher( 942): Delivering touch to (1401): action: 0x0, toolType: 1
I/InputDispatcher( 942): Delivering touch to (1224): action: 0x0, toolType: 1
D/ViewRootImpl( 1401): ViewPostImeInputStage ACTION_DOWN
D/KeyguardUpdateMonitor( 1203): sendKeyguardVisibilityChanged(true)
I/KeyguardUpdateMonitor( 1203): visibility is same
D/KeyguardUpdateMonitor( 1203): sendKeyguardVisibilityChanged(true)
I/KeyguardUpdateMonitor( 1203): visibility is same
D/CustomFrequencyManagerService( 942): acquireDVFSLockLocked : type : DVFS_MIN_LIMIT frequency : 2457600 uid : 1000 pid : 942 pkgName : com.sec.android.app.launcher@1
D/InputReader( 942): Input event: value=0
D/InputReader( 942): Input event: value=0
I/InputReader( 942): Touch event's action is 0x1 (deviceType=0) [pCnt=1, s=] when=6324790134000
I/InputDispatcher( 942): Delivering touch to (1401): action: 0x1, toolType: 1
I/InputDispatcher( 942): Delivering touch to (1224): action: 0x1, toolType: 1
E/AudioService( 942): AudioService sendMsg 5
E/AudioService( 942): get MSG_SET_DEVICE_VOLUME get msg : 5
I/AudioPolicyManagerBase( 327): getSituationVolume: isBTConnected:0 isHeadConnected:0
V/AudioPolicyManagerBase( 327): getParamFromPolicy deviceInt = 0, situationInt = 1, situationVolume = 1.000000
V/AudioPolicyManagerBase( 327): getOutput() device 2, stream 1, samplingRate 0, format 0, channelMask 3, flags 0
V/AudioPolicyManagerBase( 327): getOutputsForDevice device 0002 -> 0002
V/AudioPolicyManagerBase( 327): selectOutput() output 2 outputDesc->mProfile->mFlags 0002 flags 0000
V/AudioPolicyManagerBase( 327): selectOutput() output 3 outputDesc->mProfile->mFlags 0004 flags 0000
V/AudioPolicyManagerBase( 327): getOutput() returns output 2
V/AudioPolicyManagerBase( 327): getOutput() device 2, stream 1, samplingRate 0, format 0, channelMask 3, flags 0
V/AudioPolicyManagerBase( 327): getOutputsForDevice device 0002 -> 0002
V/AudioPolicyManagerBase( 327): selectOutput() output 2 outputDesc->mProfile->mFlags 0002 flags 0000
V/AudioPolicyManagerBase( 327): selectOutput() output 3 outputDesc->mProfile->mFlags 0004 flags 0000
V/AudioPolicyManagerBase( 327): getOutput() returns output 2
V/AudioPolicyManagerBase( 327): getOutput() device 2, stream 1, samplingRate 48000, format 1, channelMask 1, flags 4
V/AudioPolicyManagerBase( 327): getOutputsForDevice device 0002 -> 0002
V/AudioPolicyManagerBase( 327): selectOutput() output 2 outputDesc->mProfile->mFlags 0002 flags 0004
V/AudioPolicyManagerBase( 327): selectOutput() output 3 outputDesc->mProfile->mFlags 0004 flags 0004
V/AudioPolicyManagerBase( 327): selectOutput() commonFlags for output 3, 0001
V/AudioPolicyManagerBase( 327): getOutput() returns output 3
D/CustomFrequencyManagerService( 942): releaseDVFSLockLocked : Getting Lock type frm List : DVFS_MIN_LIMIT frequency : 2457600 uid : 1000 pid : 942 tag : com.sec.android.app.launcher@1
D/AudioFlinger( 327): start(4096), calling pid 942 session 97
D/AudioFlinger( 327): ? => ACTIVE (4096) on thread 0xb814d048
V/AudioPolicyManagerBase( 327): startOutput() output 3, stream 1, session 97
V/AudioPolicyManagerBase( 327): changeRefCount() stream 1, count 1
V/AudioPolicyManagerBase( 327): getNewDevice() selected device 2
V/AudioPolicyManagerBase( 327): setOutputDevice() output 3 device 0002 force 0 delayMs 0
V/AudioPolicyManagerBase( 327): setOutputDevice() prevDevice (0002)
V/AudioPolicyManagerBase( 327): setOutputDevice() setting same device 0002 or null device for output 3
V/AudioPolicyManagerBase( 327): releaseOutput() 3
I/MicrophoneInputStream( 1668): mic_close fii@42307b78
V/audio_hw_primary( 327): start_output_stream: enter: usecase(1: low-latency-playback) devices(0x2)
V/audio_hw_primary( 327): select_devices: ENTER
V/audio_hw_primary( 327): select_devices: usecase(Normal)
V/audio_hw_primary( 327): select_devices: usecase(PCM_PLAYBACK)
V/msm8974_platform( 327): platform_get_output_snd_device: enter: output devices(0x2)
V/msm8974_platform( 327): get_OUTPUT_snd_device: for Normal Playback
V/msm8974_platform( 327): platform_get_output_snd_device: exit: snd_device(speaker)
D/audio_hw_primary( 327): select_devices: out_snd_device(2: speaker)
D/audio_hw_primary( 327): select_devices: in_snd_device(0: dummy)
E/msm8974_platform( 327): platform_send_audio_calibration: sending audio calibration for snd_device(2) acdb_id(15)
D/ACDB-LOADER( 327): ACDB -> send_audio_cal, acdb_id = 15, path = 0
D/ACDB-LOADER( 327): ACDB -> send_adm_topology
D/ACDB-LOADER( 327): ACDB -> ACDB_CMD_GET_AUDPROC_COMMON_TOPOLOGY_ID
D/ACDB-LOADER( 327): ACDB -> send_asm_topology
D/ACDB-LOADER( 327): ACDB -> ACDB_CMD_GET_AUDPROC_STREAM_TOPOLOGY_ID
D/ACDB-LOADER( 327): ACDB -> send_audtable
D/ACDB-LOADER( 327): ACDB -> ACDB_CMD_GET_AUDPROC_COMMON_TABLE
D/ ( 327): ACDBFILE_MGR:Read the devices count as zero, please check the acdb file
D/ACDB-LOADER( 327): ACDB -> AUDIO_SET_AUDPROC_CAL
D/ACDB-LOADER( 327): ACDB -> send_audvoltable
D/ACDB-LOADER( 327): ACDB -> ACDB_CMD_GET_AUDPROC_GAIN_DEP_STEP_TABLE
D/ ( 327): ACDBFILE_MGR:Read the devices count as zero, please check the acdb file
D/ACDB-LOADER( 327): ACDB -> AUDIO_SET_AUDPROC_VOL_CAL
D/ACDB-LOADER( 327): ACDB -> send_afe_cal
D/ACDB-LOADER( 327): ACDB -> ACDB_CMD_GET_AFE_COMMON_TABLE
D/ ( 327): ACDBFILE_MGR:Read the devices count as zero, please check the acdb file
D/ACDB-LOADER( 327): ACDB -> AUDIO_SET_AFE_CAL
V/audio_hw_primary( 327): enable_snd_device: snd_device(2: speaker, speaker)
D/audio_route( 327): Setting mixer control: SLIM RX2 MUX, value: 1
D/audio_route( 327): Setting mixer control: SLIM_0_RX Channels, value: 1
D/audio_route( 327): Setting mixer control: RX5 MIX1 INP1, value: 5
D/audio_route( 327): Setting mixer control: RX5 MIX1 INP2, value: 6
V/audio_hw_primary( 327): in_standby: enter
D/audio_route( 327): Setting mixer control: RDAC7 MUX, value: 1
D/audio_route( 327): Setting mixer control: SPK out, value: 1
D/audio_route( 327): Setting mixer control: MultiMedia2 Mixer QUAT_MI2S_TX, value: 1
D/audio_route( 327): Setting mixer control: LINEOUT2 Volume, value: 16
D/audio_route( 327): Setting mixer control: LINEOUT4 Volume, value: 16
V/audio_hw_primary( 327): enable_audio_route: enter: usecase(1)
V/audio_hw_primary( 327): enable_audio_route: apply mixer and update path: low-latency-playback
D/audio_route( 327): Setting mixer control: SLIMBUS_0_RX Audio Mixer MultiMedia5, value: 1
V/audio_hw_primary( 327): enable_audio_route: exit
E/audio_hw_primary( 327): [MAXIM] setDSM_tx_Control()....dsm_enable : 1, dsm_opened : 0, adev->snd_card : 0, device_id : 1, adev->mode : 0
V/audio_hw_primary( 327): start_output_stream: Opening PCM device card_id(0) device_id(15)
V/audio_hw_primary( 327): start_output_stream: exit
V/audio_hw_primary( 327): stop_input_stream: enter: usecase(8: audio-record)
V/audio_hw_primary( 327): disable_audio_route: enter: usecase(8)
V/audio_hw_primary( 327): disable_audio_route: reset and update mixer path: audio-record
D/audio_route( 327): Setting mixer control: MultiMedia1 Mixer SLIM_0_TX, value: 0
V/audio_hw_primary( 327): disable_audio_route: exit
V/audio_hw_primary( 327): disable_snd_device: snd_device(133: vr-main-mic)
D/audio_route( 327): Setting mixer control: DEC2 Volume, value: 84
D/audio_route( 327): Setting mixer control: DEC2 MUX, value: 0
D/audio_route( 327): Setting mixer control: SLIM TX2 MUX, value: 0
D/audio_route( 327): Setting mixer control: AIF2_CAP Mixer SLIM TX2, value: 0
V/audio_hw_primary( 327): stop_input_stream: exit: status(0)
V/audio_hw_primary( 327): in_standby: exit: status(0)
V/AudioPolicyManagerBase( 327): stopInput() input 96
V/audio_hw_primary( 327): in_set_parameters: enter: kvpairs=routing=0
I/samsungRecord( 327): [samsungrecord] MicCalonoff 1
V/audio_hw_primary( 327): in_set_parameters: exit: status(1)
I/HotwordRecognitionRnr( 1668): Hotword detection finished
V/AudioPolicyManagerBase( 327): releaseInput() 96
I/HotwordRecognitionRnr( 1668): Stopping hotword detection.
V/audio_hw_primary( 327): adev_close_input_stream
V/audio_hw_primary( 327): in_standby: enter
V/audio_hw_primary( 327): in_standby: exit: status(0)
E/audio_hw_primary( 327): adev_close_input_stream, set jack_in to null
V/AudioPolicyManagerBase( 327): releaseInput() exit
V/AudioPolicyManagerBase( 327): stopOutput() output 3, stream 1, session 97
V/AudioPolicyManagerBase( 327): changeRefCount() stream 1, count 0
V/AudioPolicyManagerBase( 327): getNewDevice() selected device 0
V/AudioPolicyManagerBase( 327): setOutputDevice() output 3 device 0000 force 0 delayMs 100
V/AudioPolicyManagerBase( 327): setOutputDevice() prevDevice (0002)
V/AudioPolicyManagerBase( 327): setOutputDevice() setting same device 0000 or null device for output 3
D/STATUSBAR-NetworkController( 1224): refreshSignalCluster - setNWBoosterIndicators(false)
D/STATUSBAR-NetworkController( 1224): refreshSignalCluster: data=-1 bt=false
D/STATUSBAR-NetworkController( 1224): onSignalStrengthsChanged signalStrength=SignalStrength: 16 -1 -1 -1 -1 -1 -1 99 2147483647 2147483647 2147483647 -1 2147483647 gsm|lte 0x4 level=4
V/audio_hw_primary( 327): out_standby: enter: usecase(1: low-latency-playback)
D/InputReader( 942): Input event: value=1
D/InputReader( 942): Input event: value=1
I/InputReader( 942): Touch event's action is 0x0 (deviceType=0) [pCnt=1, s=0.52 ] when=6328112166000
I/InputDispatcher( 942): Delivering touch to (1224): action: 0x4, toolType: 1
I/InputDispatcher( 942): Delivering touch to (1401): action: 0x0, toolType: 1
I/InputDispatcher( 942): Delivering touch to (1224): action: 0x0, toolType: 1
D/ViewRootImpl( 1401): ViewPostImeInputStage ACTION_DOWN
D/CustomFrequencyManagerService( 942): acquireDVFSLockLocked : type : DVFS_MIN_LIMIT frequency : 2457600 uid : 1000 pid : 942 pkgName : com.sec.android.app.launcher@1
V/audio_hw_primary( 327): stop_output_stream: enter: usecase(1: low-latency-playback)
V/audio_hw_primary( 327): disable_audio_route: enter: usecase(1)
V/audio_hw_primary( 327): disable_audio_route: reset and update mixer path: low-latency-playback
D/audio_route( 327): Setting mixer control: SLIMBUS_0_RX Audio Mixer MultiMedia5, value: 0
V/audio_hw_primary( 327): disable_audio_route: exit
V/audio_hw_primary( 327): disable_snd_device: snd_device(2: speaker)
E/audio_hw_primary( 327): [MAXIM] setDSM_tx_Control()....dsm_enable : 0, dsm_opened : 1, adev->mode : 0
D/SSRMv3:SsrmController( 942): SIOP:: AP = 390, PST = 370
D/audio_route( 327): Setting mixer control: LINEOUT4 Volume, value: 13
D/audio_route( 327): Setting mixer control: LINEOUT2 Volume, value: 13
D/audio_route( 327): Setting mixer control: MultiMedia2 Mixer QUAT_MI2S_TX, value: 0
D/audio_route( 327): Setting mixer control: SPK out, value: 0
D/audio_route( 327): Setting mixer control: RDAC7 MUX, value: 0
D/audio_route( 327): Setting mixer control: RX5 MIX1 INP2, value: 0
D/audio_route( 327): Setting mixer control: RX5 MIX1 INP1, value: 0
D/audio_route( 327): Setting mixer control: SLIM_0_RX Channels, value: 0
D/audio_route( 327): Setting mixer control: SLIM RX2 MUX, value: 0
V/audio_hw_primary( 327): stop_output_stream: exit: status(0)
V/audio_hw_primary( 327): out_standby: exit
D/InputReader( 942): Input event: value=0
D/InputReader( 942): Input event: value=0
I/InputReader( 942): Touch event's action is 0x1 (deviceType=0) [pCnt=1, s=] when=6328191561000
I/InputDispatcher( 942): Delivering touch to (1401): action: 0x1, toolType: 1
I/InputDispatcher( 942): Delivering touch to (1224): action: 0x1, toolType: 1
E/AudioService( 942): AudioService sendMsg 5
E/AudioService( 942): get MSG_SET_DEVICE_VOLUME get msg : 5
I/AudioPolicyManagerBase( 327): getSituationVolume: isBTConnected:0 isHeadConnected:0
V/AudioPolicyManagerBase( 327): getParamFromPolicy deviceInt = 0, situationInt = 1, situationVolume = 1.000000
V/AudioPolicyManagerBase( 327): getOutput() device 2, stream 1, samplingRate 0, format 0, channelMask 3, flags 0
V/AudioPolicyManagerBase( 327): getOutputsForDevice device 0002 -> 0002
V/AudioPolicyManagerBase( 327): selectOutput() output 2 outputDesc->mProfile->mFlags 0002 flags 0000
V/AudioPolicyManagerBase( 327): selectOutput() output 3 outputDesc->mProfile->mFlags 0004 flags 0000
V/AudioPolicyManagerBase( 327): getOutput() returns output 2
V/AudioPolicyManagerBase( 327): getOutput() device 2, stream 1, samplingRate 0, format 0, channelMask 3, flags 0
V/AudioPolicyManagerBase( 327): getOutputsForDevice device 0002 -> 0002
V/AudioPolicyManagerBase( 327): selectOutput() output 2 outputDesc->mProfile->mFlags 0002 flags 0000
V/AudioPolicyManagerBase( 327): selectOutput() output 3 outputDesc->mProfile->mFlags 0004 flags 0000
V/AudioPolicyManagerBase( 327): getOutput() returns output 2
V/AudioPolicyManagerBase( 327): getOutput() device 2, stream 1, samplingRate 48000, format 1, channelMask 1, flags 4
V/AudioPolicyManagerBase( 327): getOutputsForDevice device 0002 -> 0002
V/AudioPolicyManagerBase( 327): selectOutput() output 2 outputDesc->mProfile->mFlags 0002 flags 0004
V/AudioPolicyManagerBase( 327): selectOutput() output 3 outputDesc->mProfile->mFlags 0004 flags 0004
V/AudioPolicyManagerBase( 327): selectOutput() commonFlags for output 3, 0001
V/AudioPolicyManagerBase( 327): getOutput() returns output 3
D/CustomFrequencyManagerService( 942): releaseDVFSLockLocked : Getting Lock type frm List : DVFS_MIN_LIMIT frequency : 2457600 uid : 1000 pid : 942 tag : com.sec.android.app.launcher@1
D/AudioFlinger( 327): start(4099), calling pid 942 session 98
D/AudioFlinger( 327): ? => ACTIVE (4099) on thread 0xb8054c88
V/AudioPolicyManagerBase( 327): startOutput() output 3, stream 1, session 98
V/AudioPolicyManagerBase( 327): changeRefCount() stream 1, count 1
V/AudioPolicyManagerBase( 327): getNewDevice() selected device 2
V/AudioPolicyManagerBase( 327): setOutputDevice() output 3 device 0002 force 0 delayMs 0
V/AudioPolicyManagerBase( 327): setOutputDevice() prevDevice (0002)
V/AudioPolicyManagerBase( 327): setOutputDevice() setting same device 0002 or null device for output 3
V/AudioPolicyManagerBase( 327): releaseOutput() 3
V/audio_hw_primary( 327): start_output_stream: enter: usecase(1: low-latency-playback) devices(0x2)
V/audio_hw_primary( 327): select_devices: ENTER
V/audio_hw_primary( 327): select_devices: usecase(Normal)
V/audio_hw_primary( 327): select_devices: usecase(PCM_PLAYBACK)
V/msm8974_platform( 327): platform_get_output_snd_device: enter: output devices(0x2)
V/msm8974_platform( 327): get_OUTPUT_snd_device: for Normal Playback
V/msm8974_platform( 327): platform_get_output_snd_device: exit: snd_device(speaker)
D/audio_hw_primary( 327): select_devices: out_snd_device(2: speaker)
D/audio_hw_primary( 327): select_devices: in_snd_device(0: dummy)
E/msm8974_platform( 327): platform_send_audio_calibration: sending audio calibration for snd_device(2) acdb_id(15)
D/ACDB-LOADER( 327): ACDB -> send_audio_cal, acdb_id = 15, path = 0
D/ACDB-LOADER( 327): ACDB -> send_adm_topology
D/ACDB-LOADER( 327): ACDB -> ACDB_CMD_GET_AUDPROC_COMMON_TOPOLOGY_ID
D/ACDB-LOADER( 327): ACDB -> send_asm_topology
D/ACDB-LOADER( 327): ACDB -> ACDB_CMD_GET_AUDPROC_STREAM_TOPOLOGY_ID
D/ACDB-LOADER( 327): ACDB -> send_audtable
D/ACDB-LOADER( 327): ACDB -> ACDB_CMD_GET_AUDPROC_COMMON_TABLE
D/ ( 327): ACDBFILE_MGR:Read the devices count as zero, please check the acdb file
D/ACDB-LOADER( 327): ACDB -> AUDIO_SET_AUDPROC_CAL
D/ACDB-LOADER( 327): ACDB -> send_audvoltable
D/ACDB-LOADER( 327): ACDB -> ACDB_CMD_GET_AUDPROC_GAIN_DEP_STEP_TABLE
D/ ( 327): ACDBFILE_MGR:Read the devices count as zero, please check the acdb file
D/ACDB-LOADER( 327): ACDB -> AUDIO_SET_AUDPROC_VOL_CAL
D/ACDB-LOADER( 327): ACDB -> send_afe_cal
D/ACDB-LOADER( 327): ACDB -> ACDB_CMD_GET_AFE_COMMON_TABLE
D/ ( 327): ACDBFILE_MGR:Read the devices count as zero, please check the acdb file
D/ACDB-LOADER( 327): ACDB -> AUDIO_SET_AFE_CAL
V/audio_hw_primary( 327): enable_snd_device: snd_device(2: speaker, speaker)
D/audio_route( 327): Setting mixer control: SLIM RX2 MUX, value: 1
D/audio_route( 327): Setting mixer control: SLIM_0_RX Channels, value: 1
D/audio_route( 327): Setting mixer control: RX5 MIX1 INP1, value: 5
D/audio_route( 327): Setting mixer control: RX5 MIX1 INP2, value: 6
D/audio_route( 327): Setting mixer control: RDAC7 MUX, value: 1
D/audio_route( 327): Setting mixer control: SPK out, value: 1
D/audio_route( 327): Setting mixer control: MultiMedia2 Mixer QUAT_MI2S_TX, value: 1
D/audio_route( 327): Setting mixer control: LINEOUT2 Volume, value: 16
D/audio_route( 327): Setting mixer control: LINEOUT4 Volume, value: 16
V/audio_hw_primary( 327): enable_audio_route: enter: usecase(1)
V/audio_hw_primary( 327): enable_audio_route: apply mixer and update path: low-latency-playback
D/audio_route( 327): Setting mixer control: SLIMBUS_0_RX Audio Mixer MultiMedia5, value: 1
V/audio_hw_primary( 327): enable_audio_route: exit
D/CustomFrequencyManagerService( 942): acquireDVFSLockLocked : type : DVFS_MIN_LIMIT frequency : 2649600 uid : 1000 pid : 942 pkgName : LAUNCHER_APP_BOOSTER_CPU@11
V/ApplicationPolicy( 942): isApplicationStateBlocked userId 0 pkgname com.climaxstudios.BanditSix
D/CustomFrequencyManagerService( 942): acquireDVFSLockLocked : type : DVFS_MIN_LIMIT frequency : 1958400 uid : 1000 pid : 942 pkgName : ACTIVITY_RESUME_BOOSTER@6
W/ActivityManager( 942): mDVFSHelper.acquire()
E/audio_hw_primary( 327): [MAXIM] setDSM_tx_Control()....dsm_enable : 1, dsm_opened : 0, adev->snd_card : 0, device_id : 1, adev->mode : 0
V/audio_hw_primary( 327): start_output_stream: Opening PCM device card_id(0) device_id(15)
I/SurfaceFlinger( 324): id=75 createSurf (16x16),-1 flag=20004, EimLayer
V/audio_hw_primary( 327): start_output_stream: exit
I/SurfaceFlinger( 324): id=76 createSurf (16x16),-1 flag=20004, EimLayer
D/KeyguardUpdateMonitor( 1203): sendKeyguardVisibilityChanged(true)
I/KeyguardUpdateMonitor( 1203): visibility is same
I/SurfaceFlinger( 324): id=77 createSurf (1x1),2 flag=404, CanditSix
D/KeyguardUpdateMonitor( 1203): sendKeyguardVisibilityChanged(true)
I/KeyguardUpdateMonitor( 1203): visibility is same
D/STATUSBAR-NetworkController( 1224): refreshSignalCluster - setNWBoosterIndicators(false)
D/STATUSBAR-NetworkController( 1224): refreshSignalCluster: data=-1 bt=false
D/KeyguardUpdateMonitor( 1203): sendKeyguardVisibilityChanged(true)
I/KeyguardUpdateMonitor( 1203): visibility is same
D/Launcher.HomeView( 1401): onPause
D/PhoneStatusBar( 1224): setTransGradationMode=false, mTransparentMode=false, mSemiTransparentMode=false, mMultiWindowMode=false
D/StatusBarManagerService( 942): tr p:1401,o:f
E/xxxxxxbtsdcard( 942): checkUser: useridlist=null, currentuser=0
E/xxxxxxbtsdcard( 942): checkUser: useridlist=null, currentuser=0
E/xxxxxxbtsdcard( 942): checkUser: useridlist=null, currentuser=0
E/xxxxxxbtsdcard( 942): checkUser: useridlist=null, currentuser=0
I/SELinux (10266): Function: selinux_android_load_priority , priority [3] , priority version is VE=SEPF_SM-N910F_4.4.4_A024
E/SELinux (10266): [DEBUG] get_category: variable seinfocat: default sensitivity: NULL, cateogry: NULL
E/dalvikvm(10266): >>>>> Normal User
E/dalvikvm(10266): >>>>> com.climaxstudios.BanditSix [ userId:0 | appId:10265 ]
E/SELinux (10266): [DEBUG] get_category: variable seinfocat: default sensitivity: NULL, cateogry: NULL
I/libpersona(10266): KNOX_SDCARD checking this for 10265
I/libpersona(10266): KNOX_SDCARD not a persona
D/TimaKeyStoreProvider(10266): in addTimaSignatureService
D/KeyguardUpdateMonitor( 1203): sendKeyguardVisibilityChanged(true)
I/KeyguardUpdateMonitor( 1203): visibility is same
D/TimaKeyStoreProvider(10266): Cannot add TimaSignature Service, License check Failed
D/PointerIcon( 942): setMouseIconStyle1 pointerType: 1001iconType:101 flag:0
D/PointerIcon( 942): setMouseCustomIcon IconType is same.101
D/PointerIcon( 942): setHoveringSpenIconStyle1 pointerType: 10001iconType:1 flag:0
D/PointerIcon( 942): setHoveringSpenCustomIcon IconType is same.1
D/ActivityThread(10266): Added TimaKesytore provider
V/WindowOrientationListener( 942): mSContextAutoRotationListener.getProposedRotation, mbResultFaceDectection: false
V/WindowOrientationListener( 942): mSContextAutoRotationListener.getProposedRotation, Rotation: -1
V/WindowOrientationListener( 942): mSContextAutoRotationListener.getProposedRotation, mbResultFaceDectection: false
V/WindowOrientationListener( 942): mSContextAutoRotationListener.getProposedRotation, Rotation: -1
V/WindowManager( 942): rotationForOrientationLw(orient=0, last=0); user=0 sensorRotation=-1 mLidState=-1 mDockMode=0 mHdmiPlugged=false mAccelerometerDefault=false gripRotationLock=false
D/SamsungWindowManager( 942): setRotationLw() : rotation=1
D/CustomFrequencyManagerService( 942): acquireDVFSLockLocked : type : DVFS_MIN_LIMIT frequency : 2649600 uid : 1000 pid : 942 pkgName : ROTATION_BOOSTER@31
D/i ( 942): DeviceInfo:: 000010100000
D/InputDispatcher( 942): setInputDispatchMode: enabled=1, frozen=1
I/SurfaceFlinger( 324): id=78 createSurf (1440x2560),2 flag=404, TcreenshotS
D/i ( 942): SettingsAirViewInfo:: 000000000
I/SurfaceFlinger( 324): Orientation 0=>1
D/PowerManagerService( 942): setKeyboardVisibility: false
I/ActivityManager( 942): Config changes=480 {0 1.0 ?mcc?mnc en_GB ldltr sw360dp w640dp h335dp 640dpi nrml long land finger -keyb/v/h -nav/h s.8}
I/SamsungIME( 5994): [Before] hardKeyboardHidden(2) keyboardType(1)
I/SamsungIME( 5994): mHwKeyboardShown [isHWKeyboardOpen()] = false --> false
E/SamsungIME( 5994): isHWKeyboardConnected() = false --> false
I/SamsungIME( 5994): [hasToCallSuper] true
D/WindowManager( 942): performLayoutAndPlaceSurfacesLocked called before config changed.
D/Mms/MmsApp( 8311): [start] onConfigurationChanged(), newConfig = {0 1.0 ?mcc?mnc en_GB ldltr sw360dp w640dp h335dp 640dpi nrml long land finger -keyb/v/h -nav/h s.8} consume time = 469489.905602
D/Mms/MmsApp( 8311): [end] onConfigurationChanged(), newConfig = {0 1.0 ?mcc?mnc en_GB ldltr sw360dp w640dp h335dp 640dpi nrml long land finger -keyb/v/h -nav/h s.8} consume time = 0.259843
D/KeyguardUpdateMonitor( 1203): sendKeyguardVisibilityChanged(true)
I/KeyguardUpdateMonitor( 1203): visibility is same
D/WritingBuddyManagerService( 3705): Configuration changed. {0 1.0 ?mcc?mnc en_GB ldltr sw360dp w640dp h335dp 640dpi nrml long land finger -keyb/v/h -nav/h s.8}
D/PhoneStatusBar( 1224): mSettingsPanelGravity = 55
D/KeyguardUpdateMonitor( 1203): sendKeyguardVisibilityChanged(true)
I/KeyguardUpdateMonitor( 1203): visibility is same
D/KeyguardUpdateMonitor( 1203): sendKeyguardVisibilityChanged(true)
I/KeyguardUpdateMonitor( 1203): visibility is same
I/InputReader( 942): Reconfiguring input devices. changes=0x00000004
I/InputReader( 942): Device reconfigured: id=1, name='sec_e-pen', size 1440x2560, orientation 1, mode 4, display id 0
I/InputReader( 942): Device reconfigured: id=9, name='sec_touchscreen', size 1440x2560, orientation 1, mode 1, display id 0
D/KeyguardUpdateMonitor( 1203): sendKeyguardVisibilityChanged(true)
I/KeyguardUpdateMonitor( 1203): visibility is same
D/PhoneStatusBarView( 1224): marqueeStatusBar:245, mClearCover:0
D/STATUSBAR-IconMerger( 1224): checkOverflow(672), More:false, Req:false Child:1
D/STATUSBAR-StatusBarManagerService( 942): manageDisableList what=0x0 pkg=WindowManager.LayoutParams
W/ContextImpl( 942): Calling a method in the system process without a qualified user: android.app.ContextImpl.sendBroadcast:1510 com.android.internal.policy.impl.PhoneWindowManager.notifyToSSRM:6961 com.android.internal.policy.impl.PhoneWindowManager.access$300:208 com.android.internal.policy.impl.PhoneWindowManager$PolicyHandler.handleMessage:836 android.os.Handler.dispatchMessage:102
D/KeyguardUpdateMonitor( 1203): sendKeyguardVisibilityChanged(true)
I/KeyguardUpdateMonitor( 1203): visibility is same
E/Tethering( 942): No numeric data
E/AudioService( 942): AudioService sendMsg 16
D/Launcher.HomeView( 1401): onStop
E/AudioService( 942): get MSG_SET_DEVICE_VOLUME get msg : 16
D/accuweather( 3183): [KK AccuPhone]>>> WCS:142 [0:0] action : androidintentactionCONFIGURATION_CHANGED
E/SmartFaceService( 942): onReceive: android.intent.action.CONFIGURATION_CHANGED
E/SmartFaceService( 942): mFolderCoverOpened: (true, true) -> true
D/i ( 942): DeviceInfo:: 000010100000
D/accuweather( 3183): [KK AccuPhone]>>> WC:30 [0:0] action : actionCONFIGURATION_CHANGED
D/i ( 942): SettingsAirViewInfo:: 000000000
D/Launcher( 1401): onTrimMemory. Level: 20
D/accuweather( 3183): [KK AccuPhone]>>> UIMEM:106 [0:0] The widget does not exist in idle!!
I/SurfaceFlinger( 324): id=74 Removed Mauncher (6/11)
I/SurfaceFlinger( 324): id=74 Removed Mauncher (-2/11)
D/KeyguardUpdateMonitor( 1203): sendKeyguardVisibilityChanged(true)
I/KeyguardUpdateMonitor( 1203): visibility is same
V/AudioPolicyManagerBase( 327): stopOutput() output 3, stream 1, session 98
V/AudioPolicyManagerBase( 327): changeRefCount() stream 1, count 0
V/AudioPolicyManagerBase( 327): getNewDevice() selected device 0
V/AudioPolicyManagerBase( 327): setOutputDevice() output 3 device 0000 force 0 delayMs 100
V/AudioPolicyManagerBase( 327): setOutputDevice() prevDevice (0002)
V/AudioPolicyManagerBase( 327): setOutputDevice() setting same device 0000 or null device for output 3
D/StatusBarManagerService( 942): tr p:10266,o:f
E/cutils ( 302): Failed to mkdirat(/storage/extSdCard/Android): Read-only file system
W/ContextImpl(10266): Failed to ensure directory: /storage/extSdCard/Android/obb/com.climaxstudios.BanditSix
E/cutils ( 302): Failed to mkdirat(/storage/extSdCard/Android): Read-only file system
W/Vold ( 302): Returning OperationFailed - no handler for errno 30
W/Vold ( 302): Returning OperationFailed - no handler for errno 30
W/ContextImpl(10266): Failed to ensure directory: /storage/extSdCard/Android/data/com.climaxstudios.BanditSix/files
D/KeyguardUpdateMonitor( 1203): sendKeyguardVisibilityChanged(true)
I/KeyguardUpdateMonitor( 1203): visibility is same
D/dalvikvm(10266): Trying to load lib /data/app-lib/com.climaxstudios.BanditSix-1/libmain.so 0x42262690
D/dalvikvm(10266): Added shared lib /data/app-lib/com.climaxstudios.BanditSix-1/libmain.so 0x42262690
D/STATUSBAR-QuickSettingPanel( 1224): setSingleLine:true
D/STATUSBAR-QuickSettingPanel( 1224): updateButtonInfo mButtonWidth : 320 mColumnNumber:8 orien: 2
D/STATUSBAR-QuickSettingPanel( 1224): onConfigurationChanged - dynamicallyReduceTextSize
D/STATUSBAR-QuickSettingButton( 1224): dynamicallyReduceTextSize: 320
D/STATUSBAR-QuickSettingButton( 1224): dynamicallyReduceTextSize: 320
D/STATUSBAR-QuickSettingButton( 1224): dynamicallyReduceTextSize: 320
D/STATUSBAR-QuickSettingButton( 1224): dynamicallyReduceTextSize: 320
D/STATUSBAR-QuickSettingButton( 1224): dynamicallyReduceTextSize: 320
D/STATUSBAR-QuickSettingButton( 1224): dynamicallyReduceTextSize: 320
D/STATUSBAR-QuickSettingButton( 1224): dynamicallyReduceTextSize: 320
D/STATUSBAR-QuickSettingButton( 1224): dynamicallyReduceTextSize: 320
D/STATUSBAR-QuickSettingButton( 1224): dynamicallyReduceTextSize: 320
D/KeyguardUpdateMonitor( 1203): sendKeyguardVisibilityChanged(true)
I/KeyguardUpdateMonitor( 1203): visibility is same
D/STATUSBAR-QuickSettingButton( 1224): dynamicallyReduceTextSize: 320
D/STATUSBAR-QuickSettingButton( 1224): dynamicallyReduceTextSize: 320
D/STATUSBAR-QuickSettingButton( 1224): dynamicallyReduceTextSize: 320
D/STATUSBAR-QuickSettingButton( 1224): dynamicallyReduceTextSize: 320
D/STATUSBAR-QuickSettingButton( 1224): dynamicallyReduceTextSize: 320
D/STATUSBAR-QuickSettingButton( 1224): dynamicallyReduceTextSize: 320
D/STATUSBAR-QuickSettingButton( 1224): dynamicallyReduceTextSize: 320
D/STATUSBAR-QuickSettingButton( 1224): dynamicallyReduceTextSize: 320
D/STATUSBAR-QuickSettingButton( 1224): dynamicallyReduceTextSize: 320
D/STATUSBAR-QuickSettingButton( 1224): dynamicallyReduceTextSize: 320
D/STATUSBAR-QuickSettingButton( 1224): dynamicallyReduceTextSize: 320
D/STATUSBAR-QuickSettingButton( 1224): dynamicallyReduceTextSize: 320
D/STATUSBAR-IconMerger( 1224): checkOverflow(1824), More:false, Req:false Child:1
D/KeyguardUpdateMonitor( 1203): sendKeyguardVisibilityChanged(true)
I/KeyguardUpdateMonitor( 1203): visibility is same
D/PhoneStatusBar( 1224): setTransGradationMode=false, mTransparentMode=false, mSemiTransparentMode=false, mMultiWindowMode=false
D/lights ( 942): button : 1 +
D/STATUSBAR-NetworkController( 1224): onReceive() - ACTION_CONFIGURATION_CHANGED
D/PowerManagerService( 942): [api] acquire WakeLock flags=0x1a tag=Unity-StartupWakeLock uid=10265 pid=10266
W/ServiceManager( 942): Permission failure: com.samsung.permission.SSENSOR from uid=10265 pid=10266
D/PermissionCache( 942): checking com.samsung.permission.SSENSOR for uid=10265 => denied (113 us)
E/SensorService( 942): Permission Denial : SEC Private Sensor 25
E/SensorService( 942): Permission Denial : SEC Private Sensor 26
D/Activity(10266): #1 setTransGradationModeColor false
D/Activity(10266): #4 setTransGradationMode to false:
D/StatusBarManagerService( 942): semi p:10266,o:f
D/StatusBarManagerService( 942): tr p:10266,o:f
I/SurfaceFlinger( 324): id=79 createSurf (1x1),1 flag=4, VnityPlayer
I/SpenGestureManager( 942): setFocusWindow21010
D/KeyguardUpdateMonitor( 1203): sendKeyguardVisibilityChanged(true)
I/KeyguardUpdateMonitor( 1203): visibility is same
D/PhoneStatusBar( 1224): setSemiTransparentMode=false, mTransparentMode=false, mSemiTransparentMode=false, mMultiWindowMode=false
D/PhoneStatusBar( 1224): setTransGradationMode=false, mTransparentMode=false, mSemiTransparentMode=false, mMultiWindowMode=false
D/lights ( 942): button : 1 -
D/KeyguardUpdateMonitor( 1203): sendKeyguardVisibilityChanged(true)
I/KeyguardUpdateMonitor( 1203): visibility is same
D/PointerIcon( 942): setMouseIconStyle1 pointerType: 1001iconType:101 flag:0
D/PointerIcon( 942): setMouseCustomIcon IconType is same.101
D/PointerIcon( 942): setHoveringSpenIconStyle1 pointerType: 10001iconType:1 flag:0
D/PointerIcon( 942): setHoveringSpenCustomIcon IconType is same.1
I/SurfaceFlinger( 324): id=80 createSurf (2560x1440),2 flag=404, TurfaceView
D/KeyguardUpdateMonitor( 1203): sendKeyguardVisibilityChanged(true)
I/KeyguardUpdateMonitor( 1203): visibility is same
D/KeyguardUpdateMonitor( 1203): sendKeyguardVisibilityChanged(true)
I/KeyguardUpdateMonitor( 1203): visibility is same
D/KeyguardUpdateMonitor( 1203): sendKeyguardVisibilityChanged(true)
I/KeyguardUpdateMonitor( 1203): visibility is same
D/KeyguardUpdateMonitor( 1203): sendKeyguardVisibilityChanged(true)
I/KeyguardUpdateMonitor( 1203): visibility is same
D/KeyguardUpdateMonitor( 1203): sendKeyguardVisibilityChanged(true)
I/KeyguardUpdateMonitor( 1203): visibility is same
W/ContextImpl( 942): Calling a method in the system process without a qualified user: android.app.ContextImpl.sendBroadcast:1510 com.android.server.InputMethodManagerService$4.run:2824 java.lang.Thread.run:841
W/IInputConnectionWrapper( 1401): showStatusIcon on inactive InputConnection
V/VRManagerService( 942): bind()
W/ContextImpl( 942): Implicit intents with startService are not safe: Intent { act=com.samsung.android.hmt.system flg=0x20 } com.android.server.VRManagerService.bind:124 com.android.server.VRManagerService.getService:205 com.android.server.VRManagerService.enforceCallingPermission:680
D/KeyguardUpdateMonitor( 1203): sendKeyguardVisibilityChanged(true)
I/KeyguardUpdateMonitor( 1203): visibility is same
I/SurfaceFlinger( 324): id=77 Removed CanditSix (10/12)
I/SurfaceFlinger( 324): id=77 Removed CanditSix (-2/12)
D/KeyguardUpdateMonitor( 1203): sendKeyguardVisibilityChanged(true)
I/KeyguardUpdateMonitor( 1203): visibility is same
W/ContextImpl( 942): Calling a method in the system process without a qualified user: android.app.ContextImpl.bindService:1939 com.android.server.VRManagerService.bind:124 com.android.server.VRManagerService.getService:205 com.android.server.VRManagerService.enforceCallingPermission:680 com.android.server.VRManagerService.enforceCallingPermission:675
D/CustomFrequencyManagerService( 942): releaseDVFSLockLocked : Getting Lock type frm List : DVFS_MIN_LIMIT frequency : 1958400 uid : 1000 pid : 942 tag : ACTIVITY_RESUME_BOOSTER@6
W/ActivityManager( 942): mDVFSHelper.release()
E/xxxxxxbtsdcard( 942): checkUser: useridlist=null, currentuser=0
E/xxxxxxbtsdcard( 942): checkUser: useridlist=null, currentuser=0
E/xxxxxxbtsdcard( 942): checkUser: useridlist=null, currentuser=0
E/xxxxxxbtsdcard( 942): checkUser: useridlist=null, currentuser=0
I/SELinux (10291): Function: selinux_android_load_priority , priority [3] , priority version is VE=SEPF_SM-N910F_4.4.4_A024
E/SELinux (10291): [DEBUG] get_category: variable seinfocat: platform sensitivity: NULL, cateogry: NULL
E/dalvikvm(10291): >>>>> Normal User
E/dalvikvm(10291): >>>>> com.samsung.android.hmt.vrsvc:system [ userId:0 | appId:1000 ]
E/SELinux (10291): [DEBUG] get_category: variable seinfocat: platform sensitivity: NULL, cateogry: NULL
D/MultiWindowConverter( 942): This application or window do not support multiwindow
I/libpersona(10291): KNOX_SDCARD checking this for 1000
I/libpersona(10291): KNOX_SDCARD not a persona
D/KeyguardUpdateMonitor( 1203): sendKeyguardVisibilityChanged(true)
I/KeyguardUpdateMonitor( 1203): visibility is same
I/SurfaceFlinger( 324): id=81 createSurf (2880x2560),-1 flag=20004, ClackSurfac
I/SurfaceFlinger( 324): id=82 createSurf (1440x5120),-1 flag=20004, ClackSurfac
I/SurfaceFlinger( 324): id=83 createSurf (2880x2560),-1 flag=20004, ClackSurfac
I/SurfaceFlinger( 324): id=84 createSurf (1440x5120),-1 flag=20004, ClackSurfac
D/InputDispatcher( 942): setInputDispatchMode: enabled=1, frozen=0
I/WindowManager( 942): Screen frozen for +321ms due to Window{4261b470 u0 Starting com.climaxstudios.BanditSix}
D/TimaKeyStoreProvider(10291): in addTimaSignatureService
D/TimaKeyStoreProvider(10291): Cannot add TimaSignature Service, License check Failed
D/ActivityThread(10291): Added TimaKesytore provider
I/Adreno-EGL(10266): : EGL 1.4 QUALCOMM build: ()
I/Adreno-EGL(10266): OpenGL ES Shader Compiler Version: E031.24.02.11
I/Adreno-EGL(10266): Build Date: 09/12/14 Fri I/Adreno-EGL(10266): Local Branch: LA.3.6.1_20140912_070_patches
I/Adreno-EGL(10266): Remote Branch:
I/Adreno-EGL(10266): Local Patches:
I/Adreno-EGL(10266): Reconstruct Branch:
W/Adreno-EGL(10266): : EGL_BAD_ATTRIBUTE
W/Adreno-EGL(10266): : EGL_BAD_ATTRIBUTE
D/PowerManagerService( 942): setKeyboardVisibility: false
I/qdutils (10266): PartialUpdate status: Enabled
I/qdutils (10266): Left Align: 8
I/qdutils (10266): Width Align: 8
I/qdutils (10266): Top Align: 1
I/qdutils (10266): Height Align: 1
I/qdutils (10266): Min ROI Width: 1
I/qdutils (10266): Min ROI Height: 2
I/qdutils (10266): Needs ROI Merge: 1
I/qdutils (10266): Left Split=720
I/qdutils (10266): Right Split=720
V/VRSVC (10291): at (VRServiceApplication.java:17) onCreate() [onCreate()]
V/VRSVC (10291): at (VRSystemService.java:19) onCreate() [onCreate]
V/VRSVC (10291): at (VRManagerService.java:186) () [VRManagerService created]
D/Unity (10266): GL_AMD_compressed_ATC_texture GL_AMD_performance_monitor GL_AMD_program_binary_Z400 GL_EXT_debug_label GL_EXT_debug_marker GL_EXT_discard_framebuffer GL_EXT_robustness GL_EXT_texture_format_BGRA8888 GL_EXT_texture_type_2_10_10_10_REV GL_NV_fence GL_OES_compressed_ETC1_RGB8_texture GL_OES_depth_texture GL_OES_depth24 GL_OES_EGL_image GL_OES_EGL_sync GL_OES_EGL_image_external GL_OES_element_index_uint GL_OES_fbo_render_mipmap GL_OES_fragment_precision_high GL_OES_get_program_binary GL_OES_packed_depth_stencil GL_OES_depth_texture_cube_map GL_OES_rgb8_rgba8 GL_OES_standard_derivatives GL_OES_texture_3D GL_OES_texture_float GL_OES_texture_half_float GL_OES_texture_half_float_linear GL_OES_texture_npot GL_OES_vertex_half_float GL_OES_vertex_type_10_10_10_2 GL_OES_vertex_array_object GL_QCOM_alpha_test GL_QCOM_binning_control GL_QCOM_driver_control GL_QCOM_perfmon_global_mode GL_QCOM_extended_get GL_QCOM_extended_get2 GL_QCOM_tiled_rendering GL_QCOM_writeonly_rendering GL_KHR_texture_compression_astc_ldr GL_EXT_sR
D/Unity (10266): GB GL_EXT_sRGB_write_control GL_EXT_texture_sRGB_decode GL_EXT_texture_filter_anisotropic GL_EXT_multisampled_render_to_texture GL_EXT_color_buffer_float GL_EXT_color_buffer_half_float GL_EXT_disjoint_timer_query
V/VRSVC (10291): at (VRManagerService.java:213) bToQ() [VRManagerService systemReady]
V/VRSVC (10291): at (VRSystemService.java:32) onBind() [onBind]
V/VRSVC (10291): at (VRManagerService.java:715) yTqX() [setVRPerformanceMode enable = true]
V/VRManagerService( 942): onServiceConnected()
D/CustomFrequencyManagerService( 942): acquireDVFSLockLocked : type : DVFS_MIN_LIMIT frequency : 1958400 uid : 1000 pid : 942 pkgName : ACTIVITY_RESUME_BOOSTER@10
D/dalvikvm( 942): GC_CONCURRENT freed 1937K, 27% free 39872K/53984K, paused 3ms+9ms, total 141ms
W/libc (10266): pthread_create sched_setscheduler call failed: Operation not permitted
V/AudioPolicyManagerBase( 327): getOutput() device 2, stream 3, samplingRate 0, format 0, channelMask 3, flags 0
V/AudioPolicyManagerBase( 327): getOutputsForDevice device 0002 -> 0002
V/AudioPolicyManagerBase( 327): selectOutput() output 2 outputDesc->mProfile->mFlags 0002 flags 0000
V/AudioPolicyManagerBase( 327): selectOutput() output 3 outputDesc->mProfile->mFlags 0004 flags 0000
V/AudioPolicyManagerBase( 327): getOutput() returns output 2
V/AudioPolicyManagerBase( 327): getOutput() device 2, stream 3, samplingRate 0, format 0, channelMask 3, flags 0
V/AudioPolicyManagerBase( 327): getOutputsForDevice device 0002 -> 0002
V/AudioPolicyManagerBase( 327): selectOutput() output 2 outputDesc->mProfile->mFlags 0002 flags 0000
V/AudioPolicyManagerBase( 327): selectOutput() output 3 outputDesc->mProfile->mFlags 0004 flags 0000
V/AudioPolicyManagerBase( 327): getOutput() returns output 2
V/AudioPolicyManagerBase( 327): getOutput() device 2, stream 3, samplingRate 0, format 0, channelMask 3, flags 0
V/AudioPolicyManagerBase( 327): getOutputsForDevice device 0002 -> 0002
V/AudioPolicyManagerBase( 327): selectOutput() output 2 outputDesc->mProfile->mFlags 0002 flags 0000
V/AudioPolicyManagerBase( 327): selectOutput() output 3 outputDesc->mProfile->mFlags 0004 flags 0000
V/AudioPolicyManagerBase( 327): getOutput() returns output 2
V/AudioPolicyManagerBase( 327): getOutput() device 2, stream 3, samplingRate 0, format 0, channelMask 3, flags 0
V/AudioPolicyManagerBase( 327): getOutputsForDevice device 0002 -> 0002
V/AudioPolicyManagerBase( 327): selectOutput() output 2 outputDesc->mProfile->mFlags 0002 flags 0000
V/AudioPolicyManagerBase( 327): selectOutput() output 3 outputDesc->mProfile->mFlags 0004 flags 0000
V/AudioPolicyManagerBase( 327): getOutput() returns output 2
V/AudioPolicyManagerBase( 327): getOutput() device 2, stream 3, samplingRate 0, format 0, channelMask 3, flags 0
V/AudioPolicyManagerBase( 327): getOutputsForDevice device 0002 -> 0002
V/AudioPolicyManagerBase( 327): selectOutput() output 2 outputDesc->mProfile->mFlags 0002 flags 0000
V/AudioPolicyManagerBase( 327): selectOutput() output 3 outputDesc->mProfile->mFlags 0004 flags 0000
V/AudioPolicyManagerBase( 327): getOutput() returns output 2
V/AudioPolicyManagerBase( 327): getOutput() device 2, stream 3, samplingRate 24000, format 1, channelMask 3, flags 0
V/AudioPolicyManagerBase( 327): getOutputsForDevice device 0002 -> 0002
V/AudioPolicyManagerBase( 327): selectOutput() output 2 outputDesc->mProfile->mFlags 0002 flags 0000
V/AudioPolicyManagerBase( 327): selectOutput() output 3 outputDesc->mProfile->mFlags 0004 flags 0000
V/AudioPolicyManagerBase( 327): getOutput() returns output 2
D/AudioFlinger( 327): start(4097), calling pid 10266 session 99
D/AudioFlinger( 327): ? => ACTIVE (4097) on thread 0xb7ffce20
V/AudioPolicyManagerBase( 327): startOutput() output 2, stream 3, session 99
V/AudioPolicyManagerBase( 327): changeRefCount() stream 3, count 1
V/AudioPolicyManagerBase( 327): getNewDevice() selected device 2
V/AudioPolicyManagerBase( 327): setOutputDevice() output 2 device 0002 force 0 delayMs 0
V/AudioPolicyManagerBase( 327): setOutputDevice() prevDevice (0002)
V/AudioPolicyManagerBase( 327): setOutputDevice() setting same device 0002 or null device for output 2
V/AudioPolicyManagerBase( 327): getOutputsForDevice device 0002 -> 0002
V/AudioPolicyManagerBase( 327): getOutputsForDevice device 0002 -> 0002
E/AudioResampler( 327): Unsupported sample format, 1 bits, 2 channels
D/AudioResampler( 327): AudioResamplerOrder1::resample common!!!!!
D/AudioResampler( 327): new common resampler(24000 -> 48000, 2, 2)
D/SoundAliveResampler( 327): [SoundAliveResampler] Init+++
V/audio_hw_primary( 327): start_output_stream: enter: usecase(0: deep-buffer-playback) devices(0x2)
V/audio_hw_primary( 327): select_devices: ENTER
V/audio_hw_primary( 327): select_devices: usecase(Normal)
V/audio_hw_primary( 327): select_devices: usecase(PCM_PLAYBACK)
V/msm8974_platform( 327): platform_get_output_snd_device: enter: output devices(0x2)
V/msm8974_platform( 327): get_OUTPUT_snd_device: for Normal Playback
V/msm8974_platform( 327): platform_get_output_snd_device: exit: snd_device(speaker)
D/audio_hw_primary( 327): select_devices: out_snd_device(2: speaker)
D/audio_hw_primary( 327): select_devices: in_snd_device(0: dummy)
V/audio_hw_primary( 327): enable_snd_device: snd_device(2: speaker) is already active
V/audio_hw_primary( 327): enable_audio_route: enter: usecase(0)
V/audio_hw_primary( 327): enable_audio_route: apply mixer and update path: deep-buffer-playback
D/audio_route( 327): Setting mixer control: SLIMBUS_0_RX Audio Mixer MultiMedia1, value: 1
V/audio_hw_primary( 327): enable_audio_route: exit
V/audio_hw_primary( 327): start_output_stream: Opening PCM device card_id(0) device_id(0)
V/audio_hw_primary( 327): start_output_stream: exit
I/Sensors ( 942): Acc old sensor_state 0, new sensor_state : 1 en : 1
D/PowerManagerService( 942): setKeyboardVisibility: false
D/CustomFrequencyManagerService( 942): releaseDVFSLockLocked : Getting Lock type frm List : DVFS_MIN_LIMIT frequency : 1958400 uid : 1000 pid : 942 tag : ACTIVITY_RESUME_BOOSTER@10
I/SurfaceFlinger( 324): id=78 Removed TcreenshotS (11/15)
I/SurfaceFlinger( 324): id=78 Removed TcreenshotS (-2/15)
I/SurfaceFlinger( 324): id=81 Removed ClackSurfac (11/14)
I/SurfaceFlinger( 324): id=82 Removed ClackSurfac (11/13)
I/SurfaceFlinger( 324): id=81 Removed ClackSurfac (-2/13)
I/SurfaceFlinger( 324): id=82 Removed ClackSurfac (-2/13)
I/SurfaceFlinger( 324): id=83 Removed ClackSurfac (11/12)
I/SurfaceFlinger( 324): id=83 Removed ClackSurfac (-2/12)
I/SurfaceFlinger( 324): id=84 Removed ClackSurfac (11/11)
I/SurfaceFlinger( 324): id=84 Removed ClackSurfac (-2/11)
D/KeyguardUpdateMonitor( 1203): sendKeyguardVisibilityChanged(true)
I/KeyguardUpdateMonitor( 1203): visibility is same
V/WindowOrientationListener( 942): mSContextAutoRotationListener.getProposedRotation, mbResultFaceDectection: false
V/WindowOrientationListener( 942): mSContextAutoRotationListener.getProposedRotation, Rotation: -1
V/WindowOrientationListener( 942): mSContextAutoRotationListener.getProposedRotation, mbResultFaceDectection: false
V/WindowOrientationListener( 942): mSContextAutoRotationListener.getProposedRotation, Rotation: -1
V/WindowManager( 942): rotationForOrientationLw(orient=0, last=1); user=0 sensorRotation=-1 mLidState=-1 mDockMode=0 mHdmiPlugged=false mAccelerometerDefault=false gripRotationLock=false
D/CustomFrequencyManagerService( 942): releaseDVFSLockLocked : Getting Lock type frm List : DVFS_MIN_LIMIT frequency : 2649600 uid : 1000 pid : 942 tag : LAUNCHER_APP_BOOSTER_CPU@11
D/dalvikvm(10266): Trying to load lib /data/app-lib/com.climaxstudios.BanditSix-1/libOculusPlugin.so 0x42262690
D/dalvikvm(10266): Added shared lib /data/app-lib/com.climaxstudios.BanditSix-1/libOculusPlugin.so 0x42262690
W/App (10266): JNI_OnLoad
W/VrApi (10266): Calling ovr_Initialize()
I/OVR (10266): DeviceManagerThread::AddSelectFd 88 (Tid=0)
I/OVR (10266): DeviceManagerThread - running (Tid=0).
I/OVR (10266): OVR::DeviceManager - initialized.
I/OVR (10266): StartSensor succeeded - waiting for sensor.
W/VrApp (10266): Buildstring BRAND: samsung
W/VrApp (10266): Buildstring DEVICE: trlte
W/VrApp (10266): Buildstring DISPLAY: KTU84P.N910FXXU1ANK4
W/VrApp (10266): Buildstring FINGERPRINT: samsung/trltexx/trlte:4.4.4/KTU84P/N910FXXU1ANK4:user/release-keys
W/VrApp (10266): Buildstring HARDWARE: qcom
W/VrApp (10266): Buildstring HOST: SWDD6114
W/VrApp (10266): Buildstring ID: KTU84P
W/VrApp (10266): Buildstring MODEL: SM-N910F
W/VrApp (10266): Buildstring PRODUCT: trltexx
W/VrApp (10266): Buildstring SERIAL: 86b5c4f9
W/VrApp (10266): Buildstring TAGS: release-keys
W/VrApp (10266): Buildstring TYPE: user
D/dalvikvm(10266): Trying to load lib /data/app-lib/com.climaxstudios.BanditSix-1/libOculusPlugin.so 0x42262690
D/dalvikvm(10266): Shared lib '/data/app-lib/com.climaxstudios.BanditSix-1/libOculusPlugin.so' already loaded in same CL 0x42262690
D/dalvikvm(10266): Trying to load lib /data/app-lib/com.climaxstudios.BanditSix-1/libOculusPlugin.so 0x42262690
D/dalvikvm(10266): Shared lib '/data/app-lib/com.climaxstudios.BanditSix-1/libOculusPlugin.so' already loaded in same CL 0x42262690
D/PowerManagerService( 942): [api] acquire WakeLock flags=0x1a tag=Unity-ProjectRequestedWakeLock uid=10265 pid=10266
W/UnityPlugin(10266): OVR_SetInitVariables()
I/Unity (10266): InitVolumeController()
I/Unity (10266):
I/Unity (10266): (Filename: ./artifacts/AndroidManagedGenerated/UnityEngineDebug.cpp Line: 49)
I/Unity (10266):
I/Unity (10266): Creating volume controller...
I/Unity (10266):
I/Unity (10266): (Filename: ./artifacts/AndroidManagedGenerated/UnityEngineDebug.cpp Line: 49)
I/Unity (10266):
D/dalvikvm(10266): Trying to load lib /data/app-lib/com.climaxstudios.BanditSix-1/libOculusPlugin.so 0x42262690
D/dalvikvm(10266): Shared lib '/data/app-lib/com.climaxstudios.BanditSix-1/libOculusPlugin.so' already loaded in same CL 0x42262690
D/dalvikvm(10266): Trying to load lib /data/app-lib/com.climaxstudios.BanditSix-1/libOculusPlugin.so 0x42262690
D/dalvikvm(10266): Shared lib '/data/app-lib/com.climaxstudios.BanditSix-1/libOculusPlugin.so' already loaded in same CL 0x42262690
W/UnityPlugin(10266): OVR_GetTimeSinceLastVolumeChange() : Unity plugin not initialized
D/CustomFrequencyManagerService( 942): releaseDVFSLockLocked : Getting Lock type frm List : DVFS_MIN_LIMIT frequency : 2649600 uid : 1000 pid : 942 tag : ROTATION_BOOSTER@31
D/PowerManagerService( 942): [api] release WakeLock flags=0x1a tag=Unity-StartupWakeLock uid=10265 pid=10266 (0x0)
I/Unity (10266): OnApplicationFocus() True
I/Unity (10266):
I/Unity (10266): (Filename: ./artifacts/AndroidManagedGenerated/UnityEngineDebug.cpp Line: 49)
I/Unity (10266):
W/SensorService( 942): sensor 00000000 already enabled in connection 0x7d1e46b8 (ignoring)
E/Sensors ( 942): Sensor : Meta event
D/dalvikvm( 942): GC_EXPLICIT freed 200K, 27% free 39776K/53984K, paused 5ms+9ms, total 122ms
D/dalvikvm(10266): Trying to load lib /data/app-lib/com.climaxstudios.BanditSix-1/libOculusPlugin.so 0x42262690
D/dalvikvm(10266): Shared lib '/data/app-lib/com.climaxstudios.BanditSix-1/libOculusPlugin.so' already loaded in same CL 0x42262690
D/dalvikvm(10266): Trying to load lib /data/app-lib/com.climaxstudios.BanditSix-1/libOculusPlugin.so 0x42262690
D/dalvikvm(10266): Shared lib '/data/app-lib/com.climaxstudios.BanditSix-1/libOculusPlugin.so' already loaded in same CL 0x42262690
W/UnityPlugin(10266): OVR_SetEyeParms() w=1024 h=1024
I/OVR (10266): DeviceManagerThread - poll(fds,1,999) = 0 (Tid=10318)
V/audio_hw_primary( 327): out_standby: enter: usecase(1: low-latency-playback)
V/audio_hw_primary( 327): stop_output_stream: enter: usecase(1: low-latency-playback)
V/audio_hw_primary( 327): disable_audio_route: enter: usecase(1)
V/audio_hw_primary( 327): disable_audio_route: reset and update mixer path: low-latency-playback
D/audio_route( 327): Setting mixer control: SLIMBUS_0_RX Audio Mixer MultiMedia5, value: 0
V/audio_hw_primary( 327): disable_audio_route: exit
V/audio_hw_primary( 327): disable_snd_device: speaker ref cnt 1
V/audio_hw_primary( 327): stop_output_stream: exit: status(0)
V/audio_hw_primary( 327): out_standby: exit
D/dalvikvm(10266): Trying to load lib /data/app-lib/com.climaxstudios.BanditSix-1/libOculusPlugin.so 0x42262690
D/dalvikvm(10266): Shared lib '/data/app-lib/com.climaxstudios.BanditSix-1/libOculusPlugin.so' already loaded in same CL 0x42262690
D/dalvikvm(10266): Trying to load lib /data/app-lib/com.climaxstudios.BanditSix-1/libOculusPlugin.so 0x42262690
D/dalvikvm(10266): Shared lib '/data/app-lib/com.climaxstudios.BanditSix-1/libOculusPlugin.so' already loaded in same CL 0x42262690
D/dalvikvm(10266): Trying to load lib /data/app-lib/com.climaxstudios.BanditSix-1/libOculusPlugin.so 0x42262690
