W/TimeWarp(10266): Frame 4836 Eye 0 latency 0.008
W/TimeWarp(10266): Frame 4838 Eye 0 latency 0.009
W/TimeWarp(10266): Frame 4842 Eye 0 latency 0.008
W/TimeWarp(10266): Frame 4846 Eye 0 latency 0.009
W/TimeWarp(10266): Frame 4848 Eye 0 latency 0.008
D/OVR ( 9239): Debug: SensorFusion::handleMessage - RotationRate zero
W/TimeWarp(10266): Frame 4850 Eye 0 latency 0.008
W/TimeWarp(10266): Frame 4852 Eye 0 latency 0.009
I/OVR (10266): DeviceManagerThread - event 69 (499Hz) (Tid=10318)
W/TimeWarp(10266): Frame 4854 Eye 0 latency 0.008
W/TimeWarp(10266): Frame 4856 Eye 0 latency 0.008
W/TimeWarp(10266): Frame 4862 Eye 0 latency 0.008
W/TimeWarp(10266): Warp GPU time: 0.0 ms
W/VrApi (10266): CPU0 Clock 1190 MHz, GPU Clock 300000 MHz, Power Level State 0, normal
W/UnityPlugin(10266): FPS: 29 GPU time: 0.0 ms
W/TimeWarp(10266): Frame 4878 Eye 0 latency 0.008
W/TimeWarp(10266): Frame 4888 Eye 0 latency 0.009
W/TimeWarp(10266): Frame 4890 Eye 0 latency 0.008
W/TimeWarp(10266): Frame 4892 Eye 0 latency 0.008
W/TimeWarp(10266): Frame 4896 Eye 0 latency 0.008
W/TimeWarp(10266): Frame 4900 Eye 0 latency 0.009
W/TimeWarp(10266): Frame 4902 Eye 0 latency 0.008
W/TimeWarp(10266): Frame 4905 Eye 1 latency 0.009
W/TimeWarp(10266): Frame 4906 Eye 0 latency 0.008
W/TimeWarp(10266): Frame 4908 Eye 0 latency 0.009
W/TimeWarp(10266): Frame 4910 Eye 0 latency 0.009
W/TimeWarp(10266): Frame 4912 Eye 0 latency 0.009
I/OVR (10266): DeviceManagerThread - event 69 (498Hz) (Tid=10318)
W/TimeWarp(10266): Frame 4913 Eye 0 latency 0.009
W/TimeWarp(10266): Frame 4914 Eye 0 latency 0.008
W/TimeWarp(10266): Frame 4916 Eye 0 latency 0.008
W/TimeWarp(10266): Frame 4918 Eye 0 latency 0.009
W/TimeWarp(10266): Frame 4920 Eye 0 latency 0.008
W/TimeWarp(10266): Frame 4925 Eye 0 latency 0.009
W/TimeWarp(10266): Frame 4928 Eye 0 latency 0.009
W/TimeWarp(10266): Frame 4931 Eye 0 latency 0.009
W/TimeWarp(10266): Frame 4932 Eye 0 latency 0.009
W/TimeWarp(10266): Warp GPU time: 0.0 ms
W/VrApi (10266): CPU0 Clock 1190 MHz, GPU Clock 300000 MHz, Power Level State 0, normal
W/UnityPlugin(10266): FPS: 30 GPU time: 0.0 ms
W/TimeWarp(10266): Frame 4942 Eye 0 latency 0.008
W/TimeWarp(10266): Frame 4946 Eye 0 latency 0.009
W/TimeWarp(10266): Frame 4947 Eye 1 latency 0.009
W/TimeWarp(10266): Frame 4950 Eye 0 latency 0.008
D/PowerManagerService( 942): [s] UserActivityState : 1 -> 2
W/TimeWarp(10266): Frame 4958 Eye 0 latency 0.009
W/TimeWarp(10266): Frame 4959 Eye 1 latency 0.008
W/TimeWarp(10266): Frame 4964 Eye 0 latency 0.008
W/TimeWarp(10266): Frame 4966 Eye 0 latency 0.008
W/TimeWarp(10266): Frame 4972 Eye 0 latency 0.009
I/OVR (10266): DeviceManagerThread - event 69 (499Hz) (Tid=10318)
W/TimeWarp(10266): Frame 4976 Eye 0 latency 0.009
D/OVR ( 9239): Debug: SensorFusion::handleMessage - RotationRate zero
W/TimeWarp(10266): Frame 4980 Eye 0 latency 0.008
W/TimeWarp(10266): Frame 4984 Eye 0 latency 0.008
W/TimeWarp(10266): Frame 4986 Eye 0 latency 0.009
W/TimeWarp(10266): Frame 4987 Eye 0 latency 0.009
W/TimeWarp(10266): Frame 4992 Eye 0 latency 0.009
W/TimeWarp(10266): Warp GPU time: 0.0 ms
W/VrApi (10266): CPU0 Clock 1190 MHz, GPU Clock 300000 MHz, Power Level State 0, normal
W/UnityPlugin(10266): FPS: 30 GPU time: 0.0 ms
D/OVR ( 9239): Debug: SensorFusion::handleMessage - RotationRate zero
W/TimeWarp(10266): Frame 5002 Eye 0 latency 0.009
D/OVR ( 9239): Debug: SensorFusion::handleMessage - RotationRate zero
W/TimeWarp(10266): Frame 5006 Eye 0 latency 0.009
W/TimeWarp(10266): Frame 5010 Eye 0 latency 0.008
W/TimeWarp(10266): Frame 5012 Eye 0 latency 0.008
W/TimeWarp(10266): Frame 5016 Eye 0 latency 0.008
W/TimeWarp(10266): Frame 5018 Eye 0 latency 0.008
W/TimeWarp(10266): Frame 5020 Eye 0 latency 0.008
W/TimeWarp(10266): Frame 5026 Eye 0 latency 0.008
I/OVR (10266): DeviceManagerThread - event 69 (499Hz) (Tid=10318)
W/TimeWarp(10266): Frame 5040 Eye 0 latency 0.008
W/TimeWarp(10266): Frame 5044 Eye 0 latency 0.008
W/TimeWarp(10266): Frame 5046 Eye 0 latency 0.009
W/TimeWarp(10266): Frame 5048 Eye 0 latency 0.008
W/TimeWarp(10266): Frame 5052 Eye 0 latency 0.008
W/TimeWarp(10266): Warp GPU time: 0.0 ms
W/VrApi (10266): CPU0 Clock 1190 MHz, GPU Clock 300000 MHz, Power Level State 0, normal
W/UnityPlugin(10266): FPS: 30 GPU time: 0.0 ms
W/TimeWarp(10266): Frame 5055 Eye 1 latency 0.009
W/TimeWarp(10266): Frame 5058 Eye 0 latency 0.008
W/TimeWarp(10266): Frame 5060 Eye 0 latency 0.009
W/TimeWarp(10266): Frame 5064 Eye 0 latency 0.008
W/TimeWarp(10266): Frame 5066 Eye 0 latency 0.008
W/TimeWarp(10266): Frame 5072 Eye 0 latency 0.009
W/TimeWarp(10266): Frame 5074 Eye 0 latency 0.008
W/TimeWarp(10266): Frame 5076 Eye 0 latency 0.009
W/TimeWarp(10266): Frame 5078 Eye 0 latency 0.008
W/TimeWarp(10266): Frame 5080 Eye 0 latency 0.008
W/TimeWarp(10266): Frame 5090 Eye 0 latency 0.008
W/TimeWarp(10266): Frame 5092 Eye 0 latency 0.008
I/OVR (10266): DeviceManagerThread - event 69 (498Hz) (Tid=10318)
W/TimeWarp(10266): Frame 5098 Eye 0 latency 0.008
W/TimeWarp(10266): Frame 5100 Eye 0 latency 0.009
W/TimeWarp(10266): Frame 5106 Eye 0 latency 0.009
W/VrApi (10266): CPU0 Clock 1190 MHz, GPU Clock 300000 MHz, Power Level State 0, normal
W/UnityPlugin(10266): FPS: 29 GPU time: 0.0 ms
W/TimeWarp(10266): Warp GPU time: 0.0 ms
W/TimeWarp(10266): Frame 5117 Eye 1 latency 0.008
W/TimeWarp(10266): Frame 5118 Eye 0 latency 0.009
W/TimeWarp(10266): Frame 5119 Eye 1 latency 0.009
W/TimeWarp(10266): Frame 5120 Eye 0 latency 0.009
W/TimeWarp(10266): Frame 5121 Eye 1 latency 0.009
W/TimeWarp(10266): Frame 5122 Eye 0 latency 0.009
W/TimeWarp(10266): Frame 5124 Eye 0 latency 0.009
W/TimeWarp(10266): Frame 5125 Eye 1 latency 0.009
W/TimeWarp(10266): Frame 5126 Eye 0 latency 0.009
D/OVR ( 9239): Debug: SensorFusion::handleMessage - RotationRate zero
W/TimeWarp(10266): Frame 5127 Eye 1 latency 0.009
W/TimeWarp(10266): Frame 5128 Eye 0 latency 0.009
W/TimeWarp(10266): Frame 5130 Eye 0 latency 0.009
W/TimeWarp(10266): Frame 5131 Eye 1 latency 0.009
W/TimeWarp(10266): Frame 5132 Eye 0 latency 0.009
W/TimeWarp(10266): Frame 5133 Eye 1 latency 0.009
W/UnityPlugin(10266): OVR_VrModeParms_SetCpuLevel(): L 1
W/UnityPlugin(10266): OVR_VrModeParms_SetGpuLevel(): L 1
W/UnityPlugin(10266): OVR_TW_SetMinimumVsyncs() 2
W/TimeWarp(10266): Frame 5136 Eye 0 latency 0.009
W/UnityPlugin(10266): OVR_VrModeParms_Reset()
W/UnityPlugin(10266): OVR_VrModeParms_Reset: Soft Reset
W/UnityPlugin(10266): OVR_VrModeParms_Reset: Clock Lock Reset
W/VrApi (10266): SetVrPlatformOptions( -1, -1 )
D/VrLib (10266): Available levels: {GPU MIN, GPU MAX, CPU MIN, CPU MAX}
D/VrLib (10266): -> / 0
D/VrLib (10266): -> / 3
D/VrLib (10266): -> / 0
D/VrLib (10266): -> / 3
D/VrLib (10266): setSystemPerformance cpu: -1 gpu: -1
D/VrLib (10266): Fixed clock level API exists
V/VRSVC (10291): at (VRManagerService.java:460) yTqX() [SIOP : 0]
V/VRSVC (10291): at (VRManagerService.java:461) yTqX() [PLATFORM : apq8084]
V/VRSVC (10291): at (VRManagerService.java:310) wtkw() [Release GPU minLock COMPLETE: com.climaxstudios.BanditSix]
V/VRSVC (10291): at (VRManagerService.java:314) wtkw() [Release GPU maxLock COMPLETE: com.climaxstudios.BanditSix]
V/VRSVC (10291): at (VRManagerService.java:335) yTqX() [Release CPU minLock COMPLETE: com.climaxstudios.BanditSix]
V/VRSVC (10291): at (VRManagerService.java:339) yTqX() [Release CPU maxLock COMPLETE: com.climaxstudios.BanditSix]
V/VRSVC (10291): at (VRManagerService.java:537) yTqX() [SetVrClocks release]
D/VrLib (10266): Releasing frequency lock
W/VrApi (10266): CPU Clock = 0 MHz
W/VrApi (10266): GPU Clock = 0 MHz
W/VrApi (10266): SetVrPlatformOptions( 1, 1 )
D/CustomFrequencyManagerService( 942): releaseDVFSLockLocked : Getting Lock type frm List : DVFS_MIN_LIMIT frequency : 1190400 uid : 1000 pid : 942 tag : VR_CPU_MIN@1
D/CustomFrequencyManagerService( 942): releaseDVFSLockLocked : Getting Lock type frm List : DVFS_MAX_LIMIT frequency : 1190400 uid : 1000 pid : 942 tag : VR_CPU_MAX@2
D/VrLib (10266): Available levels: {GPU MIN, GPU MAX, CPU MIN, CPU MAX}
D/VrLib (10266): -> / 0
D/VrLib (10266): -> / 3
D/VrLib (10266): -> / 0
D/VrLib (10266): -> / 3
W/VrApi (10266): CPU levels [0, 3]
W/VrApi (10266): GPU levels [0, 3]
D/VrLib (10266): setSystemPerformance cpu: 1 gpu: 1
D/VrLib (10266): Fixed clock level API exists
V/VRSVC (10291): at (VRManagerService.java:460) yTqX() [SIOP : 0]
V/VRSVC (10291): at (VRManagerService.java:461) yTqX() [PLATFORM : apq8084]
V/VRSVC (10291): at (VRManagerService.java:239) uWFZ() [getDevelopermode : 1]
V/VRSVC (10291): at (VRManagerService.java:576) wtkw() [Set CPU minLock COMPLETE: com.climaxstudios.BanditSix 1190400]
D/CustomFrequencyManagerService( 942): acquireDVFSLockLocked : type : DVFS_MIN_LIMIT frequency : 1190400 uid : 1000 pid : 942 pkgName : VR_CPU_MIN@1
V/VRSVC (10291): at (VRManagerService.java:588) wtkw() [Set CPU maxLock COMPLETE: com.climaxstudios.BanditSix 1190400]
V/VRSVC (10291): at (VRManagerService.java:239) uWFZ() [getDevelopermode : 1]
E/VRSVC (10291): at (VRManagerService.java:621) QdBd() [Set GPU minLock COMPLETE: com.climaxstudios.BanditSix 300000000]
D/CustomFrequencyManagerService( 942): acquireDVFSLockLocked : type : DVFS_MAX_LIMIT frequency : 1190400 uid : 1000 pid : 942 pkgName : VR_CPU_MAX@2
V/VRSVC (10291): at (VRManagerService.java:632) QdBd() [Set GPU maxLock COMPLETE: com.climaxstudios.BanditSix 300000000]
V/VRSVC (10291): at (VRManagerService.java:551) yTqX() [(1:1:com.climaxstudios.BanditSix) (1190400:300000000:883200:240000000) pkg: com.climaxstudios.BanditSix]
D/VrLib (10266): SetVrClocks: {CPU CLOCK, GPU CLOCK, POWERSAVE CPU CLOCK, POWERSAVE GPU CLOCK}
D/VrLib (10266): -> / 1190400
D/VrLib (10266): -> / 300000000
D/VrLib (10266): -> / 883200
D/VrLib (10266): -> / 240000000
W/VrApi (10266): CPU Clock = 1190 MHz
W/VrApi (10266): GPU Clock = 300 MHz
D/SSRMv3:SsrmController( 942): SIOP:: AP = 420, PST = 414
W/TimeWarp(10266): Frame 5144 Eye 1 latency 0.010
W/TimeWarp(10266): Frame 5150 Eye 1 latency 0.013
I/OVR (10266): DeviceManagerThread - event 69 (499Hz) (Tid=10318)
D/OVR ( 9239): Debug: SensorFusion::handleMessage - RotationRate zero
W/TimeWarp(10266): Frame 5160 Eye 0 latency 0.010
W/TimeWarp(10266): Frame 5169 Eye 0 latency 0.010
W/TimeWarp(10266): Frame 5170 Eye 0 latency 0.009
W/TimeWarp(10266): Changing vsync from 5171.000000 to 5174.000000
W/TimeWarp(10266): Warp GPU time: 0.0 ms
W/VrApi (10266): CPU0 Clock 1190 MHz, GPU Clock 300000 MHz, Power Level State 0, normal
W/UnityPlugin(10266): FPS: 14 GPU time: 0.0 ms
W/TimeWarp(10266): Frame 5199 Eye 1 latency 0.009
D/OVR ( 9239): Debug: SensorFusion::handleMessage - RotationRate zero
W/TimeWarp(10266): Frame 5208 Eye 1 latency 0.009
W/TimeWarp(10266): Frame 5210 Eye 1 latency 0.010
I/OVR (10266): DeviceManagerThread - event 69 (499Hz) (Tid=10318)
W/TimeWarp(10266): Frame 5213 Eye 1 latency 0.013
W/TimeWarp(10266): Frame 5218 Eye 1 latency 0.012
W/TimeWarp(10266): Warp GPU time: 0.0 ms
D/OVR ( 9239): Debug: SensorFusion::handleMessage - RotationRate zero
W/VrApi (10266): CPU0 Clock 1190 MHz, GPU Clock 300000 MHz, Power Level State 0, normal
W/UnityPlugin(10266): FPS: 17 GPU time: 0.0 ms
W/TimeWarp(10266): Frame 5248 Eye 1 latency 0.009
W/TimeWarp(10266): Frame 5252 Eye 0 latency 0.010
W/TimeWarp(10266): Frame 5254 Eye 1 latency 0.009
W/TimeWarp(10266): Frame 5267 Eye 0 latency 0.010
I/OVR (10266): DeviceManagerThread - event 69 (499Hz) (Tid=10318)
W/TimeWarp(10266): Warp GPU time: 0.0 ms
W/VrApi (10266): CPU0 Clock 1190 MHz, GPU Clock 300000 MHz, Power Level State 0, normal
W/UnityPlugin(10266): FPS: 3 GPU time: 0.0 ms
D/OVR ( 9239): Debug: SensorFusion::handleMessage - RotationRate zero
D/OVR ( 9239): Debug: SensorFusion::handleMessage - RotationRate zero
W/TimeWarp(10266): Frame 5328 Eye 1 latency 0.010
I/OVR (10266): DeviceManagerThread - event 69 (498Hz) (Tid=10318)
W/TimeWarp(10266): Frame 5346 Eye 1 latency 0.009
W/TimeWarp(10266): Frame 5347 Eye 0 latency 0.015
W/TimeWarp(10266): Frame 5352 Eye 0 latency 0.009
W/TimeWarp(10266): Warp GPU time: 0.0 ms
W/VrApi (10266): CPU0 Clock 1190 MHz, GPU Clock 300000 MHz, Power Level State 0, normal
W/UnityPlugin(10266): FPS: 5 GPU time: 0.0 ms
D/OVR ( 9239): Debug: SensorFusion::handleMessage - RotationRate zero
D/PowerManagerService( 942): [s] UserActivityState : 2 -> 0
I/PowerManagerService( 942): [PWL] On : 3246533 (3175747 ms ago)
I/PowerManagerService( 942): [PWL] mStayOn: false mWakeLockSummary & WAKE_LOCK_STAY_AWAKE: 20 mUserActivitySummary: 0x0
I/PowerManagerService( 942): [PWL] FULL_WAKE_LOCK 'Unity-ProjectRequestedWakeLock' (uid=10265, pid=10266, ws=null) (elapsedTime=92080)
I/PowerManagerService( 942): [PWL] SCREEN_BRIGHT_WAKE_LOCK 'VR Service' ACQUIRE_CAUSES_WAKEUP ON_AFTER_RELEASE (uid=1000, pid=9239, ws=null) (elapsedTime=87034)
D/OVR ( 9239): Debug: SensorFusion::handleMessage - RotationRate zero
D/OVR ( 9239): Debug: SensorFusion::handleMessage - RotationRate zero
I/OVR (10266): DeviceManagerThread - event 69 (499Hz) (Tid=10318)
D/OVR ( 9239): Debug: SensorFusion::handleMessage - RotationRate zero
W/UnityPlugin(10266): OVR_VrModeParms_SetCpuLevel(): L 2
W/UnityPlugin(10266): OVR_VrModeParms_SetGpuLevel(): L 2
W/UnityPlugin(10266): OVR_TW_SetMinimumVsyncs() 1
W/TimeWarp(10266): Warp GPU time: 0.0 ms
W/UnityPlugin(10266): OVR_VrModeParms_Reset()
W/UnityPlugin(10266): OVR_VrModeParms_Reset: Soft Reset
W/UnityPlugin(10266): OVR_VrModeParms_Reset: Clock Lock Reset
W/VrApi (10266): SetVrPlatformOptions( -1, -1 )
D/VrLib (10266): Available levels: {GPU MIN, GPU MAX, CPU MIN, CPU MAX}
D/VrLib (10266): -> / 0
D/VrLib (10266): -> / 3
D/VrLib (10266): -> / 0
D/VrLib (10266): -> / 3
D/VrLib (10266): setSystemPerformance cpu: -1 gpu: -1
D/VrLib (10266): Fixed clock level API exists
V/VRSVC (10291): at (VRManagerService.java:460) yTqX() [SIOP : 0]
V/VRSVC (10291): at (VRManagerService.java:461) yTqX() [PLATFORM : apq8084]
V/VRSVC (10291): at (VRManagerService.java:310) wtkw() [Release GPU minLock COMPLETE: com.climaxstudios.BanditSix]
V/VRSVC (10291): at (VRManagerService.java:314) wtkw() [Release GPU maxLock COMPLETE: com.climaxstudios.BanditSix]
V/VRSVC (10291): at (VRManagerService.java:335) yTqX() [Release CPU minLock COMPLETE: com.climaxstudios.BanditSix]
V/VRSVC (10291): at (VRManagerService.java:339) yTqX() [Release CPU maxLock COMPLETE: com.climaxstudios.BanditSix]
V/VRSVC (10291): at (VRManagerService.java:537) yTqX() [SetVrClocks release]
D/VrLib (10266): Releasing frequency lock
W/VrApi (10266): CPU Clock = 0 MHz
W/VrApi (10266): GPU Clock = 0 MHz
W/VrApi (10266): SetVrPlatformOptions( 2, 2 )
D/CustomFrequencyManagerService( 942): releaseDVFSLockLocked : Getting Lock type frm List : DVFS_MIN_LIMIT frequency : 1190400 uid : 1000 pid : 942 tag : VR_CPU_MIN@1
D/CustomFrequencyManagerService( 942): releaseDVFSLockLocked : Getting Lock type frm List : DVFS_MAX_LIMIT frequency : 1190400 uid : 1000 pid : 942 tag : VR_CPU_MAX@2
D/VrLib (10266): Available levels: {GPU MIN, GPU MAX, CPU MIN, CPU MAX}
D/VrLib (10266): -> / 0
D/VrLib (10266): -> / 3
D/VrLib (10266): -> / 0
D/VrLib (10266): -> / 3
W/VrApi (10266): CPU levels [0, 3]
W/VrApi (10266): GPU levels [0, 3]
D/VrLib (10266): setSystemPerformance cpu: 2 gpu: 2
D/VrLib (10266): Fixed clock level API exists
V/VRSVC (10291): at (VRManagerService.java:460) yTqX() [SIOP : 0]
V/VRSVC (10291): at (VRManagerService.java:461) yTqX() [PLATFORM : apq8084]
V/VRSVC (10291): at (VRManagerService.java:239) uWFZ() [getDevelopermode : 1]
V/VRSVC (10291): at (VRManagerService.java:576) wtkw() [Set CPU minLock COMPLETE: com.climaxstudios.BanditSix 1497600]
D/CustomFrequencyManagerService( 942): acquireDVFSLockLocked : type : DVFS_MIN_LIMIT frequency : 1497600 uid : 1000 pid : 942 pkgName : VR_CPU_MIN@1
D/CustomFrequencyManagerService( 942): acquireDVFSLockLocked : type : DVFS_MAX_LIMIT frequency : 1497600 uid : 1000 pid : 942 pkgName : VR_CPU_MAX@2
V/VRSVC (10291): at (VRManagerService.java:588) wtkw() [Set CPU maxLock COMPLETE: com.climaxstudios.BanditSix 1497600]
V/VRSVC (10291): at (VRManagerService.java:239) uWFZ() [getDevelopermode : 1]
E/VRSVC (10291): at (VRManagerService.java:621) QdBd() [Set GPU minLock COMPLETE: com.climaxstudios.BanditSix 389000000]
V/VRSVC (10291): at (VRManagerService.java:632) QdBd() [Set GPU maxLock COMPLETE: com.climaxstudios.BanditSix 389000000]
V/VRSVC (10291): at (VRManagerService.java:551) yTqX() [(2:2:com.climaxstudios.BanditSix) (1497600:389000000:883200:240000000) pkg: com.climaxstudios.BanditSix]
D/VrLib (10266): SetVrClocks: {CPU CLOCK, GPU CLOCK, POWERSAVE CPU CLOCK, POWERSAVE GPU CLOCK}
D/VrLib (10266): -> / 1497600
D/VrLib (10266): -> / 389000000
D/VrLib (10266): -> / 883200
D/VrLib (10266): -> / 240000000
W/VrApi (10266): CPU Clock = 1497 MHz
W/VrApi (10266): GPU Clock = 389 MHz
W/VrApi (10266): CPU0 Clock 1497 MHz, GPU Clock 389000 MHz, Power Level State 0, normal
W/UnityPlugin(10266): FPS: 20 GPU time: 0.0 ms
W/TimeWarp(10266): Frame 5443 Eye 1 latency 0.009
I/OVR (10266): DeviceManagerThread - event 69 (498Hz) (Tid=10318)
W/TimeWarp(10266): Warp GPU time: 0.0 ms
W/VrApi (10266): CPU0 Clock 1497 MHz, GPU Clock 389000 MHz, Power Level State 0, normal
W/UnityPlugin(10266): FPS: 44 GPU time: 0.0 ms
I/OVR (10266): DeviceManagerThread - event 69 (499Hz) (Tid=10318)
W/TimeWarp(10266): Warp GPU time: 0.0 ms
W/VrApi (10266): CPU0 Clock 1497 MHz, GPU Clock 389000 MHz, Power Level State 0, normal
W/UnityPlugin(10266): FPS: 60 GPU time: 0.0 ms
D/OVR ( 9239): Debug: SensorFusion::handleMessage - RotationRate zero
I/OVR (10266): DeviceManagerThread - event 69 (499Hz) (Tid=10318)
D/OVR ( 9239): Debug: SensorFusion::handleMessage - RotationRate zero
D/OVR ( 9239): Debug: SensorFusion::handleMessage - RotationRate zero
W/VrApi (10266): CPU0 Clock 1497 MHz, GPU Clock 389000 MHz, Power Level State 0, normal
W/UnityPlugin(10266): FPS: 59 GPU time: 0.0 ms
W/TimeWarp(10266): Warp GPU time: 0.0 ms
I/OVR (10266): DeviceManagerThread - event 69 (498Hz) (Tid=10318)
D/OVR ( 9239): Debug: SensorFusion::handleMessage - RotationRate zero
D/OVR ( 9239): Debug: SensorFusion::handleMessage - RotationRate zero
D/BatteryService( 942): level:90, scale:100, status:3, health:2, present:true, voltage: 4149, temperature: 315, technology: Li-ion, AC powered:false, USB powered:false, Wireless powered:false, icon:17303771, invalid charger:0, online:13, current avg:-867, charge type:0, power sharing:false, high voltage charger:false, capacity:322000
D/BatteryService( 942): Sending ACTION_BATTERY_CHANGED.
D/KeyguardUpdateMonitor( 1203): received broadcast android.intent.action.BATTERY_CHANGED
D/KeyguardUpdateMonitor( 1203): handleBatteryUpdate
D/UiModeManager( 942): mCoverManager.getCoverState() : true
D/VrLib (10266): OnReceive BATTERY_ACTION_CHANGED
W/VrApi (10266): nativeBatteryEvent(3, 90, 315)
V/HeadsetService( 2464): HeadsetService - Received Intent.ACTION_BATTERY_CHANGED
D/HeadsetStateMachine( 2464): Disconnected process message: 10
D/STATUSBAR-PhoneStatusBar( 1224): mBrightnessEnablebySettings = true mBrightnessEnablebyBattery = true mBrightnessEnablebyDisableFlag = true mPmsBrightnessEnablebySettings = true
D/BatteryMeterView( 1224): ACTION_BATTERY_CHANGED : level:90 status:3 health:2
D/VRSVC ( 9239): at (HmtService.java:528) onReceive() [intent action=android.intent.action.BATTERY_CHANGED]
V/VRSVC ( 9239): at (HmtService.java:639) wtkw() [handleIntentBattery batteryLevel=90]
D/BatteryMeterView( 1224): onDraw batteryColor : -1
W/TimeWarp(10266): Warp GPU time: 0.0 ms
W/VrApi (10266): CPU0 Clock 1497 MHz, GPU Clock 389000 MHz, Power Level State 0, normal
W/UnityPlugin(10266): FPS: 59 GPU time: 0.0 ms
D/OVR ( 9239): Debug: SensorFusion::handleMessage - RotationRate zero
I/OVR (10266): DeviceManagerThread - event 69 (498Hz) (Tid=10318)
W/TimeWarp(10266): Warp GPU time: 0.0 ms
W/VrApi (10266): CPU0 Clock 1497 MHz, GPU Clock 389000 MHz, Power Level State 0, normal
W/UnityPlugin(10266): FPS: 60 GPU time: 0.0 ms
D/OVR ( 9239): Debug: SensorFusion::handleMessage - RotationRate zero
D/SSRMv3:SsrmController( 942): SIOP:: AP = 430, PST = 418
I/OVR (10266): DeviceManagerThread - event 69 (499Hz) (Tid=10318)
W/TimeWarp(10266): Frame 5752 Eye 0 latency 0.008
W/TimeWarp(10266): Warp GPU time: 0.0 ms
W/VrApi (10266): CPU0 Clock 1497 MHz, GPU Clock 389000 MHz, Power Level State 0, normal
W/UnityPlugin(10266): FPS: 57 GPU time: 0.0 ms
D/OVR ( 9239): Debug: SensorFusion::handleMessage - RotationRate zero
D/OVR ( 9239): Debug: SensorFusion::handleMessage - RotationRate zero
D/OVR ( 9239): Debug: SensorFusion::handleMessage - RotationRate zero
D/STATUSBAR-NetworkController( 1224): onSignalStrengthsChanged signalStrength=SignalStrength: 19 -1 -1 -1 -1 -1 -1 99 2147483647 2147483647 2147483647 -1 2147483647 gsm|lte 0x4 level=4
D/VrLib (10266): OvrPhoneStateListener.onSignalStrengthsChanged4
W/VrApi (10266): nativeCellularSignalEvent( 4 )
I/OVR (10266): DeviceManagerThread - event 69 (498Hz) (Tid=10318)
W/VrApi (10266): CPU0 Clock 1497 MHz, GPU Clock 389000 MHz, Power Level State 0, normal
W/UnityPlugin(10266): FPS: 59 GPU time: 0.0 ms
W/TimeWarp(10266): Warp GPU time: 0.0 ms
D/OVR ( 9239): Debug: SensorFusion::handleMessage - RotationRate zero
D/OVR ( 9239): Debug: SensorFusion::handleMessage - RotationRate zero
I/OVR (10266): DeviceManagerThread - event 69 (498Hz) (Tid=10318)
D/STATUSBAR-NetworkController( 1224): onSignalStrengthsChanged signalStrength=SignalStrength: 18 -1 -1 -1 -1 -1 -1 99 2147483647 2147483647 2147483647 -1 2147483647 gsm|lte 0x4 level=4
D/VrLib (10266): OvrPhoneStateListener.onSignalStrengthsChanged4
W/VrApi (10266): nativeCellularSignalEvent( 4 )
D/OVR ( 9239): Debug: SensorFusion::handleMessage - RotationRate zero
W/VrApi (10266): CPU0 Clock 1497 MHz, GPU Clock 389000 MHz, Power Level State 0, normal
W/UnityPlugin(10266): FPS: 60 GPU time: 0.0 ms
W/TimeWarp(10266): Warp GPU time: 0.0 ms
W/TimeWarp(10266): Frame 5905 Eye 0 latency 0.008
I/OVR (10266): DeviceManagerThread - event 69 (499Hz) (Tid=10318)
W/TimeWarp(10266): Warp GPU time: 0.0 ms
W/VrApi (10266): CPU0 Clock 1497 MHz, GPU Clock 389000 MHz, Power Level State 0, normal
W/UnityPlugin(10266): FPS: 60 GPU time: 0.0 ms
D/OVR ( 9239): Debug: SensorFusion::handleMessage - RotationRate zero
D/OVR ( 9239): Debug: SensorFusion::handleMessage - RotationRate zero
E/Watchdog( 942): !@Sync 214
I/OVR (10266): DeviceManagerThread - event 69 (499Hz) (Tid=10318)
W/TimeWarp(10266): Warp GPU time: 0.0 ms
W/VrApi (10266): CPU0 Clock 1497 MHz, GPU Clock 389000 MHz, Power Level State 0, normal
W/UnityPlugin(10266): FPS: 60 GPU time: 0.0 ms
D/OVR ( 9239): Debug: SensorFusion::handleMessage - RotationRate zero
I/OVR (10266): DeviceManagerThread - event 69 (499Hz) (Tid=10318)
W/UnityPlugin(10266): OVR_VrModeParms_SetCpuLevel(): L 1
W/UnityPlugin(10266): OVR_VrModeParms_SetGpuLevel(): L 1
W/UnityPlugin(10266): OVR_TW_SetMinimumVsyncs() 2
W/UnityPlugin(10266): OVR_VrModeParms_Reset()
W/UnityPlugin(10266): OVR_VrModeParms_Reset: Soft Reset
W/UnityPlugin(10266): OVR_VrModeParms_Reset: Clock Lock Reset
W/VrApi (10266): SetVrPlatformOptions( -1, -1 )
D/VrLib (10266): Available levels: {GPU MIN, GPU MAX, CPU MIN, CPU MAX}
D/VrLib (10266): -> / 0
D/VrLib (10266): -> / 3
D/VrLib (10266): -> / 0
D/VrLib (10266): -> / 3
D/VrLib (10266): setSystemPerformance cpu: -1 gpu: -1
D/VrLib (10266): Fixed clock level API exists
V/VRSVC (10291): at (VRManagerService.java:460) yTqX() [SIOP : 0]
V/VRSVC (10291): at (VRManagerService.java:461) yTqX() [PLATFORM : apq8084]
V/VRSVC (10291): at (VRManagerService.java:310) wtkw() [Release GPU minLock COMPLETE: com.climaxstudios.BanditSix]
V/VRSVC (10291): at (VRManagerService.java:314) wtkw() [Release GPU maxLock COMPLETE: com.climaxstudios.BanditSix]
V/VRSVC (10291): at (VRManagerService.java:335) yTqX() [Release CPU minLock COMPLETE: com.climaxstudios.BanditSix]
V/VRSVC (10291): at (VRManagerService.java:339) yTqX() [Release CPU maxLock COMPLETE: com.climaxstudios.BanditSix]
D/CustomFrequencyManagerService( 942): releaseDVFSLockLocked : Getting Lock type frm List : DVFS_MIN_LIMIT frequency : 1497600 uid : 1000 pid : 942 tag : VR_CPU_MIN@1
D/CustomFrequencyManagerService( 942): releaseDVFSLockLocked : Getting Lock type frm List : DVFS_MAX_LIMIT frequency : 1497600 uid : 1000 pid : 942 tag : VR_CPU_MAX@2
V/VRSVC (10291): at (VRManagerService.java:537) yTqX() [SetVrClocks release]
D/VrLib (10266): Releasing frequency lock
W/VrApi (10266): CPU Clock = 0 MHz
W/VrApi (10266): GPU Clock = 0 MHz
W/VrApi (10266): SetVrPlatformOptions( 1, 1 )
D/VrLib (10266): Available levels: {GPU MIN, GPU MAX, CPU MIN, CPU MAX}
D/VrLib (10266): -> / 0
D/VrLib (10266): -> / 3
D/VrLib (10266): -> / 0
D/VrLib (10266): -> / 3
W/VrApi (10266): CPU levels [0, 3]
W/VrApi (10266): GPU levels [0, 3]
D/VrLib (10266): setSystemPerformance cpu: 1 gpu: 1
D/VrLib (10266): Fixed clock level API exists
V/VRSVC (10291): at (VRManagerService.java:460) yTqX() [SIOP : 0]
V/VRSVC (10291): at (VRManagerService.java:461) yTqX() [PLATFORM : apq8084]
V/VRSVC (10291): at (VRManagerService.java:239) uWFZ() [getDevelopermode : 1]
V/VRSVC (10291): at (VRManagerService.java:576) wtkw() [Set CPU minLock COMPLETE: com.climaxstudios.BanditSix 1190400]
V/VRSVC (10291): at (VRManagerService.java:588) wtkw() [Set CPU maxLock COMPLETE: com.climaxstudios.BanditSix 1190400]
V/VRSVC (10291): at (VRManagerService.java:239) uWFZ() [getDevelopermode : 1]
D/CustomFrequencyManagerService( 942): acquireDVFSLockLocked : type : DVFS_MIN_LIMIT frequency : 1190400 uid : 1000 pid : 942 pkgName : VR_CPU_MIN@1
D/CustomFrequencyManagerService( 942): acquireDVFSLockLocked : type : DVFS_MAX_LIMIT frequency : 1190400 uid : 1000 pid : 942 pkgName : VR_CPU_MAX@2
E/VRSVC (10291): at (VRManagerService.java:621) QdBd() [Set GPU minLock COMPLETE: com.climaxstudios.BanditSix 300000000]
V/VRSVC (10291): at (VRManagerService.java:632) QdBd() [Set GPU maxLock COMPLETE: com.climaxstudios.BanditSix 300000000]
V/VRSVC (10291): at (VRManagerService.java:551) yTqX() [(1:1:com.climaxstudios.BanditSix) (1190400:300000000:883200:240000000) pkg: com.climaxstudios.BanditSix]
D/VrLib (10266): SetVrClocks: {CPU CLOCK, GPU CLOCK, POWERSAVE CPU CLOCK, POWERSAVE GPU CLOCK}
D/VrLib (10266): -> / 1190400
D/VrLib (10266): -> / 300000000
D/VrLib (10266): -> / 883200
D/VrLib (10266): -> / 240000000
W/VrApi (10266): CPU Clock = 1190 MHz
W/VrApi (10266): GPU Clock = 300 MHz
D/OVR ( 9239): Debug: SensorFusion::handleMessage - RotationRate zero
W/TimeWarp(10266): Warp GPU time: 0.0 ms
W/TimeWarp(10266): Frame 6070 Eye 0 latency 0.090
W/TimeWarp(10266): Changing vsync from 6071.000000 to 6077.000000
D/OVR ( 9239): Debug: SensorFusion::handleMessage - RotationRate zero
W/VrApi (10266): CPU0 Clock 1190 MHz, GPU Clock 300000 MHz, Power Level State 0, normal
W/UnityPlugin(10266): FPS: 54 GPU time: 0.0 ms
I/OVR (10266): DeviceManagerThread - event 69 (499Hz) (Tid=10318)
D/STATUSBAR-NetworkController( 1224): onSignalStrengthsChanged signalStrength=SignalStrength: 18 -1 -1 -1 -1 -1 -1 99 2147483647 2147483647 2147483647 -1 2147483647 gsm|lte 0x4 level=4
D/VrLib (10266): OvrPhoneStateListener.onSignalStrengthsChanged4
W/VrApi (10266): nativeCellularSignalEvent( 4 )
W/TimeWarp(10266): Warp GPU time: 0.0 ms
W/TimeWarp(10266): Frame 6132 Eye 0 latency 0.023
W/VrApi (10266): CPU0 Clock 1190 MHz, GPU Clock 300000 MHz, Power Level State 0, normal
W/UnityPlugin(10266): FPS: 13 GPU time: 0.0 ms
I/OVR (10266): DeviceManagerThread - event 69 (499Hz) (Tid=10318)
W/TimeWarp(10266): Warp GPU time: 0.0 ms
I/OVR (10266): DeviceManagerThread - event 69 (498Hz) (Tid=10318)
W/VrApi (10266): CPU0 Clock 1190 MHz, GPU Clock 300000 MHz, Power Level State 0, normal
W/UnityPlugin(10266): FPS: 4 GPU time: 0.0 ms
W/TimeWarp(10266): Warp GPU time: 0.0 ms
W/VrApi (10266): CPU0 Clock 1190 MHz, GPU Clock 300000 MHz, Power Level State 0, normal
W/UnityPlugin(10266): FPS: 5 GPU time: 0.0 ms
D/OVR ( 9239): Debug: SensorFusion::handleMessage - RotationRate zero
W/TimeWarp(10266): Frame 6289 Eye 1 latency 0.024
I/OVR (10266): DeviceManagerThread - event 69 (499Hz) (Tid=10318)
D/OVR ( 9239): Debug: SensorFusion::handleMessage - RotationRate zero
W/TimeWarp(10266): Frame 6293 Eye 0 latency 0.052
W/TimeWarp(10266): Changing vsync from 6294.000000 to 6297.000000
D/OVR ( 9239): Debug: SensorFusion::handleMessage - RotationRate zero
W/TimeWarp(10266): Warp GPU time: 0.0 ms
D/OVR ( 9239): Debug: SensorFusion::handleMessage - RotationRate zero
D/SSRMv3:SsrmController( 942): SIOP:: AP = 430, PST = 421
W/TimeWarp(10266): TimeWarp Watchdog: removed SCHED_FIFO from tid 10305
D/VrLib (10266): setSchedFifoStatic tid:10305 pto:0
D/VrLib (10266): VRManager set thread priority to 0
W/TimeWarp(10266): TimeWarp Watchdog: removed SCHED_FIFO from tid 10287
D/VrLib (10266): setSchedFifoStatic tid:10287 pto:0
D/VrLib (10266): VRManager set thread priority to 0
V/VRManagerService( 942): ---- demoteProcessThread 'com.climaxstudios.BanditSix' requestPriority(pid=10266, tid=10305, prio=0 ----
V/VRManagerService( 942): ---- demoteProcessThread 'com.climaxstudios.BanditSix' requestPriority(pid=10266, tid=10287, prio=0 ----
I/OVR (10266): DeviceManagerThread - event 69 (498Hz) (Tid=10318)
W/TimeWarp(10266): Warp GPU time: 0.0 ms
D/OVR ( 9239): Debug: SensorFusion::handleMessage - RotationRate zero
I/OVR (10266): DeviceManagerThread - event 69 (499Hz) (Tid=10318)
W/TimeWarp(10266): Warp GPU time: 0.0 ms
I/OVR (10266): DeviceManagerThread - event 69 (499Hz) (Tid=10318)
W/TimeWarp(10266): Warp GPU time: 0.0 ms
W/TimeWarp(10266): TimeWarp Watchdog: restored SCHED_FIFO on tid 10305
D/VrLib (10266): setSchedFifoStatic tid:10305 pto:1
D/VrLib (10266): VRManager set thread priority to 1
W/TimeWarp(10266): TimeWarp Watchdog: restored SCHED_FIFO on tid 10287
D/VrLib (10266): setSchedFifoStatic tid:10287 pto:1
V/VRManagerService( 942): ---- elevateProcessThread 'com.climaxstudios.BanditSix' requestPriority(pid=10266, tid=10305, prio=1 ----
D/VrLib (10266): VRManager set thread priority to 1
W/VrApi (10266): CPU0 Clock 1190 MHz, GPU Clock 300000 MHz, Power Level State 0, normal
W/UnityPlugin(10266): FPS: 19 GPU time: 0.0 ms
V/VRManagerService( 942): ---- elevateProcessThread 'com.climaxstudios.BanditSix' requestPriority(pid=10266, tid=10287, prio=1 ----
W/TimeWarp(10266): Frame 6521 Eye 0 latency 0.010
W/TimeWarp(10266): Frame 6522 Eye 1 latency 0.011
W/TimeWarp(10266): Frame 6527 Eye 1 latency 0.012
W/TimeWarp(10266): Frame 6528 Eye 1 latency 0.010
I/OVR (10266): DeviceManagerThread - event 69 (498Hz) (Tid=10318)
W/TimeWarp(10266): Warp GPU time: 0.0 ms
W/TimeWarp(10266): Frame 6552 Eye 1 latency 0.008
W/TimeWarp(10266): Frame 6568 Eye 1 latency 0.011
W/TimeWarp(10266): Frame 6569 Eye 0 latency 0.009
D/VrLib (10266): OvrPhoneStateListener.onSignalStrengthsChanged4
W/VrApi (10266): nativeCellularSignalEvent( 4 )
D/STATUSBAR-NetworkController( 1224): onSignalStrengthsChanged signalStrength=SignalStrength: 19 -1 -1 -1 -1 -1 -1 99 2147483647 2147483647 2147483647 -1 2147483647 gsm|lte 0x4 level=4
W/TimeWarp(10266): Frame 6574 Eye 1 latency 0.010
D/OVR ( 9239): Debug: SensorFusion::handleMessage - RotationRate zero
W/TimeWarp(10266): Frame 6580 Eye 0 latency 0.098
I/OVR (10266): DeviceManagerThread - event 69 (499Hz) (Tid=10318)
W/TimeWarp(10266): Changing vsync from 6581.000000 to 6605.000000
W/TimeWarp(10266): TimeWarp Watchdog: removed SCHED_FIFO from tid 10305
D/VrLib (10266): setSchedFifoStatic tid:10305 pto:0
D/VrLib (10266): VRManager set thread priority to 0
W/TimeWarp(10266): TimeWarp Watchdog: removed SCHED_FIFO from tid 10287
D/VrLib (10266): setSchedFifoStatic tid:10287 pto:0
V/VRManagerService( 942): ---- demoteProcessThread 'com.climaxstudios.BanditSix' requestPriority(pid=10266, tid=10305, prio=0 ----
V/VRManagerService( 942): ---- demoteProcessThread 'com.climaxstudios.BanditSix' requestPriority(pid=10266, tid=10287, prio=0 ----
D/VrLib (10266): VRManager set thread priority to 0
W/TimeWarp(10266): Warp GPU time: 0.0 ms
D/OVR ( 9239): Debug: SensorFusion::handleMessage - RotationRate zero
I/OVR (10266): DeviceManagerThread - event 69 (499Hz) (Tid=10318)
D/OVR ( 9239): Debug: SensorFusion::handleMessage - RotationRate zero
W/TimeWarp(10266): Warp GPU time: 0.0 ms
D/OVR ( 9239): Debug: SensorFusion::handleMessage - RotationRate zero
W/TimeWarp(10266): TimeWarp Watchdog: restored SCHED_FIFO on tid 10305
D/VrLib (10266): setSchedFifoStatic tid:10305 pto:1
D/VrLib (10266): VRManager set thread priority to 1
W/TimeWarp(10266): TimeWarp Watchdog: restored SCHED_FIFO on tid 10287
D/VrLib (10266): setSchedFifoStatic tid:10287 pto:1
D/VrLib (10266): VRManager set thread priority to 1
V/VRManagerService( 942): ---- elevateProcessThread 'com.climaxstudios.BanditSix' requestPriority(pid=10266, tid=10305, prio=1 ----
V/VRManagerService( 942): ---- elevateProcessThread 'com.climaxstudios.BanditSix' requestPriority(pid=10266, tid=10287, prio=1 ----
W/VrApi (10266): CPU0 Clock 1190 MHz, GPU Clock 300000 MHz, Power Level State 0, normal
W/UnityPlugin(10266): FPS: 2 GPU time: 0.0 ms
I/OVR (10266): DeviceManagerThread - event 69 (499Hz) (Tid=10318)
W/TimeWarp(10266): Warp GPU time: 0.0 ms
W/VrApi (10266): CPU0 Clock 1190 MHz, GPU Clock 300000 MHz, Power Level State 0, normal
W/UnityPlugin(10266): FPS: 16 GPU time: 0.0 ms
V/AlarmManager( 942): waitForAlarm result :4
V/AlarmManager( 942): trigger ELAPSED_REALTIME_WAKEUP or RTC_WAKEUP
D/WifiService( 942): startScan by pid=1656, uid=10015
I/wpa_supplicant( 1184): wlan0: Setting scan request: 0 sec 0 usec
I/wpa_supplicant( 1184): Scan requested (ret=0) - scan timeout 30 seconds
W/TimeWarp(10266): Frame 6762 Eye 1 latency 0.008
W/TimeWarp(10266): Frame 6763 Eye 1 latency 0.009
W/TimeWarp(10266): Frame 6764 Eye 0 latency 0.009
W/TimeWarp(10266): Frame 6765 Eye 0 latency 0.009
W/TimeWarp(10266): Frame 6766 Eye 0 latency 0.008
W/TimeWarp(10266): Frame 6767 Eye 1 latency 0.008
W/TimeWarp(10266): Frame 6768 Eye 0 latency 0.009
I/OVR (10266): DeviceManagerThread - event 69 (498Hz) (Tid=10318)
W/TimeWarp(10266): Frame 6770 Eye 0 latency 0.009
W/TimeWarp(10266): Frame 6773 Eye 1 latency 0.009
W/TimeWarp(10266): Frame 6774 Eye 0 latency 0.009
W/TimeWarp(10266): Frame 6780 Eye 0 latency 0.008
W/TimeWarp(10266): Frame 6782 Eye 0 latency 0.008
W/TimeWarp(10266): Warp GPU time: 0.0 ms
W/VrApi (10266): CPU0 Clock 1190 MHz, GPU Clock 300000 MHz, Power Level State 0, normal
W/UnityPlugin(10266): FPS: 30 GPU time: 0.0 ms
W/TimeWarp(10266): Frame 6790 Eye 0 latency 0.008
W/TimeWarp(10266): Frame 6798 Eye 0 latency 0.008
W/TimeWarp(10266): Frame 6804 Eye 0 latency 0.008
W/TimeWarp(10266): Frame 6806 Eye 0 latency 0.008
D/OVR ( 9239): Debug: SensorFusion::handleMessage - RotationRate zero
W/TimeWarp(10266): Frame 6810 Eye 0 latency 0.009
W/TimeWarp(10266): Frame 6816 Eye 0 latency 0.008
W/TimeWarp(10266): Frame 6824 Eye 0 latency 0.008
W/TimeWarp(10266): Frame 6828 Eye 0 latency 0.009
I/OVR (10266): DeviceManagerThread - event 69 (499Hz) (Tid=10318)
W/TimeWarp(10266): Frame 6836 Eye 0 latency 0.008
W/TimeWarp(10266): Frame 6844 Eye 0 latency 0.009
W/TimeWarp(10266): Warp GPU time: 0.0 ms
W/VrApi (10266): CPU0 Clock 1190 MHz, GPU Clock 300000 MHz, Power Level State 0, normal
W/UnityPlugin(10266): FPS: 30 GPU time: 0.0 ms
W/TimeWarp(10266): Frame 6850 Eye 0 latency 0.008
D/OVR ( 9239): Debug: SensorFusion::handleMessage - RotationRate zero
W/TimeWarp(10266): Frame 6862 Eye 0 latency 0.008
W/TimeWarp(10266): Frame 6868 Eye 0 latency 0.008
W/TimeWarp(10266): Frame 6874 Eye 0 latency 0.008
W/TimeWarp(10266): Frame 6876 Eye 0 latency 0.008
W/TimeWarp(10266): Frame 6878 Eye 0 latency 0.009
W/TimeWarp(10266): Frame 6888 Eye 0 latency 0.008
I/OVR (10266): DeviceManagerThread - event 69 (499Hz) (Tid=10318)
W/TimeWarp(10266): Frame 6892 Eye 0 latency 0.008
W/TimeWarp(10266): Frame 6896 Eye 0 latency 0.008
D/OVR ( 9239): Debug: SensorFusion::handleMessage - RotationRate zero
W/TimeWarp(10266): Frame 6900 Eye 0 latency 0.008
W/TimeWarp(10266): Frame 6901 Eye 1 latency 0.008
W/TimeWarp(10266): Frame 6904 Eye 0 latency 0.008
W/TimeWarp(10266): Warp GPU time: 0.0 ms
W/VrApi (10266): CPU0 Clock 1190 MHz, GPU Clock 300000 MHz, Power Level State 0, normal
W/UnityPlugin(10266): FPS: 30 GPU time: 0.0 ms
W/TimeWarp(10266): Frame 6911 Eye 0 latency 0.009
W/TimeWarp(10266): Frame 6916 Eye 0 latency 0.009
W/TimeWarp(10266): Frame 6922 Eye 0 latency 0.008
W/TimeWarp(10266): Frame 6928 Eye 0 latency 0.008
W/TimeWarp(10266): Frame 6929 Eye 0 latency 0.009
W/TimeWarp(10266): Frame 6929 Eye 1 latency 0.009
W/TimeWarp(10266): Frame 6936 Eye 0 latency 0.008
W/TimeWarp(10266): Frame 6940 Eye 0 latency 0.008
D/SSRMv3:SsrmController( 942): SIOP:: AP = 430, PST = 423
W/TimeWarp(10266): Frame 6944 Eye 0 latency 0.008
W/TimeWarp(10266): Frame 6948 Eye 0 latency 0.008
I/OVR (10266): DeviceManagerThread - event 69 (499Hz) (Tid=10318)
W/TimeWarp(10266): Frame 6951 Eye 0 latency 0.009
W/TimeWarp(10266): Frame 6954 Eye 0 latency 0.008
W/TimeWarp(10266): Frame 6956 Eye 0 latency 0.009
I/wpa_supplicant( 1184): nl80211: Received scan results (10 BSSes)
D/Tethering( 942): interfaceLinkStateChanged wlan0, true
D/Tethering( 942): interfaceStatusChanged wlan0, true
W/TimeWarp(10266): Frame 6961 Eye 1 latency 0.008
W/TimeWarp(10266): Warp GPU time: 0.0 ms
E/xxxxxxbtsdcard( 942): checkUser: useridlist=null, currentuser=0
E/xxxxxxbtsdcard( 942): checkUser: useridlist=null, currentuser=0
E/xxxxxxbtsdcard( 942): checkUser: useridlist=null, currentuser=0
E/xxxxxxbtsdcard( 942): checkUser: useridlist=null, currentuser=0
D/NlpProxy( 942): onLocationChanged: network
D/NlpProxy( 942): LocationNeedsScreening return false
W/VrApi (10266): CPU0 Clock 1190 MHz, GPU Clock 300000 MHz, Power Level State 0, normal
W/UnityPlugin(10266): FPS: 30 GPU time: 0.0 ms
I/SELinux (10451): Function: selinux_android_load_priority , priority [3] , priority version is VE=SEPF_SM-N910F_4.4.4_A024
E/SELinux (10451): [DEBUG] get_category: variable seinfocat: default sensitivity: NULL, cateogry: NULL
E/dalvikvm(10451): >>>>> Normal User
E/dalvikvm(10451): >>>>> com.hrs.b2c.android [ userId:0 | appId:10217 ]
E/SELinux (10451): [DEBUG] get_category: variable seinfocat: default sensitivity: NULL, cateogry: NULL
I/libpersona(10451): KNOX_SDCARD checking this for 10217
I/libpersona(10451): KNOX_SDCARD not a persona
D/dalvikvm( 325): GC_EXPLICIT freed 46K, 55% free 8421K/18376K, paused 5ms+2ms, total 46ms
D/TimaKeyStoreProvider(10451): in addTimaSignatureService
D/TimaKeyStoreProvider(10451): Cannot add TimaSignature Service, License check Failed
D/ActivityThread(10451): Added TimaKesytore provider
D/dalvikvm( 325): GC_EXPLICIT freed <1K, 55% free 8421K/18376K, paused 1ms+2ms, total 32ms
D/dalvikvm( 325): GC_EXPLICIT freed <1K, 55% free 8421K/18376K, paused 3ms+2ms, total 34ms
W/TimeWarp(10266): Frame 6976 Eye 0 latency 0.008
E/xxxxxxbtsdcard( 942): checkUser: useridlist=null, currentuser=0
E/xxxxxxbtsdcard( 942): checkUser: useridlist=null, currentuser=0
E/xxxxxxbtsdcard( 942): checkUser: useridlist=null, currentuser=0
E/xxxxxxbtsdcard( 942): checkUser: useridlist=null, currentuser=0
I/SELinux (10464): Function: selinux_android_load_priority , priority [3] , priority version is VE=SEPF_SM-N910F_4.4.4_A024
E/SELinux (10464): [DEBUG] get_category: variable seinfocat: default sensitivity: NULL, cateogry: NULL
E/dalvikvm(10464): >>>>> Normal User
E/dalvikvm(10464): >>>>> com.hrs.b2c.android:hockey [ userId:0 | appId:10217 ]
E/SELinux (10464): [DEBUG] get_category: variable seinfocat: default sensitivity: NULL, cateogry: NULL
I/libpersona(10464): KNOX_SDCARD checking this for 10217
I/libpersona(10464): KNOX_SDCARD not a persona
D/TimaKeyStoreProvider(10464): in addTimaSignatureService
D/TimaKeyStoreProvider(10464): Cannot add TimaSignature Service, License check Failed
D/ActivityThread(10464): Added TimaKesytore provider
E/xxxxxxbtsdcard( 942): checkUser: useridlist=null, currentuser=0
E/xxxxxxbtsdcard( 942): checkUser: useridlist=null, currentuser=0
E/xxxxxxbtsdcard( 942): checkUser: useridlist=null, currentuser=0
E/xxxxxxbtsdcard( 942): checkUser: useridlist=null, currentuser=0
I/SELinux (10477): Function: selinux_android_load_priority , priority [3] , priority version is VE=SEPF_SM-N910F_4.4.4_A024
E/SELinux (10477): [DEBUG] get_category: variable seinfocat: default sensitivity: NULL, cateogry: NULL
E/dalvikvm(10477): >>>>> Normal User
E/dalvikvm(10477): >>>>> com.hrs.b2c.android:Capptain [ userId:0 | appId:10217 ]
E/SELinux (10477): [DEBUG] get_category: variable seinfocat: default sensitivity: NULL, cateogry: NULL
I/libpersona(10477): KNOX_SDCARD checking this for 10217
I/libpersona(10477): KNOX_SDCARD not a persona
W/TimeWarp(10266): Frame 6984 Eye 0 latency 0.009
D/TimaKeyStoreProvider(10477): in addTimaSignatureService
D/TimaKeyStoreProvider(10477): Cannot add TimaSignature Service, License check Failed
D/ActivityThread(10477): Added TimaKesytore provider
I/ActivityManager( 942): Killing 8595:com.sec.android.app.shealth/u0a41 (adj 15): empty #43
D/OVR ( 9239): Debug: SensorFusion::handleMessage - RotationRate zero
W/TimeWarp(10266): Frame 6990 Eye 0 latency 0.008
I/ActivityManager( 942): Killing 9635:com.policydm/1000 (adj 15): empty #43
D/ConnectivityManager(10477): getActiveNetworkInfo : NetworkInfo: type: WIFI[], state: CONNECTED/CONNECTED, reason: (unspecified), extra: "ClimaxProduction", roaming: false, failover: false, isAvailable: true, isConnectedToProvisioningNetwork: false
I/OVR (10266): DeviceManagerThread - event 69 (499Hz) (Tid=10318)
I/LocationManagerService( 942): remove 43278498 by com.hrs.b2c.android
D/ConnectivityManager(10477): getActiveNetworkInfo : NetworkInfo: type: WIFI[], state: CONNECTED/CONNECTED, reason: (unspecified), extra: "ClimaxProduction", roaming: false, failover: false, isAvailable: true, isConnectedToProvisioningNetwork: false
W/TimeWarp(10266): Frame 7014 Eye 0 latency 0.008
I/System.out(10477): Thread-1280(ApacheHTTPLog):Reading from variable values from setDefaultValuesToVariables
W/TimeWarp(10266): Frame 7020 Eye 0 latency 0.008
I/System.out(10477): Thread-1280(ApacheHTTPLog):isShipBuild true
I/System.out(10477): Thread-1280(ApacheHTTPLog):SmartBonding Enabling is true, SHIP_BUILD is true, log to file is false, DBG is false
W/TimeWarp(10266): Warp GPU time: 0.0 ms
W/TimeWarp(10266): Frame 7026 Eye 0 latency 0.008
W/VrApi (10266): CPU0 Clock 1190 MHz, GPU Clock 300000 MHz, Power Level State 0, normal
W/UnityPlugin(10266): FPS: 30 GPU time: 0.0 ms
W/TimeWarp(10266): Frame 7027 Eye 1 latency 0.008
I/System.out(10477): AsyncTask #1 calls detatch()
W/TimeWarp(10266): Frame 7036 Eye 0 latency 0.009
W/TimeWarp(10266): Frame 7038 Eye 0 latency 0.008
W/TimeWarp(10266): Frame 7040 Eye 0 latency 0.008
W/TimeWarp(10266): Frame 7052 Eye 0 latency 0.008
I/OVR (10266): DeviceManagerThread - event 69 (498Hz) (Tid=10318)
W/TimeWarp(10266): Frame 7074 Eye 0 latency 0.009
W/TimeWarp(10266): Frame 7076 Eye 0 latency 0.008
W/TimeWarp(10266): Frame 7078 Eye 0 latency 0.008
W/TimeWarp(10266): Frame 7079 Eye 1 latency 0.009
W/TimeWarp(10266): Frame 7083 Eye 0 latency 0.008
W/TimeWarp(10266): Warp GPU time: 0.0 ms
W/TimeWarp(10266): Frame 7085 Eye 0 latency 0.009
D/OVR ( 9239): Debug: SensorFusion::handleMessage - RotationRate zero
W/VrApi (10266): CPU0 Clock 1190 MHz, GPU Clock 300000 MHz, Power Level State 0, normal
W/UnityPlugin(10266): FPS: 29 GPU time: 0.0 ms
W/TimeWarp(10266): Frame 7091 Eye 0 latency 0.008
W/TimeWarp(10266): Frame 7099 Eye 0 latency 0.008
W/TimeWarp(10266): Frame 7101 Eye 0 latency 0.009
W/TimeWarp(10266): Frame 7109 Eye 0 latency 0.009
W/TimeWarp(10266): Frame 7111 Eye 0 latency 0.009
W/TimeWarp(10266): Frame 7113 Eye 0 latency 0.008
W/TimeWarp(10266): Frame 7117 Eye 0 latency 0.008
W/TimeWarp(10266): Frame 7121 Eye 0 latency 0.008
W/TimeWarp(10266): Frame 7123 Eye 0 latency 0.009
W/TimeWarp(10266): Frame 7125 Eye 0 latency 0.008
W/TimeWarp(10266): Frame 7127 Eye 0 latency 0.008
W/TimeWarp(10266): Frame 7129 Eye 0 latency 0.008
I/OVR (10266): DeviceManagerThread - event 69 (499Hz) (Tid=10318)
W/TimeWarp(10266): Frame 7137 Eye 0 latency 0.008
W/TimeWarp(10266): Frame 7141 Eye 0 latency 0.009
W/TimeWarp(10266): Frame 7143 Eye 0 latency 0.008
W/TimeWarp(10266): Warp GPU time: 0.0 ms
D/OVR ( 9239): Debug: SensorFusion::handleMessage - RotationRate zero
W/VrApi (10266): CPU0 Clock 1190 MHz, GPU Clock 300000 MHz, Power Level State 0, normal
W/UnityPlugin(10266): FPS: 30 GPU time: 0.0 ms
W/TimeWarp(10266): Frame 7149 Eye 0 latency 0.008
W/TimeWarp(10266): Frame 7151 Eye 0 latency 0.008
W/TimeWarp(10266): Frame 7152 Eye 1 latency 0.008
W/TimeWarp(10266): Frame 7153 Eye 0 latency 0.008
W/TimeWarp(10266): Frame 7155 Eye 0 latency 0.008
D/OVR ( 9239): Debug: SensorFusion::handleMessage - RotationRate zero
W/TimeWarp(10266): Frame 7161 Eye 0 latency 0.008
W/TimeWarp(10266): Frame 7162 Eye 0 latency 0.008
W/TimeWarp(10266): Frame 7162 Eye 1 latency 0.008
W/TimeWarp(10266): Frame 7165 Eye 0 latency 0.008
W/TimeWarp(10266): Frame 7167 Eye 0 latency 0.008
W/TimeWarp(10266): Frame 7168 Eye 0 latency 0.008
W/TimeWarp(10266): Frame 7173 Eye 0 latency 0.009
W/TimeWarp(10266): Frame 7175 Eye 0 latency 0.009
W/TimeWarp(10266): Frame 7179 Eye 0 latency 0.008
W/TimeWarp(10266): Frame 7183 Eye 0 latency 0.008
W/TimeWarp(10266): Frame 7185 Eye 0 latency 0.009
W/TimeWarp(10266): Frame 7187 Eye 0 latency 0.008
W/TimeWarp(10266): Frame 7189 Eye 0 latency 0.008
I/OVR (10266): DeviceManagerThread - event 69 (499Hz) (Tid=10318)
W/TimeWarp(10266): Frame 7191 Eye 0 latency 0.008
W/TimeWarp(10266): Frame 7193 Eye 0 latency 0.009
W/TimeWarp(10266): Frame 7199 Eye 0 latency 0.008
W/TimeWarp(10266): Frame 7201 Eye 0 latency 0.009
W/TimeWarp(10266): Warp GPU time: 0.0 ms
W/TimeWarp(10266): Frame 7205 Eye 0 latency 0.008
W/VrApi (10266): CPU0 Clock 1190 MHz, GPU Clock 300000 MHz, Power Level State 0, normal
W/UnityPlugin(10266): FPS: 30 GPU time: 0.0 ms
W/TimeWarp(10266): Frame 7206 Eye 1 latency 0.008
W/TimeWarp(10266): Frame 7209 Eye 0 latency 0.008
W/TimeWarp(10266): Frame 7211 Eye 0 latency 0.008
W/TimeWarp(10266): Frame 7213 Eye 0 latency 0.008
W/TimeWarp(10266): Frame 7217 Eye 0 latency 0.009
W/TimeWarp(10266): Frame 7219 Eye 0 latency 0.008
W/TimeWarp(10266): Frame 7221 Eye 0 latency 0.008
W/TimeWarp(10266): Frame 7226 Eye 0 latency 0.009
D/OVR ( 9239): Debug: SensorFusion::handleMessage - RotationRate zero
W/TimeWarp(10266): Frame 7231 Eye 0 latency 0.008
W/TimeWarp(10266): Frame 7233 Eye 0 latency 0.009
W/TimeWarp(10266): Frame 7235 Eye 0 latency 0.008
W/TimeWarp(10266): Frame 7243 Eye 0 latency 0.009
W/TimeWarp(10266): Frame 7249 Eye 0 latency 0.008
I/OVR (10266): DeviceManagerThread - event 69 (499Hz) (Tid=10318)
W/TimeWarp(10266): Frame 7253 Eye 0 latency 0.008
W/TimeWarp(10266): Frame 7255 Eye 0 latency 0.009
W/TimeWarp(10266): Frame 7257 Eye 0 latency 0.008
W/TimeWarp(10266): Frame 7259 Eye 0 latency 0.008
W/TimeWarp(10266): Frame 7263 Eye 0 latency 0.008
W/TimeWarp(10266): Warp GPU time: 0.0 ms
W/TimeWarp(10266): Frame 7265 Eye 0 latency 0.009
W/VrApi (10266): CPU0 Clock 1190 MHz, GPU Clock 300000 MHz, Power Level State 0, normal
W/UnityPlugin(10266): FPS: 30 GPU time: 0.0 ms
W/TimeWarp(10266): Frame 7266 Eye 1 latency 0.009
W/TimeWarp(10266): Frame 7269 Eye 0 latency 0.008
W/TimeWarp(10266): Frame 7271 Eye 0 latency 0.008
W/TimeWarp(10266): Frame 7281 Eye 0 latency 0.008
W/TimeWarp(10266): Frame 7283 Eye 0 latency 0.008
D/OVR ( 9239): Debug: SensorFusion::handleMessage - RotationRate zero
W/TimeWarp(10266): Frame 7285 Eye 0 latency 0.008
W/TimeWarp(10266): Frame 7287 Eye 0 latency 0.008
W/TimeWarp(10266): Frame 7293 Eye 0 latency 0.009
W/TimeWarp(10266): Frame 7295 Eye 0 latency 0.009
W/TimeWarp(10266): Frame 7301 Eye 0 latency 0.008
W/TimeWarp(10266): Frame 7307 Eye 0 latency 0.008
W/TimeWarp(10266): Frame 7309 Eye 0 latency 0.009
I/OVR (10266): DeviceManagerThread - event 69 (499Hz) (Tid=10318)
W/TimeWarp(10266): Frame 7313 Eye 0 latency 0.008
W/TimeWarp(10266): Frame 7319 Eye 0 latency 0.008
W/TimeWarp(10266): Frame 7321 Eye 0 latency 0.009
W/VrApi (10266): CPU0 Clock 1190 MHz, GPU Clock 300000 MHz, Power Level State 0, normal
W/UnityPlugin(10266): FPS: 29 GPU time: 0.0 ms
W/TimeWarp(10266): Warp GPU time: 0.0 ms
W/TimeWarp(10266): Frame 7327 Eye 0 latency 0.008
W/TimeWarp(10266): Frame 7331 Eye 0 latency 0.009
D/ad ( 942): mCheck2ndHMTtableRunnable!
D/ad ( 942): battery temp will be check in 60000 ms.
W/TimeWarp(10266): Frame 7335 Eye 0 latency 0.008
D/STATUSBAR-NetworkController( 1224): onSignalStrengthsChanged signalStrength=SignalStrength: 19 -1 -1 -1 -1 -1 -1 99 2147483647 2147483647 2147483647 -1 2147483647 gsm|lte 0x4 level=4
D/VrLib (10266): OvrPhoneStateListener.onSignalStrengthsChanged4
W/VrApi (10266): nativeCellularSignalEvent( 4 )
W/TimeWarp(10266): Frame 7337 Eye 0 latency 0.008
W/TimeWarp(10266): Frame 7339 Eye 0 latency 0.009
W/TimeWarp(10266): Frame 7341 Eye 0 latency 0.008
W/TimeWarp(10266): Frame 7343 Eye 0 latency 0.008
W/TimeWarp(10266): Frame 7345 Eye 0 latency 0.008
W/TimeWarp(10266): Frame 7347 Eye 0 latency 0.009
D/OVR ( 9239): Debug: SensorFusion::handleMessage - RotationRate zero
W/TimeWarp(10266): Frame 7357 Eye 0 latency 0.009
D/OVR ( 9239): Debug: SensorFusion::handleMessage - RotationRate zero
W/TimeWarp(10266): Frame 7363 Eye 0 latency 0.008
W/TimeWarp(10266): Frame 7365 Eye 0 latency 0.009
I/OVR (10266): DeviceManagerThread - event 69 (499Hz) (Tid=10318)
W/TimeWarp(10266): Frame 7373 Eye 0 latency 0.009
W/TimeWarp(10266): Frame 7375 Eye 0 latency 0.008
W/TimeWarp(10266): Frame 7377 Eye 0 latency 0.009
W/TimeWarp(10266): Frame 7379 Eye 0 latency 0.009
W/TimeWarp(10266): Frame 7380 Eye 1 latency 0.008
W/TimeWarp(10266): Frame 7381 Eye 0 latency 0.009
W/TimeWarp(10266): Frame 7382 Eye 0 latency 0.009
W/TimeWarp(10266): Frame 7382 Eye 1 latency 0.009
W/TimeWarp(10266): Frame 7383 Eye 1 latency 0.010
W/TimeWarp(10266): Warp GPU time: 0.0 ms
W/VrApi (10266): CPU0 Clock 1190 MHz, GPU Clock 300000 MHz, Power Level State 0, normal
W/UnityPlugin(10266): FPS: 30 GPU time: 0.0 ms
