I/AwesomePlayer( 327): AwesomePlayer::setDataSource_l():: This is not a DRM content
V/MediaPlayerService( 327): prepare
V/AwesomePlayer( 327): prepareAsync
V/MediaPlayerService( 327): wait for prepare
V/AwesomePlayer( 327): onPrepareAsyncEvent
I/SecMediaClock( 327): SecMediaClock constructor
I/SecMediaClock( 327): reset
V/AwesomePlayer( 327): initAudioDecoder
V/AwesomePlayer( 327): checkOffloadExceptions is true
V/AwesomePlayer( 327): createAudioPlayer: bypass OMX (raw)
I/AwesomePlayer( 327): Could not offload audio decode, try pcm offload
D/AsyncDataSource( 327): AsyncDataSource(0xb813c1b0)::ConstructL bufferSize 262144 numBuffers 6 readSize 262144 readAhead 1310720 iAsyncReadThreadState=1
V/AwesomePlayer( 327): finishAsyncPrepare_l
V/AwesomePlayer( 327): notifyListner_l() msg (200-MEDIA_INFO), ext1 (973), ext2 (0)
V/AudioCache( 327): notify(0xb8004c50, 200, 973, 0)
V/AudioCache( 327): ignored
V/AwesomePlayer( 327): notifyListner_l() msg (5-MEDIA_SET_VIDEO_SIZE), ext1 (0), ext2 (0)
V/AudioCache( 327): notify(0xb8004c50, 5, 0, 0)
V/AudioCache( 327): ignored
V/AwesomePlayer( 327): notifyListner_l() msg (1-MEDIA_PREPARED), ext1 (0), ext2 (0)
V/AudioCache( 327): notify(0xb8004c50, 1, 0, 0)
V/AudioCache( 327): prepared
V/AudioCache( 327): wait - success
V/MediaPlayerService( 327): start
V/StagefrightPlayer( 327): start
V/AwesomePlayer( 327): checkOffloadExceptions is true
V/AwesomePlayer( 327): createAudioPlayer: bypass OMX (raw)
I/AwesomePlayer( 327): Could not offload audio decode, try pcm offload
E/xxxxxxbtsdcard( 942): checkUser: useridlist=null, currentuser=0
E/xxxxxxbtsdcard( 942): checkUser: useridlist=null, currentuser=0
E/xxxxxxbtsdcard( 942): checkUser: useridlist=null, currentuser=0
E/xxxxxxbtsdcard( 942): checkUser: useridlist=null, currentuser=0
V/AwesomePlayer( 327): play
V/AwesomePlayer( 327): AwesomePlayer::play_l():: This is not a DRM content
V/AwesomePlayer( 327): startAudioPlayer_l, sendErrorNotification (0)
D/AsyncDataSource( 327): AsyncDataSource(0xb81616c0)::ConstructL bufferSize 262144 numBuffers 6 readSize 262144 readAhead 1310720 iAsyncReadThreadState=1
V/AwesomePlayer( 327): finishAsyncPrepare_l
V/AwesomePlayer( 327): notifyListner_l() msg (200-MEDIA_INFO), ext1 (973), ext2 (0)
V/AudioCache( 327): notify(0xb8004c90, 200, 973, 0)
V/AudioCache( 327): ignored
V/AwesomePlayer( 327): notifyListner_l() msg (5-MEDIA_SET_VIDEO_SIZE), ext1 (0), ext2 (0)
V/AudioCache( 327): notify(0xb8004c90, 5, 0, 0)
V/AudioCache( 327): ignored
V/AwesomePlayer( 327): notifyListner_l() msg (1-MEDIA_PREPARED), ext1 (0), ext2 (0)
V/AudioCache( 327): notify(0xb8004c90, 1, 0, 0)
V/AudioCache( 327): prepared
I/AudioPlayer( 327): Audioplayer kKeyAudioPCMFormat:1, 2, 0
V/AudioCache( 327): wait - success
V/MediaPlayerService( 327): start
V/AudioCache( 327): open(44100, 2, 0x0, 1, 4)
V/StagefrightPlayer( 327): start
V/AwesomePlayer( 327): notifyListner_l() msg (6-MEDIA_STARTED), ext1 (0), ext2 (0)
V/AudioCache( 327): notify(0xb8004c50, 6, 0, 0)
V/AudioCache( 327): ignored
V/AwesomePlayer( 327): addBatteryData
V/AwesomePlayer( 327): play
V/AwesomePlayer( 327): AwesomePlayer::play_l():: This is not a DRM content
V/MediaPlayerService( 327): wait for playback complete
V/AwesomePlayer( 327): startAudioPlayer_l, sendErrorNotification (0)
I/AudioPlayer( 327): First fillBuffer call!!
W/TimeWarp(10266): Bad Pose.Orientation in bufferNum 1!
W/TimeWarp(10266): No valid eyeTexture 0
I/AudioPlayer( 327): Audioplayer kKeyAudioPCMFormat:1, 2, 0
V/AudioCache( 327): open(44100, 2, 0x0, 1, 4)
V/AwesomePlayer( 327): notifyListner_l() msg (6-MEDIA_STARTED), ext1 (0), ext2 (0)
V/AudioCache( 327): notify(0xb8004c90, 6, 0, 0)
V/AudioCache( 327): ignored
V/AwesomePlayer( 327): addBatteryData
V/MediaPlayerService( 327): wait for playback complete
I/AudioPlayer( 327): First fillBuffer call!!
V/AwesomePlayer( 327): postAudioEOS delayUs (0)
V/AwesomePlayer( 327): onCheckAudioStatus
V/AwesomePlayer( 327): onCheckAudioStatus() set AUDIO_AT_EOS flag
V/AwesomePlayer( 327): onStreamDone
V/AwesomePlayer( 327): MEDIA_PLAYBACK_COMPLETE
V/AwesomePlayer( 327): notifyListner_l() msg (2-MEDIA_PLAYBACK_COMPLETE), ext1 (0), ext2 (0)
V/AudioCache( 327): notify(0xb8004c50, 2, 0, 0)
V/AudioCache( 327): playback complete - thread will wake up later
V/AwesomePlayer( 327): notifyListner_l() msg (7-MEDIA_PAUSED), ext1 (0), ext2 (0)
V/AudioCache( 327): notify(0xb8004c50, 7, 0, 0)
V/AudioCache( 327): ignored
V/AwesomePlayer( 327): cancelPlayerEvents (keepNotifications=1)
V/AwesomePlayer( 327): addBatteryData
V/AudioCache( 327): wait - success
V/StagefrightPlayer( 327): reset
V/AwesomePlayer( 327): reset_l()
V/AwesomePlayer( 327): notifyListner_l() msg (8-MEDIA_STOPPED), ext1 (0), ext2 (0)
V/AudioCache( 327): notify(0xb8004c50, 8, 0, 0)
V/AudioCache( 327): ignored
V/AwesomePlayer( 327): cancelPlayerEvents (keepNotifications=0)
V/AwesomePlayer( 327): mAudioTrackVector clear
D/AsyncDataSource( 327): ~AsyncDataSource(0xb813c1b0) - iDataBufferArray.size=1
I/AudioPlayer( 327): reset out
V/AwesomePlayer( 327): reset_l() mAudioPlayer successfully deleted
I/SecMediaClock( 327): SecMediaClock destructor
V/AwesomePlayer( 327): mSecMediaClock clear
V/StagefrightPlayer( 327): ~StagefrightPlayer
V/StagefrightPlayer( 327): reset
V/AwesomePlayer( 327): reset_l()
V/AwesomePlayer( 327): notifyListner_l() msg (8-MEDIA_STOPPED), ext1 (0), ext2 (0)
V/AwesomePlayer( 327): postAudioEOS delayUs (0)
V/AwesomePlayer( 327): cancelPlayerEvents (keepNotifications=0)
V/AwesomePlayer( 327): mAudioTrackVector clear
V/AwesomePlayer( 327): reset_l() mAudioPlayer successfully deleted
V/AwesomePlayer( 327): mSecMediaClock clear
V/AwesomePlayer( 327): onCheckAudioStatus
V/AwesomePlayer( 327): destructor
V/AwesomePlayer( 327): onCheckAudioStatus() set AUDIO_AT_EOS flag
V/AwesomePlayer( 327): onStreamDone
V/AwesomePlayer( 327): MEDIA_PLAYBACK_COMPLETE
V/AwesomePlayer( 327): notifyListner_l() msg (2-MEDIA_PLAYBACK_COMPLETE), ext1 (0), ext2 (0)
V/AudioCache( 327): notify(0xb8004c90, 2, 0, 0)
V/AudioCache( 327): playback complete - thread will wake up later
V/AwesomePlayer( 327): notifyListner_l() msg (7-MEDIA_PAUSED), ext1 (0), ext2 (0)
V/AudioCache( 327): notify(0xb8004c90, 7, 0, 0)
V/AudioCache( 327): ignored
V/AwesomePlayer( 327): cancelPlayerEvents (keepNotifications=1)
V/AwesomePlayer( 327): addBatteryData
V/AudioCache( 327): wait - success
V/StagefrightPlayer( 327): reset
V/AwesomePlayer( 327): reset_l()
V/AwesomePlayer( 327): notifyListner_l() msg (8-MEDIA_STOPPED), ext1 (0), ext2 (0)
V/AwesomePlayer( 327): cancelPlayerEvents (keepNotifications=0)
V/AwesomePlayer( 327): mAudioTrackVector clear
V/AwesomePlayer( 327): reset_l() mAudioPlayer successfully deleted
V/AwesomePlayer( 327): mSecMediaClock clear
V/AwesomePlayer( 327): reset_l()
V/AwesomePlayer( 327): notifyListner_l() msg (8-MEDIA_STOPPED), ext1 (0), ext2 (0)
V/AudioCache( 327): notify(0xb8004c90, 8, 0, 0)
V/AudioCache( 327): ignored
V/AwesomePlayer( 327): cancelPlayerEvents (keepNotifications=0)
D/STATUSBAR-IconMerger( 1224): checkOverflow(1824), More:false, Req:false Child:2
I/SELinux (10342): Function: selinux_android_load_priority , priority [3] , priority version is VE=SEPF_SM-N910F_4.4.4_A024
V/AwesomePlayer( 327): mAudioTrackVector clear
D/AsyncDataSource( 327): ~AsyncDataSource(0xb81616c0) - iDataBufferArray.size=1
I/AudioPlayer( 327): reset out
V/AwesomePlayer( 327): reset_l() mAudioPlayer successfully deleted
I/SecMediaClock( 327): SecMediaClock destructor
V/AwesomePlayer( 327): mSecMediaClock clear
E/SELinux (10342): [DEBUG] get_category: variable seinfocat: platform sensitivity: NULL, cateogry: NULL
E/dalvikvm(10342): >>>>> Normal User
E/dalvikvm(10342): >>>>> com.sec.android.app.popupuireceiver [ userId:0 | appId:1000 ]
V/StagefrightPlayer( 327): ~StagefrightPlayer
V/StagefrightPlayer( 327): reset
V/AwesomePlayer( 327): reset_l()
V/AwesomePlayer( 327): notifyListner_l() msg (8-MEDIA_STOPPED), ext1 (0), ext2 (0)
V/AwesomePlayer( 327): cancelPlayerEvents (keepNotifications=0)
V/AwesomePlayer( 327): mAudioTrackVector clear
V/AwesomePlayer( 327): reset_l() mAudioPlayer successfully deleted
V/AwesomePlayer( 327): mSecMediaClock clear
V/AwesomePlayer( 327): destructor
V/AwesomePlayer( 327): reset_l()
V/AwesomePlayer( 327): notifyListner_l() msg (8-MEDIA_STOPPED), ext1 (0), ext2 (0)
V/AwesomePlayer( 327): cancelPlayerEvents (keepNotifications=0)
V/AwesomePlayer( 327): mAudioTrackVector clear
V/AwesomePlayer( 327): reset_l() mAudioPlayer successfully deleted
V/AwesomePlayer( 327): mSecMediaClock clear
E/SELinux (10342): [DEBUG] get_category: variable seinfocat: platform sensitivity: NULL, cateogry: NULL
I/libpersona(10342): KNOX_SDCARD checking this for 1000
I/libpersona(10342): KNOX_SDCARD not a persona
W/TimeWarp(10266): Bad Pose.Orientation in bufferNum 1!
W/TimeWarp(10266): No valid eyeTexture 0
D/VRSVC ( 9239): at (CommonDockEvent.java:66) yTqX() [OnDeviceEvent onCreate topActivity=com.climaxstudios.BanditSix/com.unity3d.player.UnityPlayerNativeActivity]
V/VRSVC ( 9239): at (CommonDockEvent.java:68) yTqX() [acquire vr wakelock]
D/PowerManagerService( 942): [api] acquire WakeLock flags=0x3000000a tag=VR Service uid=1000 pid=9239
D/dalvikvm( 9239): Trying to load lib /data/app-lib/com.samsung.android.hmt.vrsvc-1/libSensorModule.so 0x42262f58
D/TimaKeyStoreProvider(10342): in addTimaSignatureService
D/dalvikvm( 9239): Added shared lib /data/app-lib/com.samsung.android.hmt.vrsvc-1/libSensorModule.so 0x42262f58
D/dalvikvm( 9239): No JNI_OnLoad found in /data/app-lib/com.samsung.android.hmt.vrsvc-1/libSensorModule.so 0x42262f58, skipping init
W/TimeWarp(10266): Bad Pose.Orientation in bufferNum 1!
W/TimeWarp(10266): No valid eyeTexture 0
V/VRSVC ( 9239): at (HmtService.java:229) onStartCommand() [onStartCommand() flags=0 startId=1]
V/VRSVC ( 9239): at (HmtService.java:669) bHGb() [handleIntentDockEvent dockState=11 sys.hmt.connected=true]
D/VRSVC ( 9239): at (CommonDockEvent.java:76) wtkw() [OnDeviceEvent onDock topActivity=com.climaxstudios.BanditSix/com.unity3d.player.UnityPlayerNativeActivity]
V/VRSVC ( 9239): at (SoundUtil.java:100) run() [play() await....]
D/TimaKeyStoreProvider(10342): Cannot add TimaSignature Service, License check Failed
D/ActivityThread(10342): Added TimaKesytore provider
W/TimeWarp(10266): Bad Pose.Orientation in bufferNum 1!
W/TimeWarp(10266): No valid eyeTexture 0
W/VRSVC ( 9239): at (Util.java:350) snDW() [isVRHybridAppRunning packageName=com.climaxstudios.BanditSix vrType=1]
W/VRSVC ( 9239): at (Util.java:357) snDW() [isVRHybridAppRunning packageName=com.climaxstudios.BanditSix is not hybridApp]
V/VRSVC ( 9239): at (Util.java:322) vqCz() [isVRAppRunning packageName=com.climaxstudios.BanditSix]
V/VRSVC ( 9239): at (Util.java:536) yTqX() [appMetaDataStr=vr_only]
I/VRSVC ( 9239): at (Util.java:327) vqCz() [isVRAppRunning com.climaxstudios.BanditSix is vr running!]
D/VRSVC ( 9239): at (CommonDockEvent.java:84) ZzLN() [is OOBE activity class=com.unity3d.player.UnityPlayerNativeActivity]
W/TimeWarp(10266): Bad Pose.Orientation in bufferNum 1!
W/TimeWarp(10266): No valid eyeTexture 0
V/VRSVC (10291): at (VRManagerService.java:719) wtkw() [setSystemOption option=inflight value=2]
V/VRSVC ( 9239): at (Util.java:614) yTqX() [setVRPerformanceMode enable = true]
W/TimeWarp(10266): Bad Pose.Orientation in bufferNum 1!
W/TimeWarp(10266): No valid eyeTexture 0
D/STATUSBAR-AirplaneModeQuickSettingButton( 1224): onReceive : android.intent.action.CLOSE_SYSTEM_DIALOGS
V/VRSVC (10291): at (VRManagerService.java:855) wtkw() [Set Core minLock COMPLETE : 3]
V/VRSVC (10291): at (VRManagerService.java:863) wtkw() [setVRMode enable = true]
D/PopupuiReceiver(10342): onReceive() getAction : com.android.systemui.power.action.ACTION_CABLE_CONNECTED
D/PopupuiReceiver(10342): Action cable connected ! on -
I/BatteryReceiver(10176): onReceive : com.android.systemui.power.action.ACTION_CABLE_CONNECTED
W/TimeWarp(10266): Bad Pose.Orientation in bufferNum 1!
W/TimeWarp(10266): No valid eyeTexture 0
E/xxxxxxbtsdcard( 942): checkUser: useridlist=null, currentuser=0
E/xxxxxxbtsdcard( 942): checkUser: useridlist=null, currentuser=0
E/xxxxxxbtsdcard( 942): checkUser: useridlist=null, currentuser=0
E/xxxxxxbtsdcard( 942): checkUser: useridlist=null, currentuser=0
W/TimeWarp(10266): Bad Pose.Orientation in bufferNum 1!
W/TimeWarp(10266): No valid eyeTexture 0
I/SELinux (10355): Function: selinux_android_load_priority , priority [3] , priority version is VE=SEPF_SM-N910F_4.4.4_A024
E/SELinux (10355): [DEBUG] get_category: variable seinfocat: platform sensitivity: NULL, cateogry: NULL
E/dalvikvm(10355): >>>>> Normal User
E/dalvikvm(10355): >>>>> com.samsung.android.hmt.vrshell [ userId:0 | appId:2000 ]
I/libpersona(10355): KNOX_SDCARD checking this for 2000
I/libpersona(10355): KNOX_SDCARD not a persona
E/SELinux (10355): [DEBUG] get_category: variable seinfocat: platform sensitivity: NULL, cateogry: NULL
W/TimeWarp(10266): Bad Pose.Orientation in bufferNum 1!
W/TimeWarp(10266): No valid eyeTexture 0
D/TimaKeyStoreProvider(10355): in addTimaSignatureService
D/TimaKeyStoreProvider(10355): Cannot add TimaSignature Service, License check Failed
D/ActivityThread(10355): Added TimaKesytore provider
W/TimeWarp(10266): Bad Pose.Orientation in bufferNum 1!
W/TimeWarp(10266): No valid eyeTexture 0
W/TimeWarp(10266): Bad Pose.Orientation in bufferNum 1!
W/TimeWarp(10266): No valid eyeTexture 0
V/VRShell (10355): onReceive action=com.samsung.android.hmt.action.UPDATE_ADRENO_CONFIG data=issueIBfrequency=2
V/VRSVC (10291): at (VRManagerService.java:985) snDW() [updateComfortableView enable = false]
W/TimeWarp(10266): Bad Pose.Orientation in bufferNum 1!
W/TimeWarp(10266): No valid eyeTexture 0
V/VRSVC (10291): at (VRManagerService.java:940) AmLH() [updateColorTemperature value = 4]
I/ActivityManager( 942): Killing 9568:com.google.android.partnersetup/u0a18 (adj 15): empty #43
V/VRSVC (10291): at (VRManagerService.java:1018) ZzLN() [updateLowPersistence enable = true]
W/TimeWarp(10266): Bad Pose.Orientation in bufferNum 1!
W/TimeWarp(10266): No valid eyeTexture 0
W/TimeWarp(10266): Bad Pose.Orientation in bufferNum 1!
W/TimeWarp(10266): No valid eyeTexture 0
W/TimeWarp(10266): Bad Pose.Orientation in bufferNum 1!
W/TimeWarp(10266): No valid eyeTexture 0
W/TimeWarp(10266): Bad Pose.Orientation in bufferNum 1!
W/TimeWarp(10266): No valid eyeTexture 0
W/TimeWarp(10266): Bad Pose.Orientation in bufferNum 1!
W/TimeWarp(10266): No valid eyeTexture 0
W/TimeWarp(10266): Bad Pose.Orientation in bufferNum 1!
W/TimeWarp(10266): No valid eyeTexture 0
V/VRSVC (10291): at (VRManagerService.java:907) bHGb() [updateBright value = 180]
D/VRSVC ( 9239): at (CommonDockEvent.java:105) AmLH() [Sensor Init ref = 0 -> 1]
D/VRExt ( 9239): Initialize()
I/OVR ( 9239): OVR::DeviceManagerThread - running (ThreadId=0x72c14bd0).
I/OVR ( 9239): OVR::DeviceManager - initialized.
D/OVR ( 9239): Debug: SensorFusion::SensorFusion
I/OVR ( 9239): StartSensor succeeded - waiting for sensor.
W/VRExt ( 9239): Initialize() - Operating without a sensor
W/TimeWarp(10266): Bad Pose.Orientation in bufferNum 1!
W/TimeWarp(10266): No valid eyeTexture 0
V/VRSVC ( 9239): at (DeveloperDockEvent.java:27) wtkw() [OnDeviceEvent onDock]
V/VRSVC ( 9239): at (DeveloperDockEvent.java:38) wtkw() [isVRHybridAppExist!! ignore launch default launcher]
W/ContextImpl( 9239): Calling a method in the system process without a qualified user: android.app.ContextImpl.sendBroadcast:1510 android.content.ContextWrapper.sendBroadcast:378 ff.wtkw:113 fg.wtkw:26 com.samsung.android.hmt.vrsvc.service.HmtService.bHGb:681
V/VRSVC ( 9239): at (Util.java:884) wtkw() [writeSysfs /sys/class/sec/tsp/input/enabled to 0 success]
V/VRSVC ( 9239): at (Util.java:884) wtkw() [writeSysfs /sys/class/sec/sec_touchkey/input/enabled to 0 success]
V/VRSVC ( 9239): at (Util.java:884) wtkw() [writeSysfs /sys/class/sec/sec_epen/input/enabled to 0 success]
V/VRSVC ( 9239): at (HmtService.java:683) bHGb() [OnDeviceEvent onDock finished. elapsedTime=277]
D/VRSVC ( 9239): at (CommonDockEvent.java:119) QdBd() [OnDeviceEvent onPostDock topActivity=com.climaxstudios.BanditSix/com.unity3d.player.UnityPlayerNativeActivity]
W/TimeWarp(10266): Bad Pose.Orientation in bufferNum 1!
W/TimeWarp(10266): No valid eyeTexture 0
V/VRSVC ( 9239): at (CommonDockEvent.java:122) QdBd() [sendBroadcast action=ACTION_HMT_CONNECTED]
D/VrLib (10266): !@#!@DockReceiver action:com.samsung.intent.action.HMT_CONNECTED
W/ContextImpl( 9239): Calling a method in the system process without a qualified user: android.app.ContextImpl.sendBroadcast:1510 android.content.ContextWrapper.sendBroadcast:378 ff.QdBd:123 com.samsung.android.hmt.vrsvc.service.HmtService.bHGb:688 com.samsung.android.hmt.vrsvc.service.HmtService.onStartCommand:234
W/VrApi (10266): nativeDockEvent = DOCKED
V/VRSVC ( 9239): at (HmtService.java:690) bHGb() [OnDeviceEvent onPostDock finished. elapsedTime=7]
D/VRSVC ( 9239): at (HmtPhoneStateListener.java:37) onCallStateChanged() [CALL_STATE_IDLE]
D/VRSVC ( 9239): at (HmtService.java:528) onReceive() [intent action=android.intent.action.BATTERY_CHANGED]
V/VRSVC ( 9239): at (HmtService.java:639) wtkw() [handleIntentBattery batteryLevel=91]
D/VRSVC ( 9239): at (HmtService.java:528) onReceive() [intent action=android.net.wifi.STATE_CHANGE]
I/SELinux (10368): Function: selinux_android_load_priority , priority [3] , priority version is VE=SEPF_SM-N910F_4.4.4_A024
E/xxxxxxbtsdcard( 942): checkUser: useridlist=null, currentuser=0
E/xxxxxxbtsdcard( 942): checkUser: useridlist=null, currentuser=0
E/xxxxxxbtsdcard( 942): checkUser: useridlist=null, currentuser=0
E/xxxxxxbtsdcard( 942): checkUser: useridlist=null, currentuser=0
W/TimeWarp(10266): Bad Pose.Orientation in bufferNum 1!
W/TimeWarp(10266): No valid eyeTexture 0
E/SELinux (10368): [DEBUG] get_category: variable seinfocat: platform sensitivity: NULL, cateogry: NULL
E/dalvikvm(10368): >>>>> Normal User
E/dalvikvm(10368): >>>>> com.samsung.android.app.vrsetupwizard [ userId:0 | appId:10219 ]
E/SELinux (10368): [DEBUG] get_category: variable seinfocat: platform sensitivity: NULL, cateogry: NULL
D/VRSVC ( 9239): at (HmtService.java:528) onReceive() [intent action=com.system.action.NOTIFICATION]
I/libpersona(10368): KNOX_SDCARD checking this for 10219
I/libpersona(10368): KNOX_SDCARD not a persona
D/VRSVC ( 9239): at (HmtService.java:390) yTqX() [Notification packageName=android notificationType=1]
V/VRSVC ( 9239): at (SoundUtil.java:91) onLoadComplete() [onLoadComplete sampleId=1 status=0]
V/VRSVC ( 9239): at (SoundUtil.java:91) onLoadComplete() [onLoadComplete sampleId=1 status=0]
V/VRSVC ( 9239): at (SoundUtil.java:108) run() [play() mLoadedSound=1]
V/AudioPolicyManagerBase( 327): getOutput() device 2, stream 5, samplingRate 0, format 0, channelMask 3, flags 0
V/AudioPolicyManagerBase( 327): getOutputsForDevice device 0002 -> 0002
V/AudioPolicyManagerBase( 327): selectOutput() output 2 outputDesc->mProfile->mFlags 0002 flags 0000
V/AudioPolicyManagerBase( 327): selectOutput() output 3 outputDesc->mProfile->mFlags 0004 flags 0000
V/AudioPolicyManagerBase( 327): getOutput() returns output 2
V/AudioPolicyManagerBase( 327): getOutput() device 2, stream 5, samplingRate 0, format 0, channelMask 3, flags 0
V/AudioPolicyManagerBase( 327): getOutputsForDevice device 0002 -> 0002
V/AudioPolicyManagerBase( 327): selectOutput() output 2 outputDesc->mProfile->mFlags 0002 flags 0000
V/AudioPolicyManagerBase( 327): selectOutput() output 3 outputDesc->mProfile->mFlags 0004 flags 0000
V/AudioPolicyManagerBase( 327): getOutput() returns output 2
W/TimeWarp(10266): Bad Pose.Orientation in bufferNum 1!
W/TimeWarp(10266): No valid eyeTexture 0
V/AudioPolicyManagerBase( 327): getOutput() device 2, stream 5, samplingRate 44100, format 1, channelMask 3, flags 4
V/AudioPolicyManagerBase( 327): getOutputsForDevice device 0002 -> 0002
V/AudioPolicyManagerBase( 327): selectOutput() output 2 outputDesc->mProfile->mFlags 0002 flags 0004
V/AudioPolicyManagerBase( 327): selectOutput() output 3 outputDesc->mProfile->mFlags 0004 flags 0004
V/AudioPolicyManagerBase( 327): selectOutput() commonFlags for output 3, 0001
V/AudioPolicyManagerBase( 327): getOutput() returns output 3
V/VRSVC ( 9239): at (HmtSettingsObserver.java:34) onChange() [onChange uri=content://settings/system/bluetooth_hfp_allowed_bvra selfChange=false pathSegments=[system, bluetooth_hfp_allowed_bvra]]
V/VRSVC ( 9239): at (PopupManager.java:95) handleMessage() [handleMessage what:13]
E/VRSVC ( 9239): at (PopupManager.java:194) handleMessage() [viewAttatched false]
D/AudioFlinger( 327): start(4096), calling pid 9239 session 100
D/AudioFlinger( 327): ? => ACTIVE (4096) on thread 0xb7ff35c8
V/AudioPolicyManagerBase( 327): startOutput() output 3, stream 5, session 100
V/AudioPolicyManagerBase( 327): changeRefCount() stream 5, count 1
V/AudioPolicyManagerBase( 327): getNewDevice() selected device 2
V/AudioPolicyManagerBase( 327): setOutputDevice() output 3 device 0002 force 0 delayMs 0
V/AudioPolicyManagerBase( 327): setOutputDevice() prevDevice (0002)
V/AudioPolicyManagerBase( 327): setOutputDevice() setting same device 0002 or null device for output 3
D/TimaKeyStoreProvider(10368): in addTimaSignatureService
D/TimaKeyStoreProvider(10368): Cannot add TimaSignature Service, License check Failed
D/ActivityThread(10368): Added TimaKesytore provider
W/TimeWarp(10266): Bad Pose.Orientation in bufferNum 1!
W/TimeWarp(10266): No valid eyeTexture 0
W/TimeWarp(10266): Bad Pose.Orientation in bufferNum 1!
W/TimeWarp(10266): No valid eyeTexture 0
D/VRSetupWizard/UpdateCheckIntentReceiver(10368): onReceive()
D/VRSetupWizard/UpdateCheckIntentReceiver(10368): action : com.samsung.intent.action.HMT_CONNECTED
W/TimeWarp(10266): Bad Pose.Orientation in bufferNum 1!
W/TimeWarp(10266): No valid eyeTexture 0
I/ActivityManager( 942): Killing 9584:com.sec.pcw.device/1000 (adj 15): empty #43
W/TimeWarp(10266): Bad Pose.Orientation in bufferNum 1!
W/TimeWarp(10266): No valid eyeTexture 0
W/TimeWarp(10266): Bad Pose.Orientation in bufferNum 1!
W/TimeWarp(10266): No valid eyeTexture 0
W/TimeWarp(10266): Bad Pose.Orientation in bufferNum 1!
W/TimeWarp(10266): No valid eyeTexture 0
W/TimeWarp(10266): Bad Pose.Orientation in bufferNum 1!
W/TimeWarp(10266): No valid eyeTexture 0
W/TimeWarp(10266): Bad Pose.Orientation in bufferNum 1!
W/TimeWarp(10266): No valid eyeTexture 0
W/TimeWarp(10266): Bad Pose.Orientation in bufferNum 1!
W/TimeWarp(10266): No valid eyeTexture 0
E/AudioResampler( 327): Unsupported sample format, 1 bits, 2 channels
D/AudioResampler( 327): AudioResamplerOrder1::resample common!!!!!
D/AudioResampler( 327): new common resampler(44100 -> 48000, 2, 2)
D/SoundAliveResampler( 327): [SoundAliveResampler] Init+++
W/TimeWarp(10266): Bad Pose.Orientation in bufferNum 1!
W/TimeWarp(10266): No valid eyeTexture 0
V/audio_hw_primary( 327): start_output_stream: enter: usecase(1: low-latency-playback) devices(0x2)
V/audio_hw_primary( 327): select_devices: ENTER
V/audio_hw_primary( 327): select_devices: usecase(Normal)
V/audio_hw_primary( 327): select_devices: usecase(PCM_PLAYBACK)
V/msm8974_platform( 327): platform_get_output_snd_device: enter: output devices(0x2)
V/msm8974_platform( 327): get_OUTPUT_snd_device: for Normal Playback
V/msm8974_platform( 327): platform_get_output_snd_device: exit: snd_device(speaker)
D/audio_hw_primary( 327): select_devices: out_snd_device(2: speaker)
D/audio_hw_primary( 327): select_devices: in_snd_device(0: dummy)
V/audio_hw_primary( 327): enable_snd_device: snd_device(2: speaker) is already active
V/audio_hw_primary( 327): enable_audio_route: enter: usecase(1)
V/audio_hw_primary( 327): enable_audio_route: apply mixer and update path: low-latency-playback
D/audio_route( 327): Setting mixer control: SLIMBUS_0_RX Audio Mixer MultiMedia5, value: 1
V/audio_hw_primary( 327): enable_audio_route: exit
V/audio_hw_primary( 327): start_output_stream: Opening PCM device card_id(0) device_id(15)
V/audio_hw_primary( 327): start_output_stream: exit
W/TimeWarp(10266): Bad Pose.Orientation in bufferNum 1!
W/TimeWarp(10266): No valid eyeTexture 0
W/TimeWarp(10266): Bad Pose.Orientation in bufferNum 1!
W/TimeWarp(10266): No valid eyeTexture 0
W/TimeWarp(10266): Bad Pose.Orientation in bufferNum 1!
W/TimeWarp(10266): No valid eyeTexture 0
W/TimeWarp(10266): Bad Pose.Orientation in bufferNum 1!
W/TimeWarp(10266): No valid eyeTexture 0
W/TimeWarp(10266): Bad Pose.Orientation in bufferNum 1!
W/TimeWarp(10266): No valid eyeTexture 0
W/TimeWarp(10266): Bad Pose.Orientation in bufferNum 1!
W/TimeWarp(10266): No valid eyeTexture 0
W/TimeWarp(10266): Bad Pose.Orientation in bufferNum 1!
W/TimeWarp(10266): No valid eyeTexture 0
W/TimeWarp(10266): Bad Pose.Orientation in bufferNum 1!
W/TimeWarp(10266): No valid eyeTexture 0
D/BatteryService( 942): level:91, scale:100, status:3, health:2, present:true, voltage: 4194, temperature: 320, technology: Li-ion, AC powered:false, USB powered:false, Wireless powered:false, icon:17303771, invalid charger:0, online:13, current avg:-531, charge type:0, power sharing:false, high voltage charger:false, capacity:322000
D/BatteryService( 942): Sending ACTION_BATTERY_CHANGED.
D/UiModeManager( 942): mCoverManager.getCoverState() : true
D/KeyguardUpdateMonitor( 1203): received broadcast android.intent.action.BATTERY_CHANGED
D/KeyguardUpdateMonitor( 1203): handleBatteryUpdate
W/TimeWarp(10266): Bad Pose.Orientation in bufferNum 1!
W/TimeWarp(10266): No valid eyeTexture 0
V/HeadsetService( 2464): HeadsetService - Received Intent.ACTION_BATTERY_CHANGED
D/HeadsetStateMachine( 2464): Disconnected process message: 10
D/VrLib (10266): OnReceive BATTERY_ACTION_CHANGED
D/STATUSBAR-PhoneStatusBar( 1224): mBrightnessEnablebySettings = true mBrightnessEnablebyBattery = true mBrightnessEnablebyDisableFlag = true mPmsBrightnessEnablebySettings = true
D/BatteryMeterView( 1224): ACTION_BATTERY_CHANGED : level:91 status:3 health:2
D/VRSVC ( 9239): at (HmtService.java:528) onReceive() [intent action=android.intent.action.BATTERY_CHANGED]
V/VRSVC ( 9239): at (HmtService.java:639) wtkw() [handleIntentBattery batteryLevel=91]
W/TimeWarp(10266): Bad Pose.Orientation in bufferNum 1!
W/TimeWarp(10266): No valid eyeTexture 0
W/TimeWarp(10266): Bad Pose.Orientation in bufferNum 1!
W/TimeWarp(10266): No valid eyeTexture 0
W/TimeWarp(10266): Bad Pose.Orientation in bufferNum 1!
W/TimeWarp(10266): No valid eyeTexture 0
W/TimeWarp(10266): Bad Pose.Orientation in bufferNum 1!
W/TimeWarp(10266): No valid eyeTexture 0
W/TimeWarp(10266): Bad Pose.Orientation in bufferNum 1!
W/TimeWarp(10266): No valid eyeTexture 0
W/TimeWarp(10266): Bad Pose.Orientation in bufferNum 1!
W/TimeWarp(10266): No valid eyeTexture 0
W/TimeWarp(10266): Warp GPU time: 0.0 ms
W/TimeWarp(10266): Bad Pose.Orientation in bufferNum 1!
W/TimeWarp(10266): No valid eyeTexture 0
W/TimeWarp(10266): Bad Pose.Orientation in bufferNum 1!
W/TimeWarp(10266): No valid eyeTexture 0
W/TimeWarp(10266): Bad Pose.Orientation in bufferNum 1!
W/TimeWarp(10266): No valid eyeTexture 0
W/TimeWarp(10266): Bad Pose.Orientation in bufferNum 1!
W/TimeWarp(10266): No valid eyeTexture 0
W/TimeWarp(10266): TimeWarp Watchdog: restored SCHED_FIFO on tid 10305
D/VrLib (10266): setSchedFifoStatic tid:10305 pto:1
D/VrLib (10266): VRManager set thread priority to 1
W/TimeWarp(10266): TimeWarp Watchdog: restored SCHED_FIFO on tid 10287
D/VrLib (10266): setSchedFifoStatic tid:10287 pto:1
V/VRManagerService( 942): ---- elevateProcessThread 'com.climaxstudios.BanditSix' requestPriority(pid=10266, tid=10305, prio=1 ----
D/VrLib (10266): VRManager set thread priority to 1
V/VRManagerService( 942): ---- elevateProcessThread 'com.climaxstudios.BanditSix' requestPriority(pid=10266, tid=10287, prio=1 ----
W/VrApi (10266): CPU0 Clock 1497 MHz, GPU Clock 389000 MHz, Power Level State 0, normal
W/UnityPlugin(10266): FPS: 1 GPU time: 0.0 ms
I/OVR (10266): DeviceManagerThread - poll(fds,1,1000) = 0 (Tid=10318)
V/VRSVC ( 9239): at (HmtService.java:97) handleMessage() [handleMessage() what:3(MESSAGE_SEND_PROXIMITY)]
D/VRSVC ( 9239): at (HmtService.java:130) QdBd() [Sensor nativeSetProximity]
D/VRSVC_log( 9239): open(SetFeatureReport) device = -1, errno = 2 errnoStr = No such file or directory
D/VRSVC ( 9239): at (HmtService.java:130) QdBd() [Sensor nativeSetProximity ret = -1]
D/VRSVC_log( 9239): open(GetFeatureReport) device = -1, errno = 2 errnoStr = No such file or directory
E/VRSVC ( 9239): at (HmtService.java:138) wtkw() [get version failed!]
V/AudioPolicyManagerBase( 327): stopOutput() output 3, stream 5, session 100
V/AudioPolicyManagerBase( 327): changeRefCount() stream 5, count 0
V/AudioPolicyManagerBase( 327): getNewDevice() selected device 0
V/AudioPolicyManagerBase( 327): setOutputDevice() output 3 device 0000 force 0 delayMs 100
V/AudioPolicyManagerBase( 327): setOutputDevice() prevDevice (0002)
V/AudioPolicyManagerBase( 327): setOutputDevice() setting same device 0000 or null device for output 3
V/AudioPolicyManagerBase( 327): getNewDevice() selected device 2
V/AudioPolicyManagerBase( 327): setOutputDevice() output 2 device 0002 force 1 delayMs 100
V/AudioPolicyManagerBase( 327): setOutputDevice() prevDevice (0002)
V/AudioPolicyManagerBase( 327): setOutputDevice() changing device (0002), delayMs:100
V/AudioPolicyManagerBase( 327): SPK Volume DOWN with HMT : 0.005623 / 0.500000
V/AudioPolicyManagerBase( 327): checkAndSetVolume() cannot set stream 6 volume with force use = 0 for comm
D/audio_hw_primary( 327): out_set_parameters: enter: usecase(0: deep-buffer-playback) kvpairs: routing=2
V/audio_hw_primary( 327): select_devices: ENTER
V/audio_hw_primary( 327): select_devices: usecase(Normal)
V/audio_hw_primary( 327): select_devices: usecase(PCM_PLAYBACK)
V/msm8974_platform( 327): platform_get_output_snd_device: enter: output devices(0x2)
V/msm8974_platform( 327): get_OUTPUT_snd_device: for Normal Playback
V/msm8974_platform( 327): platform_get_output_snd_device: exit: snd_device(speaker)
V/audio_hw_primary( 327): out_set_parameters: exit: code(-2)
W/VrApi (10266): CPU0 Clock 1497 MHz, GPU Clock 389000 MHz, Power Level State 0, normal
W/UnityPlugin(10266): FPS: 55 GPU time: 0.0 ms
W/TimeWarp(10266): Warp GPU time: 0.0 ms
I/OVR (10266): DeviceManagerThread - poll(fds,1,1000) = 0 (Tid=10318)
V/VRSVC ( 9239): at (HmtService.java:97) handleMessage() [handleMessage() what:2(MESSAGE_GET_SERIAL)]
D/VRExt ( 9239): GetSerialNumber() - Sensor is not attached
V/VRSVC ( 9239): at (HmtService.java:97) handleMessage() [handleMessage() what:3(MESSAGE_SEND_PROXIMITY)]
D/VRSVC ( 9239): at (HmtService.java:130) QdBd() [Sensor nativeSetProximity]
D/VRSVC_log( 9239): open(SetFeatureReport) device = -1, errno = 2 errnoStr = No such file or directory
D/VRSVC ( 9239): at (HmtService.java:130) QdBd() [Sensor nativeSetProximity ret = -1]
D/VRSVC_log( 9239): open(GetFeatureReport) device = -1, errno = 2 errnoStr = No such file or directory
E/VRSVC ( 9239): at (HmtService.java:138) wtkw() [get version failed!]
D/UsbHostManager( 942): onUEvent(device) :: action = add, devtype = usb_interface, device = null, product = 4e8/a500/0, type = 0/0/0, interface = 3/0/0, devpath = /devices/f9200000.ssusb/f9200000.dwc3/xhci-hcd.0.auto/usb3/3-1/3-1:1.0
D/UsbHostManager( 942): displayNotification : [03h,00h,00h]
D/UsbHostManager( 942): onUEvent(device) :: action = add, devtype = usb_interface, device = null, product = 4e8/a500/0, type = 0/0/0, interface = 3/1/2, devpath = /devices/f9200000.ssusb/f9200000.dwc3/xhci-hcd.0.auto/usb3/3-1/3-1:1.1
D/UsbHostManager( 942): displayNotification : [03h,01h,02h]
E/EventHub( 942): event node not found: mouse1
E/EventHub( 942): could not get driver version for /dev/input/mouse1, Not a typewriter
D/UsbHostManager( 942): usbDeviceAdded : device :: /dev/bus/usb/003/002 [04e8h:a500h] [00h,00h,00h] (Interface Descriptors)
V/WindowOrientationListener( 942): mSContextAutoRotationListener.getProposedRotation, mbResultFaceDectection: false
V/WindowOrientationListener( 942): mSContextAutoRotationListener.getProposedRotation, Rotation: 1
V/WindowOrientationListener( 942): mSContextAutoRotationListener.getProposedRotation, mbResultFaceDectection: false
V/WindowOrientationListener( 942): mSContextAutoRotationListener.getProposedRotation, Rotation: 1
D/UsbHostManager( 942): displayNotification : [03h,01h,02h]
D/UsbHostManager( 942): turnOnLcd ::
D/PowerManagerService( 942): [api] [s] wakeUp (uid: 1000 pid: 942) eventTime = 6337732
D/UsbHostManager( 942): send mouse intent (attached) : DEVICE_NAME = /dev/bus/usb/003/002, DEVICE_COUNTER = 1, DEVICE_FUNCTIONS = /dev/bus/usb/003/002
D/UsbHostNotification( 942): send the timeout : current 1417704228009, vailed = -363, displayed = 1417704225372
D/UsbHostManager( 942): usbDeviceAdded : interface :: /dev/bus/usb/003/002 [04e8h:a500h] [03h,00h,00h] (HID)
I/WindowManager( 942): ACTION_USBHID_MOUSE_EVENT Received...
I/WindowManager( 942): ACTION_USBHID_MOUSE_EVENT Received.status : 1
D/UsbHostManager( 942): usbDeviceAdded : interface :: /dev/bus/usb/003/002 [04e8h:a500h] [03h,01h,02h] (HID)
V/WindowManager( 942): rotationForOrientationLw(orient=0, last=1); user=0 sensorRotation=1 mLidState=-1 mDockMode=11 mHdmiPlugged=false mAccelerometerDefault=false gripRotationLock=false
D/KeyguardUpdateMonitor( 1203): sendKeyguardVisibilityChanged(true)
I/KeyguardUpdateMonitor( 1203): visibility is same
D/EventHub( 942): No input device configuration file found for device 'sec_hmt Gear VR'.
I/EventHub( 942): New device: id=12, fd=353, path='/dev/input/event21', name='sec_hmt Gear VR', classes=0x80000008, configuration='', keyLayout='', keyCharacterMap='', builtinKeyboard=false, usingSuspendBlockIoctl=true, usingClockIoctl=true
I/InputReader( 942): Device added: id=12, name='sec_hmt Gear VR', sources=0x00002002
D/KeyguardUpdateMonitor( 1203): sendKeyguardVisibilityChanged(true)
I/KeyguardUpdateMonitor( 1203): visibility is same
D/PowerManagerService( 942): setKeyboardVisibility: false
D/KeyguardUpdateMonitor( 1203): sendKeyguardVisibilityChanged(true)
I/KeyguardUpdateMonitor( 1203): visibility is same
D/PowerManagerService( 942): setKeyboardVisibility: false
I/SecExternalDisplayIntents_Java( 942): Intent Recieved .. -android.intent.action.USBHID_MOUSE_EVENTBroadCast Map value - 17
D/SecExternalDisplayIntents_Java( 942): Smart Dock Event Received !!!!! Dock Status : 1 HMT Status :true
V/WindowOrientationListener( 942): mSContextAutoRotationListener.getProposedRotation, mbResultFaceDectection: false
V/WindowOrientationListener( 942): mSContextAutoRotationListener.getProposedRotation, Rotation: 1
V/WindowOrientationListener( 942): mSContextAutoRotationListener.getProposedRotation, mbResultFaceDectection: false
V/WindowOrientationListener( 942): mSContextAutoRotationListener.getProposedRotation, Rotation: 1
V/WindowManager( 942): rotationForOrientationLw(orient=0, last=1); user=0 sensorRotation=1 mLidState=-1 mDockMode=11 mHdmiPlugged=false mAccelerometerDefault=false gripRotationLock=false
D/KeyguardUpdateMonitor( 1203): sendKeyguardVisibilityChanged(true)
I/KeyguardUpdateMonitor( 1203): visibility is same
D/KeyguardUpdateMonitor( 1203): sendKeyguardVisibilityChanged(true)
I/KeyguardUpdateMonitor( 1203): visibility is same
D/PowerManagerService( 942): setKeyboardVisibility: false
W/TimeWarp(10266): Warp GPU time: 0.0 ms
W/TimeWarp(10266): WarpSwap: usleep( 139 )
W/VrApi (10266): CPU0 Clock 1497 MHz, GPU Clock 389000 MHz, Power Level State 0, normal
W/UnityPlugin(10266): FPS: 43 GPU time: 0.0 ms
D/UsbHostNotification( 942): setUsbObserverNotification : cancel id = 998563545, device = UsbDevices
D/UsbHostNotification( 942): setUsbObserverNotification : notify id = 998563545, device = UsbDevices, title = Mouse connected.
D/NotificationService( 942): cancelNotificationLocked
D/NotificationService( 942): hasClearableItems
D/NotificationService( 942): has clearable items no
D/NotificationService( 942): cancelNotificationLocked: cancel alarm
D/NotificationService( 942): cancelNotificationLocked: cancel alarm
D/VRSVC ( 9239): at (HmtService.java:528) onReceive() [intent action=com.system.action.NOTIFICATION]
D/VRSVC ( 9239): at (HmtService.java:390) yTqX() [Notification packageName=android notificationType=3]
W/ContextImpl( 942): Calling a method in the system process without a qualified user: android.app.ContextImpl.sendBroadcast:1524 com.android.server.StatusBarManagerService.sendNotification:1002 com.android.server.StatusBarManagerService.removeNotification:727 com.android.server.NotificationManagerService.cancelNotificationLocked:2508 com.android.server.NotificationManagerService.access$5300:163
D/STATUSBAR-StatusBarManagerService( 942): sendNotification(3) - 998563545
D/NotificationService( 942): Sending broadcast for cancel notification = StatusBarNotification(pkg=android user=UserHandle{-1} id=998563545 tag=null score=10: Notification(pri=1 icon=10808fb contentView=android/0x1090085 vibrate=null sound=null defaults=0x0 flags=0x2 when=0 ledARGB=0x0 contentIntent=Y deleteIntent=N contentTitle=24 contentText=0 originalPackageName=N originalUserId=0 tickerText=24 kind=[null]))
W/ContextImpl( 942): Calling a method in the system process without a qualified user: android.app.ContextImpl.sendBroadcast:1510 com.android.server.NotificationManagerService.cancelNotificationLocked:2586 com.android.server.NotificationManagerService.access$5300:163 com.android.server.NotificationManagerService$8.run:2639 android.os.Handler.handleCallback:733
D/LightsService( 942): [api] [SvcLED] turnOff:: id = 4 (uid: 1000 pid: 942)
D/LightsService( 942): [SvcLED] setSvcLedStateLocked:: SvcLEDState : 0x0 -> 0x0 | SvcLED(id=4) set Off
D/NotificationService( 942): Sending broadcast with sbn as extra = StatusBarNotification(pkg=android user=UserHandle{-1} id=998563545 tag=null score=10: Notification(pri=1 icon=10808fb contentView=android/0x1090085 vibrate=null sound=null defaults=0x0 flags=0x2 when=0 ledARGB=0x0 contentIntent=Y deleteIntent=N contentTitle=16 contentText=0 originalPackageName=N originalUserId=0 tickerText=16 kind=[null]))
D/VRSVC ( 9239): at (HmtService.java:528) onReceive() [intent action=com.system.action.NOTIFICATION]
D/LightsService( 942): [SvcLED] Lux failed to be updated in 700ms. -> handleForcedSvcLEDTasK
D/LightsService( 942): [SvcLED] setSvcLedLightLocked :: Current SvcLED(id=3) maintains its priority right
W/ContextImpl( 942): Calling a method in the system process without a qualified user: android.app.ContextImpl.sendBroadcast:1524 com.android.server.StatusBarManagerService.sendNotification:1002 com.android.server.StatusBarManagerService.addNotification:691 com.android.server.NotificationManagerService$7.run:2195 android.os.Handler.handleCallback:733
D/STATUSBAR-StatusBarManagerService( 942): sendNotification(1) - 998563545
D/STATUSBAR-IconMerger( 1224): checkOverflow(1824), More:false, Req:false Child:1
D/VRSVC ( 9239): at (HmtService.java:390) yTqX() [Notification packageName=android notificationType=1]
D/RCPManagerService( 942): NotificationReceiver onReceive()
D/RCPManagerService( 942): NotificationReceiver sbn.getPackageName() android sbn.getUser().getIdentifier() -1
D/RCPManagerService( 942): getPolicy: Policy checking block entered for Notifications; for user/persona = -1 ; Policy = knox-sanitize-data ; token = 4294967296942
D/RCPManagerService( 942): getPolicy: policy value returned = false
D/RCPManagerService( 942): going to get the app label for pkg == android
D/RCPManagerService( 942): app label == android
D/RCPManagerService( 942): NotificationReceiver ACTION_CANCEL_NOTIFICATION
D/RCPManagerService( 942): NotificationReceiver onReceive()
D/RCPManagerService( 942): NotificationReceiver sbn.getPackageName() android sbn.getUser().getIdentifier() -1
D/RCPManagerService( 942): getPolicy: Policy checking block entered for Notifications; for user/persona = -1 ; Policy = knox-sanitize-data ; token = 4294967296942
D/UserManagerService( 942): User -1does not exists!!
D/RCPManagerService( 942): getPolicy: policy value returned = false
D/RCPManagerService( 942): going to get the app label for pkg == android
D/RCPManagerService( 942): app label == android
D/RCPManagerService( 942): getPolicy: Policy checking block entered for Notifications; for user/persona = -1 ; Policy = knox-export-data ; token = 4294967296942
D/RCPManagerService( 942): getPolicy: policy value returned = true
D/RCPManagerService( 942): Calling User is -1
D/RCPManagerService( 942): userid of SBN ==-1
D/UserManagerService( 942): User -1does not exists!!
E/PersonaManagerService( 942): returning null in getPersonasForUser
D/ProgressBar( 1224): setProgressDrawable drawableHeight = 24
I/OVR (10266): DeviceManagerThread - poll(fds,1,1000) = 0 (Tid=10318)
D/STATUSBAR-IconMerger( 1224): checkOverflow(1824), More:false, Req:false Child:2
D/SSRMv3:SsrmController( 942): SIOP:: AP = 400, PST = 377
I/OVR (10266): OVR::Android::HIDDevice - device mode READ
I/OVR (10266): DeviceManagerThread::AddSelectFd 69 (Tid=10318)
I/OVR (10266): OVR::Android::HIDDevice - Opened:'vid=04e8:pid=a500:ser=R320XXU0ANK2' Manufacturer:'sec_hmt' Product:'Gear VR' Serial#:'R320XXU0ANK2' Version:'0000'
I/OVR (10266): OVR::SensorDeviceImpl::openDevice - with serial code '303230473630573048544336'.
I/OVR (10266): OVR::SensorDevice initialized.
I/Sensors ( 942): UncalMag old sensor_state 1, new sensor_state : 5 en : 1
I/OVR (10266): Sensor created.
W/VrApi (10266): ovrSensorDesc.ProductId = -23296
W/VrApi (10266): ovrSensorDesc.VendorId = 1256
W/VrApi (10266): ovrSensorDesc.SerialNumber = R320XXU0ANK2
W/VrApi (10266): ovrSensorDesc.Version = 0
W/HmdInfo (10266): QueryAndroidInfo (0x823d1b58,0x1d300506,0x1d2004ea)
W/HmdInfo (10266): SM-N910F 0.128000 x 0.070875
I/OVR (10266): Detected HMD/Phone version: HMD_NOTE_4
W/VrApi (10266): hmdInfo.lensSeparation = 0.063000
W/VrApi (10266): hmdInfo.widthMeters = 0.125000
W/VrApi (10266): hmdInfo.heightMeters = 0.070700
W/VrApi (10266): hmdInfo.widthPixels = 2560
W/VrApi (10266): hmdInfo.heightPixels = 1440
W/VrApi (10266): hmdInfo.eyeTextureFov = 90.000000
W/TimeWarp(10266): -------------------- ~TimeWarpLocal() Start --------------------
V/VRSVC ( 9239): at (HmtService.java:97) handleMessage() [handleMessage() what:2(MESSAGE_GET_SERIAL)]
D/VRExt ( 9239): GetSerialNumber() - Sensor is not attached
W/TimeWarp(10266): ShutdownRequest received
W/TimeWarp(10266): Exiting WarpThreadLoop()
W/TimeWarp(10266): ShutdownAcknowledged, TimeWarp thread has exited.
W/TimeWarp(10266): -------------------- ~TimeWarpLocal() End --------------------
W/TimeWarp(10266): -------------------- Startup() --------------------
W/TimeWarp(10266): Current EGL_CONTEXT_CLIENT_VERSION:2
W/TimeWarp(10266): Share context eglConfig has 24 depth bits -- should be 0
W/GlUtils (10266): Found: GL_EXT_sRGB_write_control
W/TimeWarp(10266): Skipping ImageServer setup because !useImageServer
W/TimeWarp(10266): Requesting EGL_CONTEXT_PRIORITY_HIGH_IMG
W/TimeWarp(10266): WarpThreadInit()
V/VRSVC ( 9239): at (HmtService.java:97) handleMessage() [handleMessage() what:3(MESSAGE_SEND_PROXIMITY)]
D/VRSVC ( 9239): at (HmtService.java:130) QdBd() [Sensor nativeSetProximity]
D/VRSVC_log( 9239): SetFeatureReport [48][0]
D/VRSVC_log( 9239): SetFeatureReport ok ret = 2, device = 68, errno = 2 errnoStr = No such file or directory
W/TimeWarp(10266): eglWarpContext: 0x8228ae20
W/TimeWarp(10266): Context is EGL_CONTEXT_PRIORITY_HIGH_IMG
W/TimeWarp(10266): eglMakeCurrent on 0x7a108eb8
D/VRSVC ( 9239): at (HmtService.java:130) QdBd() [Sensor nativeSetProximity ret = 2]
D/VRSVC_log( 9239): GetFeatureReport [33][0]
W/PackageFiles(10266): File 'res/raw/loading_indicator.png' not found in apk!
W/TimeWarp(10266): Loading distortion file: /storage/emulated/0/Oculus/defaultDistortion.bin
W/MemBuffer(10266): Couldn't open /storage/emulated/0/Oculus/defaultDistortion.bin
D/PackageManager( 942): [MSG] WRITE_PACKAGE_RESTRICTIONS
W/TimeWarp(10266): WarpThreadLoop()
W/TimeWarp(10266): Changing vsync from 0.000000 to 354.000000
D/VrLib (10266): setSchedFifoStatic tid:10399 pto:3
D/VrLib (10266): VRManager set thread priority to 3
W/VrApi (10266): SetSchedFifo( 10399, 3 ) = succeeded
V/VRManagerService( 942): ---- elevateProcessThread 'com.climaxstudios.BanditSix' requestPriority(pid=10266, tid=10399, prio=3 ----
D/VRSVC_log( 9239): open(GetFeatureReport) len =64
D/VRSVC_log( 9239): open(GetFeatureReport) mSW =R320XXU0ANK2
D/VRSVC_log( 9239): open(GetFeatureReport) mHW =SR 0.400
D/VRSVC_log( 9239): mSW UTF8 GetFeatureReport: NewStringUTF input is R320XXU0ANK2
D/VRSVC_log( 9239): mSW UTF8 GetFeatureReport: NewStringUTF input is SR 0.400
D/InputReader( 942): sendBroadcastEvent 0
D/InputReader( 942): sendBroadcastEvent am->transact
I/InputDispatcher( 942): Delivering touch to (10266): action: 0x9, toolType: 3
D/VRSVC ( 9239): at (HmtService.java:467) onReceive() [intent action : android.intent.action.proximity_sensor]
V/VRSVC ( 9239): at (HmtService.java:482) yTqX() [handleIntentProximitySensor type=0 sys.hmt.connected=true]
W/VRSVC ( 9239): at (HmtService.java:513) yTqX() [OnDeviceEvent onUnMount ignored. already unmounted!]
I/AudioService( 942): HMT unmount
V/AudioPolicyManagerBase( 327): setVoiceVolume: 0.800000
V/AudioPolicyManagerBase( 327): SPK Volume DOWN with HMT : 0.005623 / 0.500000
V/AudioPolicyManagerBase( 327): checkAndSetVolume() cannot set stream 6 volume with force use = 0 for comm
V/AudioPolicyManagerBase( 327): setVoiceVolume: 0.800000
E/xxxxxxbtsdcard( 942): checkUser: useridlist=null, currentuser=0
E/xxxxxxbtsdcard( 942): checkUser: useridlist=null, currentuser=0
E/xxxxxxbtsdcard( 942): checkUser: useridlist=null, currentuser=0
E/xxxxxxbtsdcard( 942): checkUser: useridlist=null, currentuser=0
D/VrLib (10266): !@#!@ProximityReceiver action:Intent { act=android.intent.action.proximity_sensor typ=0 flg=0x10 }
W/VrApi (10266): nativeProximitySensor(0)
I/SELinux (10400): Function: selinux_android_load_priority , priority [3] , priority version is VE=SEPF_SM-N910F_4.4.4_A024
E/SELinux (10400): [DEBUG] get_category: variable seinfocat: default sensitivity: NULL, cateogry: NULL
E/dalvikvm(10400): >>>>> Normal User
E/dalvikvm(10400): >>>>> com.oculus.home [ userId:0 | appId:10222 ]
E/SELinux (10400): [DEBUG] get_category: variable seinfocat: default sensitivity: NULL, cateogry: NULL
W/VrApi (10266): ovr_HandleHmdEvents: HMT was UNmounted
W/JniUtils(10266): ovr_GetCurrentPackageName() = com.climaxstudios.BanditSix
W/JniUtils(10266): ovr_IsCurrentPackage( com.oculus.home ) = false
I/libpersona(10400): KNOX_SDCARD checking this for 10222
I/libpersona(10400): KNOX_SDCARD not a persona
D/TimaKeyStoreProvider(10400): in addTimaSignatureService
D/TimaKeyStoreProvider(10400): Cannot add TimaSignature Service, License check Failed
D/ActivityThread(10400): Added TimaKesytore provider
D/ACRA (10400): ACRA is enabled for com.oculus.home, intializing...
D/ACRA (10400): Looking for error files in /data/data/com.oculus.home/app_acra-reports
D/ACRA (10400): Looking for error files in /data/data/com.oculus.home/app_minidumps
D/dalvikvm(10400): Trying to load lib /data/app-lib/com.oculus.home-2/libfb_breakpad_client_static.so 0x422675e0
V/DefaultAnalyticsLogger(10400): New event {"name":"moonlight_cold_start","module":"null","extras":{"free_space_internal":24038,"free_space_sd":24058,"email":"nabril@climaxstudios.com","id":"2bd54e907c9b","pk":"0"},"time":1417704228889}.
D/dalvikvm(10400): Added shared lib /data/app-lib/com.oculus.home-2/libfb_breakpad_client_static.so 0x422675e0
D/SoLoader(10400): found fb_breakpad_client_static in default place
D/OculusDownloadProgressTracker(10400): startTrackingChanges()
D/OculusDownloadProgressTracker(10400): fetchDownloads()
D/ProximitySensorReceiver(10400): Unmount intent received Intent { act=android.intent.action.proximity_sensor typ=0 flg=0x10 cmp=com.oculus.home/com.oculus.logging.ProximitySensorReceiver }
I/ActivityManager( 942): Killing 9615:com.samsung.android.app.galaxyfinder/u0a40 (adj 15): empty #43
D/OculusDownloadProgressTracker(10400): postDownloadsProgress()
D/OculusDownloadProgressTracker(10400): postDownloadsProgress()
D/VrLib (10266): OvrPhoneStateListener.onSignalStrengthsChanged4
W/VrApi (10266): nativeCellularSignalEvent( 4 )
D/STATUSBAR-NetworkController( 1224): onSignalStrengthsChanged signalStrength=SignalStrength: 16 -1 -1 -1 -1 -1 -1 99 2147483647 2147483647 2147483647 -1 2147483647 gsm|lte 0x4 level=4
W/TimeWarp(10266): Warp GPU time: 0.0 ms
W/VrApi (10266): CPU0 Clock 1497 MHz, GPU Clock 389000 MHz, Power Level State 0, normal
W/UnityPlugin(10266): FPS: 45 GPU time: 0.0 ms
D/Sensorhubs( 336): readContextData: 1, 1, 7, -1
D/SensorHubManager( 942): onGetSensorHubDataLocked: library = 1, 1, 7, -1
D/CAE ( 942): onGetSensorHubData(SensorHubParserProvider.java:87) - onGetSensorHubData Event [event buffer len :4], AP_WAKEUP
I/CAE ( 942): parse(SensorHubParserProvider.java:166) - buffer size = 4
I/CAE ( 942): parse(SensorHubParserProvider.java:177) - 1, 1, 7, -1,
D/CAE ( 942): display(ContextProvider.java:365) - ================= AUTO_ROTATION =================
I/CAE ( 942): display(ContextProvider.java:381) - Angle=[-1]
D/SContextService( 942): updateSContext() : event = Auto Rotation
V/WindowOrientationListener( 942): mSContextAutoRotationListener.onSContextChanged, Rotation: -1
V/VRSVC ( 9239): at (HmtService.java:97) handleMessage() [handleMessage() what:2(MESSAGE_GET_SERIAL)]
D/OVR ( 9239): Debug: HIDDevice::openDevice vid=04e8:pid=a500:ser=R320XXU0ANK2
I/OVR ( 9239): OVR::Android::HIDDevice - Opened:'vid=04e8:pid=a500:ser=R320XXU0ANK2' Manufacturer:'sec_hmt' Product:'Gear VR' Serial#:'R320XXU0ANK2' Version:'0000'
I/OVR ( 9239): OVR::SensorDevice initialized.
I/OVR ( 9239): Sensor created.
D/VRSVC_log( 9239): UTF8 WARNING: NewStringUTF input is R3AFA03GK8Z
D/VRSVC ( 9239): at (Util.java:429) BRMq() [getSerialOnPhone : R3AFA03GK8Z]
D/InputReader( 942): sendBroadcastEvent 1
D/InputReader( 942): sendBroadcastEvent am->transact
