D/VRSVC ( 9239): at (HmtService.java:467) onReceive() [intent action : android.intent.action.proximity_sensor]
I/AudioService( 942): HMT mount!
V/VRSVC ( 9239): at (HmtService.java:482) yTqX() [handleIntentProximitySensor type=1 sys.hmt.connected=true]
D/VrLib (10266): !@#!@ProximityReceiver action:Intent { act=android.intent.action.proximity_sensor typ=1 flg=0x10 }
W/VrApi (10266): nativeProximitySensor(1)
V/AudioPolicyManagerBase( 327): setVoiceVolume: 0.800000
V/AudioPolicyManagerBase( 327): stream volume control for hmt [2]
V/AudioPolicyManagerBase( 327): SPK Volume DOWN with HMT : 0.005623 / 0.500000
V/AudioPolicyManagerBase( 327): stream volume control for hmt [4]
V/AudioPolicyManagerBase( 327): stream volume control for hmt [5]
V/AudioPolicyManagerBase( 327): checkAndSetVolume() cannot set stream 6 volume with force use = 0 for comm
D/ProximitySensorReceiver(10400): Mount intent received Intent { act=android.intent.action.proximity_sensor typ=1 flg=0x10 cmp=com.oculus.home/com.oculus.logging.ProximitySensorReceiver }
V/AudioPolicyManagerBase( 327): setVoiceVolume: 0.800000
D/VRSVC ( 9239): at (CommonDockEvent.java:181) vqCz() [OnDeviceEvent onMount topActivity=com.climaxstudios.BanditSix/com.unity3d.player.UnityPlayerNativeActivity]
V/VRSVC ( 9239): at (CommonDockEvent.java:183) vqCz() [wakeup! onMount]
I/OVR (10266): DeviceManagerThread - event 69 (0Hz) (Tid=10318)
V/VRSVC ( 9239): at (SoundUtil.java:100) run() [play() await....]
V/VRSVC ( 9239): at (SoundUtil.java:108) run() [play() mLoadedSound=1]
V/AudioPolicyManagerBase( 327): getOutput() device 2, stream 3, samplingRate 0, format 0, channelMask 3, flags 0
V/AudioPolicyManagerBase( 327): getOutputsForDevice device 0002 -> 0002
V/AudioPolicyManagerBase( 327): selectOutput() output 2 outputDesc->mProfile->mFlags 0002 flags 0000
V/AudioPolicyManagerBase( 327): selectOutput() output 3 outputDesc->mProfile->mFlags 0004 flags 0000
V/AudioPolicyManagerBase( 327): getOutput() returns output 2
V/AudioPolicyManagerBase( 327): getOutput() device 2, stream 3, samplingRate 0, format 0, channelMask 3, flags 0
V/AudioPolicyManagerBase( 327): getOutputsForDevice device 0002 -> 0002
V/AudioPolicyManagerBase( 327): selectOutput() output 2 outputDesc->mProfile->mFlags 0002 flags 0000
V/AudioPolicyManagerBase( 327): selectOutput() output 3 outputDesc->mProfile->mFlags 0004 flags 0000
V/AudioPolicyManagerBase( 327): getOutput() returns output 2
V/AudioPolicyManagerBase( 327): getOutput() device 2, stream 3, samplingRate 44100, format 1, channelMask 3, flags 4
V/AudioPolicyManagerBase( 327): getOutputsForDevice device 0002 -> 0002
V/AudioPolicyManagerBase( 327): selectOutput() output 2 outputDesc->mProfile->mFlags 0002 flags 0004
V/AudioPolicyManagerBase( 327): selectOutput() output 3 outputDesc->mProfile->mFlags 0004 flags 0004
V/AudioPolicyManagerBase( 327): selectOutput() commonFlags for output 3, 0001
V/AudioPolicyManagerBase( 327): getOutput() returns output 3
W/VrApi (10266): ovr_HandleHmdEvents: HMT was mounted
D/VrLib (10266): notifyMountHandled
W/JniUtils(10266): ovr_GetCurrentPackageName() = com.climaxstudios.BanditSix
W/JniUtils(10266): ovr_IsCurrentPackage( com.oculus.home ) = false
W/VrSplash(10266): Starting H&S in platform UI - not really!
V/VRSVC ( 9239): at (HmtService.java:496) yTqX() [OnDeviceEvent onMount finished. elapsedTime=12]
V/VRSVC ( 9239): at (HmtService.java:97) handleMessage() [handleMessage() what:3(MESSAGE_SEND_PROXIMITY)]
D/PowerManagerService( 942): [api] [s] wakeUp (uid: 1000 pid: 9239) eventTime = 6339459
V/VRSVC ( 9239): at (HmtService.java:142) wtkw() [send setProximity end.]
D/VrLib (10266): !@#!@ProximityReceiver action:Intent { act=com.oculus.mount_handled flg=0x10 }
W/VrApi (10266): Java_com_oculusvr_vrlib_VrLib_nativeMountEventHandled
D/AudioFlinger( 327): start(4102), calling pid 9239 session 101
D/AudioFlinger( 327): ? => ACTIVE (4102) on thread 0xb8154ab0
V/AudioPolicyManagerBase( 327): startOutput() output 3, stream 3, session 101
V/AudioPolicyManagerBase( 327): changeRefCount() stream 3, count 1
V/AudioPolicyManagerBase( 327): getNewDevice() selected device 2
V/AudioPolicyManagerBase( 327): setOutputDevice() output 3 device 0002 force 0 delayMs 0
V/AudioPolicyManagerBase( 327): setOutputDevice() prevDevice (0002)
V/AudioPolicyManagerBase( 327): setOutputDevice() setting same device 0002 or null device for output 3
V/AudioPolicyManagerBase( 327): SPK Volume DOWN with HMT : 0.005623 / 0.500000
V/AudioPolicyManagerBase( 327): getOutputsForDevice device 0002 -> 0002
V/AudioPolicyManagerBase( 327): getOutputsForDevice device 0002 -> 0002
V/DefaultAnalyticsLogger(10400): New event {"name":"moonlight_app_start","module":"null","extras":{"app_package_name":"com.oculus.home","reason":"headset_mount","email":"nabril@climaxstudios.com","id":"2bd54e907c9b","pk":"0"},"time":1417704229747}.
E/AudioResampler( 327): Unsupported sample format, 1 bits, 2 channels
D/AudioResampler( 327): AudioResamplerOrder1::resample common!!!!!
D/AudioResampler( 327): new common resampler(44100 -> 48000, 2, 2)
D/SoundAliveResampler( 327): [SoundAliveResampler] Init+++
D/dalvikvm(10266): Trying to load lib /data/app-lib/com.climaxstudios.BanditSix-1/libOculusPlugin.so 0x42262690
D/dalvikvm(10266): Shared lib '/data/app-lib/com.climaxstudios.BanditSix-1/libOculusPlugin.so' already loaded in same CL 0x42262690
D/dalvikvm(10266): Trying to load lib /data/app-lib/com.climaxstudios.BanditSix-1/libOculusPlugin.so 0x42262690
D/dalvikvm(10266): Shared lib '/data/app-lib/com.climaxstudios.BanditSix-1/libOculusPlugin.so' already loaded in same CL 0x42262690
D/dalvikvm(10266): Trying to load lib /data/app-lib/com.climaxstudios.BanditSix-1/libOculusPlugin.so 0x42262690
D/dalvikvm(10266): Shared lib '/data/app-lib/com.climaxstudios.BanditSix-1/libOculusPlugin.so' already loaded in same CL 0x42262690
W/UnityPlugin(10266): OVR_VrModeParms_SetCpuLevel(): L 1
W/UnityPlugin(10266): OVR_VrModeParms_SetGpuLevel(): L 1
W/UnityPlugin(10266): OVR_TW_SetMinimumVsyncs() 2
W/UnityPlugin(10266): OVR_VrModeParms_Reset()
W/UnityPlugin(10266): OVR_VrModeParms_Reset: Soft Reset
W/UnityPlugin(10266): OVR_VrModeParms_Reset: Clock Lock Reset
W/VrApi (10266): SetVrPlatformOptions( -1, -1 )
D/VrLib (10266): Available levels: {GPU MIN, GPU MAX, CPU MIN, CPU MAX}
D/VrLib (10266): -> / 0
D/VrLib (10266): -> / 3
D/VrLib (10266): -> / 0
D/VrLib (10266): -> / 3
D/VrLib (10266): setSystemPerformance cpu: -1 gpu: -1
D/VrLib (10266): Fixed clock level API exists
V/VRSVC (10291): at (VRManagerService.java:460) yTqX() [SIOP : 0]
V/VRSVC (10291): at (VRManagerService.java:461) yTqX() [PLATFORM : apq8084]
V/VRSVC (10291): at (VRManagerService.java:310) wtkw() [Release GPU minLock COMPLETE: com.climaxstudios.BanditSix]
V/VRSVC (10291): at (VRManagerService.java:314) wtkw() [Release GPU maxLock COMPLETE: com.climaxstudios.BanditSix]
V/VRSVC (10291): at (VRManagerService.java:335) yTqX() [Release CPU minLock COMPLETE: com.climaxstudios.BanditSix]
V/VRSVC (10291): at (VRManagerService.java:339) yTqX() [Release CPU maxLock COMPLETE: com.climaxstudios.BanditSix]
V/VRSVC (10291): at (VRManagerService.java:537) yTqX() [SetVrClocks release]
D/VrLib (10266): Releasing frequency lock
W/VrApi (10266): CPU Clock = 0 MHz
W/VrApi (10266): GPU Clock = 0 MHz
W/VrApi (10266): SetVrPlatformOptions( 1, 1 )
D/VrLib (10266): Available levels: {GPU MIN, GPU MAX, CPU MIN, CPU MAX}
D/VrLib (10266): -> / 0
D/VrLib (10266): -> / 3
D/VrLib (10266): -> / 0
D/VrLib (10266): -> / 3
W/VrApi (10266): CPU levels [0, 3]
W/VrApi (10266): GPU levels [0, 3]
D/VrLib (10266): setSystemPerformance cpu: 1 gpu: 1
D/CustomFrequencyManagerService( 942): releaseDVFSLockLocked : Getting Lock type frm List : DVFS_MIN_LIMIT frequency : 1497600 uid : 1000 pid : 942 tag : VR_CPU_MIN@1
D/CustomFrequencyManagerService( 942): releaseDVFSLockLocked : Getting Lock type frm List : DVFS_MAX_LIMIT frequency : 1497600 uid : 1000 pid : 942 tag : VR_CPU_MAX@2
D/VrLib (10266): Fixed clock level API exists
V/VRSVC (10291): at (VRManagerService.java:460) yTqX() [SIOP : 0]
V/VRSVC (10291): at (VRManagerService.java:461) yTqX() [PLATFORM : apq8084]
V/VRSVC (10291): at (VRManagerService.java:239) uWFZ() [getDevelopermode : 1]
V/VRSVC (10291): at (VRManagerService.java:576) wtkw() [Set CPU minLock COMPLETE: com.climaxstudios.BanditSix 1190400]
D/CustomFrequencyManagerService( 942): acquireDVFSLockLocked : type : DVFS_MIN_LIMIT frequency : 1190400 uid : 1000 pid : 942 pkgName : VR_CPU_MIN@1
V/VRSVC (10291): at (VRManagerService.java:588) wtkw() [Set CPU maxLock COMPLETE: com.climaxstudios.BanditSix 1190400]
V/VRSVC (10291): at (VRManagerService.java:239) uWFZ() [getDevelopermode : 1]
D/CustomFrequencyManagerService( 942): acquireDVFSLockLocked : type : DVFS_MAX_LIMIT frequency : 1190400 uid : 1000 pid : 942 pkgName : VR_CPU_MAX@2
E/VRSVC (10291): at (VRManagerService.java:621) QdBd() [Set GPU minLock COMPLETE: com.climaxstudios.BanditSix 300000000]
V/VRSVC (10291): at (VRManagerService.java:632) QdBd() [Set GPU maxLock COMPLETE: com.climaxstudios.BanditSix 300000000]
V/VRSVC (10291): at (VRManagerService.java:551) yTqX() [(1:1:com.climaxstudios.BanditSix) (1190400:300000000:883200:240000000) pkg: com.climaxstudios.BanditSix]
D/VrLib (10266): SetVrClocks: {CPU CLOCK, GPU CLOCK, POWERSAVE CPU CLOCK, POWERSAVE GPU CLOCK}
D/VrLib (10266): -> / 1190400
D/VrLib (10266): -> / 300000000
D/VrLib (10266): -> / 883200
D/VrLib (10266): -> / 240000000
W/VrApi (10266): CPU Clock = 1190 MHz
W/VrApi (10266): GPU Clock = 300 MHz
W/TimeWarp(10266): Warp GPU time: 0.0 ms
D/Sensorhubs( 336): readContextData: 1, 1, 7, 1
D/SensorHubManager( 942): onGetSensorHubDataLocked: library = 1, 1, 7, 1
D/CAE ( 942): onGetSensorHubData(SensorHubParserProvider.java:87) - onGetSensorHubData Event [event buffer len :4], AP_WAKEUP
I/CAE ( 942): parse(SensorHubParserProvider.java:166) - buffer size = 4
I/CAE ( 942): parse(SensorHubParserProvider.java:177) - 1, 1, 7, 1,
D/CAE ( 942): display(ContextProvider.java:365) - ================= AUTO_ROTATION =================
I/CAE ( 942): display(ContextProvider.java:381) - Angle=[1]
V/AudioPolicyManagerBase( 327): stopOutput() output 3, stream 3, session 101
V/AudioPolicyManagerBase( 327): changeRefCount() stream 3, count 0
V/AudioPolicyManagerBase( 327): getNewDevice() selected device 0
V/AudioPolicyManagerBase( 327): setOutputDevice() output 3 device 0000 force 0 delayMs 100
V/AudioPolicyManagerBase( 327): setOutputDevice() prevDevice (0002)
V/AudioPolicyManagerBase( 327): setOutputDevice() setting same device 0000 or null device for output 3
V/AudioPolicyManagerBase( 327): getNewDevice() selected device 2
V/AudioPolicyManagerBase( 327): setOutputDevice() output 2 device 0002 force 1 delayMs 100
V/AudioPolicyManagerBase( 327): setOutputDevice() prevDevice (0002)
V/AudioPolicyManagerBase( 327): setOutputDevice() changing device (0002), delayMs:100
V/AudioPolicyManagerBase( 327): stream volume control for hmt [2]
V/AudioPolicyManagerBase( 327): SPK Volume DOWN with HMT : 0.005623 / 0.500000
V/AudioPolicyManagerBase( 327): stream volume control for hmt [4]
V/AudioPolicyManagerBase( 327): stream volume control for hmt [5]
V/AudioPolicyManagerBase( 327): checkAndSetVolume() cannot set stream 6 volume with force use = 0 for comm
V/AudioPolicyManagerBase( 327): getOutputsForDevice device 0002 -> 0002
V/AudioPolicyManagerBase( 327): getOutputsForDevice device 0002 -> 0002
D/SContextService( 942): updateSContext() : event = Auto Rotation
V/WindowOrientationListener( 942): mSContextAutoRotationListener.onSContextChanged, Rotation: 1
D/audio_hw_primary( 327): out_set_parameters: enter: usecase(0: deep-buffer-playback) kvpairs: routing=2
V/audio_hw_primary( 327): select_devices: ENTER
V/audio_hw_primary( 327): select_devices: usecase(Normal)
V/audio_hw_primary( 327): select_devices: usecase(PCM_PLAYBACK)
V/msm8974_platform( 327): platform_get_output_snd_device: enter: output devices(0x2)
V/msm8974_platform( 327): get_OUTPUT_snd_device: for Normal Playback
V/msm8974_platform( 327): platform_get_output_snd_device: exit: snd_device(speaker)
V/audio_hw_primary( 327): out_set_parameters: exit: code(-2)
W/TimeWarp(10266): Frame 463 Eye 0 latency 0.011
W/VrApi (10266): CPU0 Clock 1190 MHz, GPU Clock 300000 MHz, Power Level State 0, normal
W/UnityPlugin(10266): FPS: 51 GPU time: 0.0 ms
I/OVR (10266): DeviceManagerThread - event 69 (499Hz) (Tid=10318)
W/TimeWarp(10266): Warp GPU time: 0.0 ms
W/VrApi (10266): CPU0 Clock 1190 MHz, GPU Clock 300000 MHz, Power Level State 0, normal
W/UnityPlugin(10266): FPS: 15 GPU time: 0.0 ms
I/OVR (10266): DeviceManagerThread - event 69 (499Hz) (Tid=10318)
W/TimeWarp(10266): Frame 551 Eye 0 latency 0.029
W/TimeWarp(10266): Frame 557 Eye 0 latency 0.096
W/TimeWarp(10266): Changing vsync from 558.000000 to 593.000000
W/TimeWarp(10266): Warp GPU time: 0.0 ms
I/OVR (10266): DeviceManagerThread - event 69 (499Hz) (Tid=10318)
E/Watchdog( 942): !@Sync 211
W/TimeWarp(10266): Frame 604 Eye 0 latency 0.010
W/TimeWarp(10266): TimeWarp Watchdog: removed SCHED_FIFO from tid 10305
D/VrLib (10266): setSchedFifoStatic tid:10305 pto:0
D/VrLib (10266): VRManager set thread priority to 0
W/TimeWarp(10266): TimeWarp Watchdog: removed SCHED_FIFO from tid 10287
D/VrLib (10266): setSchedFifoStatic tid:10287 pto:0
D/VrLib (10266): VRManager set thread priority to 0
V/VRManagerService( 942): ---- demoteProcessThread 'com.climaxstudios.BanditSix' requestPriority(pid=10266, tid=10305, prio=0 ----
V/VRManagerService( 942): ---- demoteProcessThread 'com.climaxstudios.BanditSix' requestPriority(pid=10266, tid=10287, prio=0 ----
W/TimeWarp(10266): TimeWarp Watchdog: restored SCHED_FIFO on tid 10305
D/VrLib (10266): setSchedFifoStatic tid:10305 pto:1
D/VrLib (10266): VRManager set thread priority to 1
W/TimeWarp(10266): TimeWarp Watchdog: restored SCHED_FIFO on tid 10287
D/VrLib (10266): setSchedFifoStatic tid:10287 pto:1
D/VrLib (10266): VRManager set thread priority to 1
V/VRManagerService( 942): ---- elevateProcessThread 'com.climaxstudios.BanditSix' requestPriority(pid=10266, tid=10305, prio=1 ----
V/VRManagerService( 942): ---- elevateProcessThread 'com.climaxstudios.BanditSix' requestPriority(pid=10266, tid=10287, prio=1 ----
W/VrApi (10266): CPU0 Clock 1190 MHz, GPU Clock 300000 MHz, Power Level State 0, normal
W/UnityPlugin(10266): FPS: 2 GPU time: 0.0 ms
W/TimeWarp(10266): Frame 623 Eye 0 latency 0.010
W/TimeWarp(10266): Warp GPU time: 0.0 ms
V/audio_hw_primary( 327): out_standby: enter: usecase(1: low-latency-playback)
W/VrApi (10266): CPU0 Clock 1190 MHz, GPU Clock 300000 MHz, Power Level State 0, normal
W/UnityPlugin(10266): FPS: 3 GPU time: 0.0 ms
V/audio_hw_primary( 327): stop_output_stream: enter: usecase(1: low-latency-playback)
V/audio_hw_primary( 327): disable_audio_route: enter: usecase(1)
V/audio_hw_primary( 327): disable_audio_route: reset and update mixer path: low-latency-playback
D/audio_route( 327): Setting mixer control: SLIMBUS_0_RX Audio Mixer MultiMedia5, value: 0
V/audio_hw_primary( 327): disable_audio_route: exit
V/audio_hw_primary( 327): disable_snd_device: speaker ref cnt 1
V/audio_hw_primary( 327): stop_output_stream: exit: status(0)
V/audio_hw_primary( 327): out_standby: exit
I/OVR (10266): DeviceManagerThread - event 69 (499Hz) (Tid=10318)
D/InputReader( 942): sendBroadcastEvent 0
D/InputReader( 942): sendBroadcastEvent am->transact
I/AudioService( 942): HMT unmount
V/AudioPolicyManagerBase( 327): setVoiceVolume: 0.800000
V/AudioPolicyManagerBase( 327): SPK Volume DOWN with HMT : 0.005623 / 0.500000
D/VRSVC ( 9239): at (HmtService.java:467) onReceive() [intent action : android.intent.action.proximity_sensor]
V/AudioPolicyManagerBase( 327): checkAndSetVolume() cannot set stream 6 volume with force use = 0 for comm
V/VRSVC ( 9239): at (HmtService.java:482) yTqX() [handleIntentProximitySensor type=0 sys.hmt.connected=true]
V/AudioPolicyManagerBase( 327): setVoiceVolume: 0.800000
D/VrLib (10266): !@#!@ProximityReceiver action:Intent { act=android.intent.action.proximity_sensor typ=0 flg=0x10 }
W/VrApi (10266): nativeProximitySensor(0)
W/VrApi (10266): ovr_HandleHmdEvents: HMT was UNmounted
W/JniUtils(10266): ovr_GetCurrentPackageName() = com.climaxstudios.BanditSix
W/JniUtils(10266): ovr_IsCurrentPackage( com.oculus.home ) = false
D/VRSVC ( 9239): at (CommonDockEvent.java:190) snDW() [OnDeviceEvent onUnMount topActivity=com.climaxstudios.BanditSix/com.unity3d.player.UnityPlayerNativeActivity]
V/VRSVC ( 9239): at (HmtService.java:509) yTqX() [OnDeviceEvent onUnMount finished. elapsedTime=13]
W/VrApi (10266): CPU0 Clock 1190 MHz, GPU Clock 300000 MHz, Power Level State 0, normal
W/UnityPlugin(10266): FPS: 29 GPU time: 0.0 ms
W/TimeWarp(10266): Warp GPU time: 0.0 ms
V/DefaultAnalyticsLogger(10400): New event {"name":"moonlight_app_end","module":"null","extras":{"app_package_name":"com.oculus.home","active_duration_ms":4544,"reason":"headset_unmount","email":"nabril@climaxstudios.com","id":"2bd54e907c9b","pk":"0"},"time":1417704234274}.
D/ProximitySensorReceiver(10400): Unmount intent received Intent { act=android.intent.action.proximity_sensor typ=0 flg=0x10 cmp=com.oculus.home/com.oculus.logging.ProximitySensorReceiver }
I/OVR (10266): DeviceManagerThread - event 69 (498Hz) (Tid=10318)
W/TimeWarp(10266): Frame 746 Eye 1 latency 0.008
W/TimeWarp(10266): Frame 748 Eye 1 latency 0.012
W/TimeWarp(10266): TimeWarp Watchdog: removed SCHED_FIFO from tid 10305
D/VrLib (10266): setSchedFifoStatic tid:10305 pto:0
D/VrLib (10266): VRManager set thread priority to 0
W/TimeWarp(10266): TimeWarp Watchdog: removed SCHED_FIFO from tid 10287
D/VrLib (10266): setSchedFifoStatic tid:10287 pto:0
V/VRManagerService( 942): ---- demoteProcessThread 'com.climaxstudios.BanditSix' requestPriority(pid=10266, tid=10305, prio=0 ----
D/VrLib (10266): VRManager set thread priority to 0
W/TimeWarp(10266): Warp GPU time: 0.0 ms
V/VRManagerService( 942): ---- demoteProcessThread 'com.climaxstudios.BanditSix' requestPriority(pid=10266, tid=10287, prio=0 ----
I/OVR (10266): DeviceManagerThread - poll(fds,2,2) = 0 (Tid=10318)
I/OVR (10266): DeviceManagerThread - event 69 (499Hz) (Tid=10318)
W/TimeWarp(10266): Warp GPU time: 0.0 ms
I/OVR (10266): DeviceManagerThread - event 69 (498Hz) (Tid=10318)
W/TimeWarp(10266): Warp GPU time: 0.0 ms
I/OVR (10266): DeviceManagerThread - event 69 (498Hz) (Tid=10318)
W/TimeWarp(10266): Frame 902 Eye 1 latency 0.018
W/TimeWarp(10266): TimeWarp Watchdog: restored SCHED_FIFO on tid 10305
D/VrLib (10266): setSchedFifoStatic tid:10305 pto:1
D/VrLib (10266): VRManager set thread priority to 1
W/TimeWarp(10266): TimeWarp Watchdog: restored SCHED_FIFO on tid 10287
D/VrLib (10266): setSchedFifoStatic tid:10287 pto:1
V/VRManagerService( 942): ---- elevateProcessThread 'com.climaxstudios.BanditSix' requestPriority(pid=10266, tid=10305, prio=1 ----
D/VrLib (10266): VRManager set thread priority to 1
W/VrApi (10266): CPU0 Clock 1190 MHz, GPU Clock 300000 MHz, Power Level State 0, normal
W/UnityPlugin(10266): FPS: 1 GPU time: 0.0 ms
V/VRManagerService( 942): ---- elevateProcessThread 'com.climaxstudios.BanditSix' requestPriority(pid=10266, tid=10287, prio=1 ----
D/VrLib (10266): OvrPhoneStateListener.onSignalStrengthsChanged4
W/VrApi (10266): nativeCellularSignalEvent( 4 )
D/STATUSBAR-NetworkController( 1224): onSignalStrengthsChanged signalStrength=SignalStrength: 16 -1 -1 -1 -1 -1 -1 99 2147483647 2147483647 2147483647 -1 2147483647 gsm|lte 0x4 level=4
W/TimeWarp(10266): Frame 911 Eye 0 latency 0.020
D/OVR ( 9239): Debug: SensorFusion::handleMessage - RotationRate zero
W/TimeWarp(10266): Frame 925 Eye 1 latency 0.010
W/TimeWarp(10266): Warp GPU time: 0.0 ms
W/TimeWarp(10266): Frame 932 Eye 0 latency 0.012
D/SSRMv3:SsrmController( 942): SIOP:: AP = 410, PST = 386
W/TimeWarp(10266): Frame 944 Eye 1 latency 0.011
W/TimeWarp(10266): Frame 953 Eye 1 latency 0.010
I/OVR (10266): DeviceManagerThread - event 69 (499Hz) (Tid=10318)
D/OVR ( 9239): Debug: SensorFusion::handleMessage - RotationRate zero
W/TimeWarp(10266): Frame 972 Eye 0 latency 0.010
W/TimeWarp(10266): TimeWarp Watchdog: removed SCHED_FIFO from tid 10305
D/VrLib (10266): setSchedFifoStatic tid:10305 pto:0
D/VrLib (10266): VRManager set thread priority to 0
W/TimeWarp(10266): TimeWarp Watchdog: removed SCHED_FIFO from tid 10287
D/VrLib (10266): setSchedFifoStatic tid:10287 pto:0
V/VRManagerService( 942): ---- demoteProcessThread 'com.climaxstudios.BanditSix' requestPriority(pid=10266, tid=10305, prio=0 ----
D/VrLib (10266): VRManager set thread priority to 0
V/VRManagerService( 942): ---- demoteProcessThread 'com.climaxstudios.BanditSix' requestPriority(pid=10266, tid=10287, prio=0 ----
W/TimeWarp(10266): Warp GPU time: 0.0 ms
I/OVR (10266): DeviceManagerThread - event 69 (499Hz) (Tid=10318)
V/AlarmManager( 942): waitForAlarm result :8
V/AlarmManager( 942): ClockReceiver onReceive() ACTION_TIME_TICK
D/KeyguardUpdateMonitor( 1203): received broadcast android.intent.action.TIME_TICK
D/KeyguardUpdateMonitor( 1203): handleTimeUpdate
D/accuweather( 3183): [KK AccuPhone]>>> WCS:142 [0:0] action : androidintentactionTIME_TICK
D/accuweather( 3183): [KK AccuPhone]>>> UIM:119 [0:0] getInstance
D/accuweather( 3183): [KK AccuPhone]>>> UIM:286 [0:0] direct update clock
D/accuweather( 3183): [KK AccuPhone]>>> RU:74 [0:0] get ww = 339, wh = 160span x = 4, span y = 2
D/accuweather( 3183): [KK AccuPhone]>>> UIM:1428 [0:0] mc sy = 2
D/accuweather( 3183): [KK AccuPhone]>>> RU:74 [0:0] get ww = 339, wh = 160span x = 4, span y = 2
D/accuweather( 3183): [KK AccuPhone]>>> UIM:189 [0:0] get widget 4x2 view!!! wid = 1
E/accuweather( 3183): [KK AccuPhone]>>> UIM:1466 [0:0] bTM 14 44
W/TimeWarp(10266): Warp GPU time: 0.0 ms
D/OVR ( 9239): Debug: SensorFusion::handleMessage - RotationRate zero
D/VrLib (10266): OvrPhoneStateListener.onSignalStrengthsChanged4
W/VrApi (10266): nativeCellularSignalEvent( 4 )
D/STATUSBAR-NetworkController( 1224): onSignalStrengthsChanged signalStrength=SignalStrength: 17 -1 -1 -1 -1 -1 -1 99 2147483647 2147483647 2147483647 -1 2147483647 gsm|lte 0x4 level=4
D/OVR ( 9239): Debug: SensorFusion::handleMessage - RotationRate zero
I/OVR (10266): DeviceManagerThread - event 69 (499Hz) (Tid=10318)
D/OVR ( 9239): Debug: SensorFusion::handleMessage - RotationRate zero
W/VrApi (10266): CPU0 Clock 1190 MHz, GPU Clock 300000 MHz, Power Level State 0, normal
W/UnityPlugin(10266): FPS: 2 GPU time: 0.0 ms
W/TimeWarp(10266): TimeWarp Watchdog: restored SCHED_FIFO on tid 10305
D/VrLib (10266): setSchedFifoStatic tid:10305 pto:1
D/VrLib (10266): VRManager set thread priority to 1
W/TimeWarp(10266): TimeWarp Watchdog: restored SCHED_FIFO on tid 10287
D/VrLib (10266): setSchedFifoStatic tid:10287 pto:1
D/VrLib (10266): VRManager set thread priority to 1
V/VRManagerService( 942): ---- elevateProcessThread 'com.climaxstudios.BanditSix' requestPriority(pid=10266, tid=10305, prio=1 ----
V/VRManagerService( 942): ---- elevateProcessThread 'com.climaxstudios.BanditSix' requestPriority(pid=10266, tid=10287, prio=1 ----
W/TimeWarp(10266): Warp GPU time: 0.0 ms
W/VrApi (10266): CPU0 Clock 1190 MHz, GPU Clock 300000 MHz, Power Level State 0, normal
W/UnityPlugin(10266): FPS: 2 GPU time: 0.0 ms
D/OVR ( 9239): Debug: SensorFusion::handleMessage - RotationRate zero
I/OVR (10266): DeviceManagerThread - event 69 (498Hz) (Tid=10318)
W/TimeWarp(10266): Frame 1161 Eye 0 latency 0.016
D/OVR ( 9239): Debug: SensorFusion::handleMessage - RotationRate zero
W/VrApi (10266): CPU0 Clock 1190 MHz, GPU Clock 300000 MHz, Power Level State 0, normal
W/UnityPlugin(10266): FPS: 12 GPU time: 0.0 ms
W/TimeWarp(10266): Warp GPU time: 0.0 ms
I/OVR (10266): DeviceManagerThread - event 69 (498Hz) (Tid=10318)
W/TimeWarp(10266): Frame 1211 Eye 1 latency 0.014
W/TimeWarp(10266): Frame 1212 Eye 0 latency 0.020
W/TimeWarp(10266): Frame 1212 Eye 1 latency 0.019
W/TimeWarp(10266): Changing vsync from 1213.000000 to 1216.000000
D/VrLib (10266): OvrPhoneStateListener.onSignalStrengthsChanged4
W/VrApi (10266): nativeCellularSignalEvent( 4 )
D/STATUSBAR-NetworkController( 1224): onSignalStrengthsChanged signalStrength=SignalStrength: 17 -1 -1 -1 -1 -1 -1 99 2147483647 2147483647 2147483647 -1 2147483647 gsm|lte 0x4 level=4
W/TimeWarp(10266): Frame 1216 Eye 1 latency 0.016
D/OVR ( 9239): Debug: SensorFusion::handleMessage - RotationRate zero
W/TimeWarp(10266): Frame 1217 Eye 0 latency 0.019
D/OVR ( 9239): Debug: SensorFusion::handleMessage - RotationRate zero
W/TimeWarp(10266): Frame 1217 Eye 1 latency 0.019
W/TimeWarp(10266): Changing vsync from 1218.000000 to 1221.000000
W/TimeWarp(10266): Frame 1221 Eye 1 latency 0.016
W/TimeWarp(10266): Frame 1222 Eye 0 latency 0.019
W/TimeWarp(10266): Frame 1222 Eye 1 latency 0.019
W/TimeWarp(10266): Changing vsync from 1223.000000 to 1226.000000
W/TimeWarp(10266): Frame 1226 Eye 1 latency 0.017
W/TimeWarp(10266): Frame 1227 Eye 0 latency 0.020
W/TimeWarp(10266): Warp GPU time: 0.0 ms
W/VrApi (10266): CPU0 Clock 1190 MHz, GPU Clock 300000 MHz, Power Level State 0, normal
W/UnityPlugin(10266): FPS: 27 GPU time: 0.0 ms
W/TimeWarp(10266): Frame 1229 Eye 1 latency 0.019
W/TimeWarp(10266): Frame 1230 Eye 0 latency 0.020
W/TimeWarp(10266): Frame 1230 Eye 1 latency 0.019
W/TimeWarp(10266): Changing vsync from 1231.000000 to 1234.000000
W/TimeWarp(10266): Frame 1234 Eye 1 latency 0.016
W/TimeWarp(10266): Frame 1235 Eye 0 latency 0.019
W/TimeWarp(10266): Frame 1235 Eye 1 latency 0.019
W/TimeWarp(10266): Changing vsync from 1236.000000 to 1239.000000
W/TimeWarp(10266): Frame 1239 Eye 1 latency 0.016
W/TimeWarp(10266): Frame 1240 Eye 0 latency 0.019
W/TimeWarp(10266): Frame 1240 Eye 1 latency 0.019
W/TimeWarp(10266): Changing vsync from 1241.000000 to 1244.000000
W/TimeWarp(10266): Frame 1244 Eye 1 latency 0.016
W/TimeWarp(10266): Frame 1245 Eye 0 latency 0.019
W/TimeWarp(10266): Frame 1245 Eye 1 latency 0.019
W/TimeWarp(10266): Changing vsync from 1246.000000 to 1249.000000
W/TimeWarp(10266): Frame 1249 Eye 1 latency 0.017
W/TimeWarp(10266): Frame 1250 Eye 0 latency 0.020
W/TimeWarp(10266): Frame 1250 Eye 1 latency 0.019
W/TimeWarp(10266): Changing vsync from 1251.000000 to 1254.000000
W/TimeWarp(10266): Frame 1254 Eye 1 latency 0.016
W/TimeWarp(10266): Frame 1255 Eye 0 latency 0.019
I/OVR (10266): DeviceManagerThread - event 69 (499Hz) (Tid=10318)
W/TimeWarp(10266): Frame 1255 Eye 1 latency 0.019
W/TimeWarp(10266): Changing vsync from 1256.000000 to 1259.000000
W/TimeWarp(10266): Frame 1259 Eye 1 latency 0.016
W/TimeWarp(10266): Frame 1260 Eye 0 latency 0.019
W/TimeWarp(10266): Frame 1260 Eye 1 latency 0.019
W/TimeWarp(10266): Changing vsync from 1261.000000 to 1264.000000
W/TimeWarp(10266): Frame 1264 Eye 1 latency 0.016
W/TimeWarp(10266): Frame 1265 Eye 0 latency 0.020
W/TimeWarp(10266): Frame 1265 Eye 1 latency 0.019
W/TimeWarp(10266): Changing vsync from 1266.000000 to 1269.000000
W/TimeWarp(10266): Frame 1269 Eye 1 latency 0.015
W/TimeWarp(10266): Frame 1270 Eye 0 latency 0.019
W/TimeWarp(10266): Frame 1270 Eye 1 latency 0.009
W/TimeWarp(10266): Frame 1271 Eye 1 latency 0.010
W/TimeWarp(10266): Frame 1273 Eye 1 latency 0.009
W/TimeWarp(10266): Frame 1274 Eye 1 latency 0.009
W/TimeWarp(10266): Frame 1275 Eye 1 latency 0.009
W/TimeWarp(10266): Frame 1276 Eye 1 latency 0.009
W/TimeWarp(10266): Frame 1277 Eye 1 latency 0.009
W/TimeWarp(10266): Frame 1278 Eye 1 latency 0.009
W/TimeWarp(10266): Frame 1279 Eye 1 latency 0.009
W/TimeWarp(10266): Frame 1280 Eye 0 latency 0.010
W/TimeWarp(10266): Frame 1281 Eye 1 latency 0.009
W/TimeWarp(10266): Frame 1282 Eye 0 latency 0.009
W/TimeWarp(10266): Frame 1283 Eye 1 latency 0.009
W/TimeWarp(10266): Frame 1284 Eye 0 latency 0.009
W/TimeWarp(10266): Frame 1285 Eye 1 latency 0.009
W/TimeWarp(10266): Frame 1286 Eye 0 latency 0.009
W/TimeWarp(10266): Frame 1287 Eye 1 latency 0.008
W/TimeWarp(10266): Warp GPU time: 0.0 ms
W/TimeWarp(10266): Frame 1288 Eye 0 latency 0.009
W/VrApi (10266): CPU0 Clock 1190 MHz, GPU Clock 300000 MHz, Power Level State 0, normal
W/UnityPlugin(10266): FPS: 26 GPU time: 0.0 ms
W/TimeWarp(10266): Frame 1289 Eye 1 latency 0.009
W/TimeWarp(10266): Frame 1290 Eye 1 latency 0.008
W/TimeWarp(10266): Frame 1291 Eye 1 latency 0.009
W/TimeWarp(10266): Frame 1292 Eye 0 latency 0.012
W/TimeWarp(10266): Frame 1293 Eye 1 latency 0.008
W/TimeWarp(10266): Frame 1294 Eye 0 latency 0.010
W/TimeWarp(10266): Frame 1295 Eye 1 latency 0.009
W/TimeWarp(10266): Frame 1296 Eye 0 latency 0.009
W/TimeWarp(10266): Frame 1298 Eye 0 latency 0.009
W/TimeWarp(10266): Frame 1299 Eye 1 latency 0.008
W/TimeWarp(10266): Frame 1300 Eye 0 latency 0.009
W/TimeWarp(10266): Frame 1301 Eye 1 latency 0.009
W/TimeWarp(10266): Frame 1302 Eye 0 latency 0.009
W/TimeWarp(10266): Frame 1303 Eye 1 latency 0.008
W/TimeWarp(10266): Frame 1304 Eye 0 latency 0.009
W/TimeWarp(10266): Frame 1305 Eye 1 latency 0.008
W/TimeWarp(10266): Frame 1306 Eye 0 latency 0.009
W/TimeWarp(10266): Frame 1308 Eye 0 latency 0.009
W/TimeWarp(10266): Frame 1310 Eye 0 latency 0.008
W/TimeWarp(10266): Frame 1312 Eye 1 latency 0.008
W/TimeWarp(10266): Frame 1316 Eye 0 latency 0.008
I/OVR (10266): DeviceManagerThread - event 69 (499Hz) (Tid=10318)
W/TimeWarp(10266): Frame 1318 Eye 0 latency 0.009
W/TimeWarp(10266): Frame 1320 Eye 0 latency 0.008
W/TimeWarp(10266): Frame 1322 Eye 0 latency 0.009
W/TimeWarp(10266): Frame 1324 Eye 0 latency 0.009
W/TimeWarp(10266): Frame 1326 Eye 0 latency 0.009
D/OVR ( 9239): Debug: SensorFusion::handleMessage - RotationRate zero
W/TimeWarp(10266): Frame 1328 Eye 0 latency 0.009
W/TimeWarp(10266): Frame 1330 Eye 0 latency 0.008
W/TimeWarp(10266): Frame 1332 Eye 0 latency 0.009
W/TimeWarp(10266): Frame 1334 Eye 0 latency 0.009
W/TimeWarp(10266): Frame 1338 Eye 0 latency 0.009
W/TimeWarp(10266): Frame 1339 Eye 1 latency 0.008
W/TimeWarp(10266): Frame 1340 Eye 0 latency 0.008
W/TimeWarp(10266): Frame 1342 Eye 0 latency 0.009
W/TimeWarp(10266): Frame 1344 Eye 0 latency 0.009
W/TimeWarp(10266): Warp GPU time: 0.0 ms
W/TimeWarp(10266): Frame 1348 Eye 0 latency 0.009
W/VrApi (10266): CPU0 Clock 1190 MHz, GPU Clock 300000 MHz, Power Level State 0, normal
W/UnityPlugin(10266): FPS: 30 GPU time: 0.0 ms
W/TimeWarp(10266): Frame 1349 Eye 1 latency 0.008
W/TimeWarp(10266): Frame 1352 Eye 0 latency 0.008
W/TimeWarp(10266): Frame 1354 Eye 0 latency 0.008
W/TimeWarp(10266): Frame 1356 Eye 0 latency 0.008
W/TimeWarp(10266): Frame 1358 Eye 0 latency 0.008
W/TimeWarp(10266): Frame 1359 Eye 1 latency 0.008
W/TimeWarp(10266): Frame 1362 Eye 0 latency 0.008
W/TimeWarp(10266): Frame 1364 Eye 0 latency 0.009
W/TimeWarp(10266): Frame 1366 Eye 0 latency 0.009
D/VrLib (10266): OvrPhoneStateListener.onSignalStrengthsChanged4
W/VrApi (10266): nativeCellularSignalEvent( 4 )
D/STATUSBAR-NetworkController( 1224): onSignalStrengthsChanged signalStrength=SignalStrength: 18 -1 -1 -1 -1 -1 -1 99 2147483647 2147483647 2147483647 -1 2147483647 gsm|lte 0x4 level=4
W/TimeWarp(10266): Frame 1372 Eye 0 latency 0.008
W/TimeWarp(10266): Frame 1374 Eye 0 latency 0.009
W/TimeWarp(10266): Frame 1375 Eye 1 latency 0.009
I/OVR (10266): DeviceManagerThread - event 69 (499Hz) (Tid=10318)
W/TimeWarp(10266): Frame 1382 Eye 0 latency 0.010
W/TimeWarp(10266): Frame 1386 Eye 0 latency 0.008
W/VrApi (10266): CPU0 Clock 1190 MHz, GPU Clock 300000 MHz, Power Level State 0, normal
W/UnityPlugin(10266): FPS: 29 GPU time: 0.0 ms
W/TimeWarp(10266): Warp GPU time: 0.0 ms
I/OVR (10266): DeviceManagerThread - event 69 (498Hz) (Tid=10318)
W/TimeWarp(10266): Frame 1442 Eye 0 latency 0.008
V/AlarmManager( 942): waitForAlarm result :8
W/Uploader( 3717): No account for auth token provided
W/TimeWarp(10266): Frame 1449 Eye 1 latency 0.008
I/System.out( 3717): IntentService[UploaderIntentService] calls detatch()
D/ConnectivityManager( 3717): getActiveNetworkInfo : NetworkInfo: type: WIFI[], state: CONNECTED/CONNECTED, reason: (unspecified), extra: "ClimaxProduction", roaming: false, failover: false, isAvailable: true, isConnectedToProvisioningNetwork: false
D/ConnectivityManager( 3717): getActiveNetworkInfo : NetworkInfo: type: WIFI[], state: CONNECTED/CONNECTED, reason: (unspecified), extra: "ClimaxProduction", roaming: false, failover: false, isAvailable: true, isConnectedToProvisioningNetwork: false
D/ConnectivityManager( 3717): getActiveNetworkInfo : NetworkInfo: type: WIFI[], state: CONNECTED/CONNECTED, reason: (unspecified), extra: "ClimaxProduction", roaming: false, failover: false, isAvailable: true, isConnectedToProvisioningNetwork: false
D/InputReader( 942): sendBroadcastEvent 1
D/InputReader( 942): sendBroadcastEvent am->transact
I/AudioService( 942): HMT mount!
D/VRSVC ( 9239): at (HmtService.java:467) onReceive() [intent action : android.intent.action.proximity_sensor]
V/AudioPolicyManagerBase( 327): setVoiceVolume: 0.800000
V/VRSVC ( 9239): at (HmtService.java:482) yTqX() [handleIntentProximitySensor type=1 sys.hmt.connected=true]
V/AudioPolicyManagerBase( 327): stream volume control for hmt [2]
V/AudioPolicyManagerBase( 327): SPK Volume DOWN with HMT : 0.005623 / 0.500000
V/AudioPolicyManagerBase( 327): stream volume control for hmt [4]
V/AudioPolicyManagerBase( 327): stream volume control for hmt [5]
V/AudioPolicyManagerBase( 327): checkAndSetVolume() cannot set stream 6 volume with force use = 0 for comm
D/VrLib (10266): !@#!@ProximityReceiver action:Intent { act=android.intent.action.proximity_sensor typ=1 flg=0x10 }
W/VrApi (10266): nativeProximitySensor(1)
V/AudioPolicyManagerBase( 327): setVoiceVolume: 0.800000
D/ProximitySensorReceiver(10400): Mount intent received Intent { act=android.intent.action.proximity_sensor typ=1 flg=0x10 cmp=com.oculus.home/com.oculus.logging.ProximitySensorReceiver }
D/VRSVC ( 9239): at (CommonDockEvent.java:181) vqCz() [OnDeviceEvent onMount topActivity=com.climaxstudios.BanditSix/com.unity3d.player.UnityPlayerNativeActivity]
V/VRSVC ( 9239): at (CommonDockEvent.java:183) vqCz() [wakeup! onMount]
W/VrApi (10266): ovr_HandleHmdEvents: HMT was mounted
D/VrLib (10266): notifyMountHandled
V/VRSVC ( 9239): at (SoundUtil.java:100) run() [play() await....]
V/VRSVC ( 9239): at (SoundUtil.java:108) run() [play() mLoadedSound=1]
V/VRSVC ( 9239): at (HmtService.java:496) yTqX() [OnDeviceEvent onMount finished. elapsedTime=16]
V/AudioPolicyManagerBase( 327): getOutput() device 2, stream 3, samplingRate 0, format 0, channelMask 3, flags 0
W/JniUtils(10266): ovr_GetCurrentPackageName() = com.climaxstudios.BanditSix
W/JniUtils(10266): ovr_IsCurrentPackage( com.oculus.home ) = false
W/VrSplash(10266): Starting H&S in platform UI - not really!
V/AudioPolicyManagerBase( 327): getOutputsForDevice device 0002 -> 0002
V/AudioPolicyManagerBase( 327): selectOutput() output 2 outputDesc->mProfile->mFlags 0002 flags 0000
V/AudioPolicyManagerBase( 327): selectOutput() output 3 outputDesc->mProfile->mFlags 0004 flags 0000
V/AudioPolicyManagerBase( 327): getOutput() returns output 2
D/VrLib (10266): !@#!@ProximityReceiver action:Intent { act=com.oculus.mount_handled flg=0x10 }
W/VrApi (10266): Java_com_oculusvr_vrlib_VrLib_nativeMountEventHandled
D/PowerManagerService( 942): [api] [s] wakeUp (uid: 1000 pid: 9239) eventTime = 6356901
V/AudioPolicyManagerBase( 327): getOutput() device 2, stream 3, samplingRate 0, format 0, channelMask 3, flags 0
V/AudioPolicyManagerBase( 327): getOutputsForDevice device 0002 -> 0002
V/AudioPolicyManagerBase( 327): selectOutput() output 2 outputDesc->mProfile->mFlags 0002 flags 0000
V/AudioPolicyManagerBase( 327): selectOutput() output 3 outputDesc->mProfile->mFlags 0004 flags 0000
V/AudioPolicyManagerBase( 327): getOutput() returns output 2
V/AudioPolicyManagerBase( 327): getOutput() device 2, stream 3, samplingRate 44100, format 1, channelMask 3, flags 4
V/AudioPolicyManagerBase( 327): getOutputsForDevice device 0002 -> 0002
V/AudioPolicyManagerBase( 327): selectOutput() output 2 outputDesc->mProfile->mFlags 0002 flags 0004
V/AudioPolicyManagerBase( 327): selectOutput() output 3 outputDesc->mProfile->mFlags 0004 flags 0004
V/AudioPolicyManagerBase( 327): selectOutput() commonFlags for output 3, 0001
V/AudioPolicyManagerBase( 327): getOutput() returns output 3
D/AudioFlinger( 327): start(4103), calling pid 9239 session 102
D/AudioFlinger( 327): ? => ACTIVE (4103) on thread 0xb8158960
V/AudioPolicyManagerBase( 327): startOutput() output 3, stream 3, session 102
V/AudioPolicyManagerBase( 327): changeRefCount() stream 3, count 1
V/AudioPolicyManagerBase( 327): getNewDevice() selected device 2
V/AudioPolicyManagerBase( 327): setOutputDevice() output 3 device 0002 force 0 delayMs 0
V/AudioPolicyManagerBase( 327): setOutputDevice() prevDevice (0002)
V/AudioPolicyManagerBase( 327): setOutputDevice() setting same device 0002 or null device for output 3
V/AudioPolicyManagerBase( 327): SPK Volume DOWN with HMT : 0.005623 / 0.500000
V/AudioPolicyManagerBase( 327): getOutputsForDevice device 0002 -> 0002
V/AudioPolicyManagerBase( 327): getOutputsForDevice device 0002 -> 0002
E/AudioResampler( 327): Unsupported sample format, 1 bits, 2 channels
D/AudioResampler( 327): AudioResamplerOrder1::resample common!!!!!
D/AudioResampler( 327): new common resampler(44100 -> 48000, 2, 2)
D/SoundAliveResampler( 327): [SoundAliveResampler] Init+++
V/AudioPolicyManagerBase( 327): releaseOutput() 3
V/audio_hw_primary( 327): start_output_stream: enter: usecase(1: low-latency-playback) devices(0x2)
V/audio_hw_primary( 327): select_devices: ENTER
V/audio_hw_primary( 327): select_devices: usecase(Normal)
V/audio_hw_primary( 327): select_devices: usecase(PCM_PLAYBACK)
V/msm8974_platform( 327): platform_get_output_snd_device: enter: output devices(0x2)
V/msm8974_platform( 327): get_OUTPUT_snd_device: for Normal Playback
V/msm8974_platform( 327): platform_get_output_snd_device: exit: snd_device(speaker)
D/audio_hw_primary( 327): select_devices: out_snd_device(2: speaker)
D/audio_hw_primary( 327): select_devices: in_snd_device(0: dummy)
V/audio_hw_primary( 327): enable_snd_device: snd_device(2: speaker) is already active
V/audio_hw_primary( 327): enable_audio_route: enter: usecase(1)
V/audio_hw_primary( 327): enable_audio_route: apply mixer and update path: low-latency-playback
D/audio_route( 327): Setting mixer control: SLIMBUS_0_RX Audio Mixer MultiMedia5, value: 1
V/audio_hw_primary( 327): enable_audio_route: exit
V/audio_hw_primary( 327): start_output_stream: Opening PCM device card_id(0) device_id(15)
V/audio_hw_primary( 327): start_output_stream: exit
V/DefaultAnalyticsLogger(10400): New event {"name":"moonlight_app_start","module":"null","extras":{"app_package_name":"com.oculus.home","reason":"headset_mount","email":"nabril@climaxstudios.com","id":"2bd54e907c9b","pk":"0"},"time":1417704247193}.
W/TimeWarp(10266): Frame 1464 Eye 1 latency 0.008
W/VrApi (10266): CPU0 Clock 1190 MHz, GPU Clock 300000 MHz, Power Level State 0, normal
W/UnityPlugin(10266): FPS: 30 GPU time: 0.0 ms
W/TimeWarp(10266): Warp GPU time: 0.0 ms
W/TimeWarp(10266): Frame 1470 Eye 0 latency 0.008
W/TimeWarp(10266): Frame 1476 Eye 0 latency 0.008
W/TimeWarp(10266): Frame 1480 Eye 0 latency 0.008
W/TimeWarp(10266): Frame 1481 Eye 0 latency 0.010
W/TimeWarp(10266): Frame 1482 Eye 0 latency 0.009
W/TimeWarp(10266): Frame 1484 Eye 0 latency 0.008
W/TimeWarp(10266): Frame 1485 Eye 1 latency 0.008
W/TimeWarp(10266): Frame 1486 Eye 0 latency 0.009
W/TimeWarp(10266): Frame 1494 Eye 0 latency 0.008
I/OVR (10266): DeviceManagerThread - event 69 (499Hz) (Tid=10318)
V/AudioPolicyManagerBase( 327): stopOutput() output 3, stream 3, session 102
V/AudioPolicyManagerBase( 327): changeRefCount() stream 3, count 0
V/AudioPolicyManagerBase( 327): getNewDevice() selected device 0
V/AudioPolicyManagerBase( 327): setOutputDevice() output 3 device 0000 force 0 delayMs 100
V/AudioPolicyManagerBase( 327): setOutputDevice() prevDevice (0002)
V/AudioPolicyManagerBase( 327): setOutputDevice() setting same device 0000 or null device for output 3
V/AudioPolicyManagerBase( 327): getNewDevice() selected device 2
V/AudioPolicyManagerBase( 327): setOutputDevice() output 2 device 0002 force 1 delayMs 100
V/AudioPolicyManagerBase( 327): setOutputDevice() prevDevice (0002)
V/AudioPolicyManagerBase( 327): setOutputDevice() changing device (0002), delayMs:100
V/AudioPolicyManagerBase( 327): stream volume control for hmt [2]
V/AudioPolicyManagerBase( 327): SPK Volume DOWN with HMT : 0.005623 / 0.500000
V/AudioPolicyManagerBase( 327): stream volume control for hmt [4]
V/AudioPolicyManagerBase( 327): stream volume control for hmt [5]
V/AudioPolicyManagerBase( 327): checkAndSetVolume() cannot set stream 6 volume with force use = 0 for comm
V/AudioPolicyManagerBase( 327): getOutputsForDevice device 0002 -> 0002
V/AudioPolicyManagerBase( 327): getOutputsForDevice device 0002 -> 0002
D/audio_hw_primary( 327): out_set_parameters: enter: usecase(0: deep-buffer-playback) kvpairs: routing=2
V/audio_hw_primary( 327): select_devices: ENTER
W/TimeWarp(10266): Frame 1506 Eye 0 latency 0.009
V/audio_hw_primary( 327): select_devices: usecase(Normal)
V/audio_hw_primary( 327): select_devices: usecase(PCM_PLAYBACK)
V/msm8974_platform( 327): platform_get_output_snd_device: enter: output devices(0x2)
V/msm8974_platform( 327): get_OUTPUT_snd_device: for Normal Playback
V/msm8974_platform( 327): platform_get_output_snd_device: exit: snd_device(speaker)
V/audio_hw_primary( 327): out_set_parameters: exit: code(-2)
W/TimeWarp(10266): Frame 1512 Eye 0 latency 0.008
W/TimeWarp(10266): Frame 1514 Eye 0 latency 0.008
W/TimeWarp(10266): Frame 1516 Eye 0 latency 0.009
W/TimeWarp(10266): Frame 1518 Eye 0 latency 0.008
W/TimeWarp(10266): Frame 1520 Eye 0 latency 0.008
W/TimeWarp(10266): Frame 1522 Eye 0 latency 0.008
W/TimeWarp(10266): Frame 1523 Eye 0 latency 0.009
W/TimeWarp(10266): Frame 1526 Eye 0 latency 0.008
W/TimeWarp(10266): Warp GPU time: 0.0 ms
W/VrApi (10266): CPU0 Clock 1190 MHz, GPU Clock 300000 MHz, Power Level State 0, normal
W/UnityPlugin(10266): FPS: 30 GPU time: 0.0 ms
W/TimeWarp(10266): Frame 1532 Eye 0 latency 0.009
W/TimeWarp(10266): Frame 1539 Eye 1 latency 0.008
D/SSRMv3:SsrmController( 942): SIOP:: AP = 410, PST = 398
W/TimeWarp(10266): Frame 1546 Eye 0 latency 0.008
W/TimeWarp(10266): Frame 1552 Eye 0 latency 0.008
W/TimeWarp(10266): Frame 1556 Eye 0 latency 0.009
I/OVR (10266): DeviceManagerThread - event 69 (499Hz) (Tid=10318)
W/TimeWarp(10266): Frame 1558 Eye 0 latency 0.008
W/TimeWarp(10266): Frame 1560 Eye 0 latency 0.009
W/TimeWarp(10266): Frame 1562 Eye 0 latency 0.009
W/TimeWarp(10266): Frame 1564 Eye 0 latency 0.008
W/TimeWarp(10266): Frame 1568 Eye 0 latency 0.008
W/TimeWarp(10266): Frame 1580 Eye 0 latency 0.008
W/TimeWarp(10266): Frame 1582 Eye 0 latency 0.008
W/TimeWarp(10266): Frame 1586 Eye 0 latency 0.008
W/TimeWarp(10266): Warp GPU time: 0.0 ms
W/VrApi (10266): CPU0 Clock 1190 MHz, GPU Clock 300000 MHz, Power Level State 0, normal
W/UnityPlugin(10266): FPS: 30 GPU time: 0.0 ms
W/TimeWarp(10266): Frame 1592 Eye 0 latency 0.008
W/TimeWarp(10266): Frame 1596 Eye 0 latency 0.009
W/TimeWarp(10266): Frame 1606 Eye 0 latency 0.008
W/TimeWarp(10266): Frame 1608 Eye 0 latency 0.008
W/TimeWarp(10266): Frame 1614 Eye 0 latency 0.008
I/OVR (10266): DeviceManagerThread - event 69 (499Hz) (Tid=10318)
W/TimeWarp(10266): Frame 1618 Eye 0 latency 0.008
W/TimeWarp(10266): Frame 1622 Eye 0 latency 0.008
W/TimeWarp(10266): Frame 1623 Eye 1 latency 0.009
W/TimeWarp(10266): Frame 1626 Eye 0 latency 0.008
W/TimeWarp(10266): Frame 1632 Eye 0 latency 0.008
W/TimeWarp(10266): Frame 1634 Eye 0 latency 0.009
W/TimeWarp(10266): Frame 1640 Eye 0 latency 0.008
W/TimeWarp(10266): Warp GPU time: 0.0 ms
W/VrApi (10266): CPU0 Clock 1190 MHz, GPU Clock 300000 MHz, Power Level State 0, normal
W/UnityPlugin(10266): FPS: 30 GPU time: 0.0 ms
W/TimeWarp(10266): Frame 1650 Eye 0 latency 0.008
W/TimeWarp(10266): Frame 1652 Eye 0 latency 0.008
W/TimeWarp(10266): Frame 1654 Eye 0 latency 0.008
W/TimeWarp(10266): Frame 1656 Eye 0 latency 0.009
W/TimeWarp(10266): Frame 1660 Eye 0 latency 0.008
W/TimeWarp(10266): Frame 1661 Eye 0 latency 0.009
W/TimeWarp(10266): Frame 1661 Eye 1 latency 0.009
W/TimeWarp(10266): Frame 1662 Eye 0 latency 0.008
W/TimeWarp(10266): Frame 1670 Eye 0 latency 0.008
W/TimeWarp(10266): Frame 1672 Eye 0 latency 0.008
V/audio_hw_primary( 327): out_standby: enter: usecase(1: low-latency-playback)
D/STATUSBAR-NetworkController( 1224): onSignalStrengthsChanged signalStrength=SignalStrength: 19 -1 -1 -1 -1 -1 -1 99 2147483647 2147483647 2147483647 -1 2147483647 gsm|lte 0x4 level=4
D/VrLib (10266): OvrPhoneStateListener.onSignalStrengthsChanged4
W/VrApi (10266): nativeCellularSignalEvent( 4 )
V/audio_hw_primary( 327): stop_output_stream: enter: usecase(1: low-latency-playback)
V/audio_hw_primary( 327): disable_audio_route: enter: usecase(1)
V/audio_hw_primary( 327): disable_audio_route: reset and update mixer path: low-latency-playback
I/OVR (10266): DeviceManagerThread - event 69 (499Hz) (Tid=10318)
D/audio_route( 327): Setting mixer control: SLIMBUS_0_RX Audio Mixer MultiMedia5, value: 0
V/audio_hw_primary( 327): disable_audio_route: exit
V/audio_hw_primary( 327): disable_snd_device: speaker ref cnt 1
V/audio_hw_primary( 327): stop_output_stream: exit: status(0)
V/audio_hw_primary( 327): out_standby: exit
W/TimeWarp(10266): Frame 1678 Eye 0 latency 0.009
W/TimeWarp(10266): Frame 1692 Eye 0 latency 0.009
W/TimeWarp(10266): Frame 1694 Eye 0 latency 0.008
W/TimeWarp(10266): Warp GPU time: 0.0 ms
W/VrApi (10266): CPU0 Clock 1190 MHz, GPU Clock 300000 MHz, Power Level State 0, normal
W/UnityPlugin(10266): FPS: 30 GPU time: 0.0 ms
W/TimeWarp(10266): Frame 1707 Eye 1 latency 0.010
W/TimeWarp(10266): Frame 1710 Eye 0 latency 0.008
W/TimeWarp(10266): Frame 1716 Eye 0 latency 0.008
W/TimeWarp(10266): Frame 1726 Eye 0 latency 0.008
W/TimeWarp(10266): Frame 1728 Eye 0 latency 0.008
W/TimeWarp(10266): Frame 1734 Eye 0 latency 0.011
I/OVR (10266): DeviceManagerThread - event 69 (498Hz) (Tid=10318)
W/TimeWarp(10266): Frame 1738 Eye 1 latency 0.009
W/TimeWarp(10266): Frame 1741 Eye 1 latency 0.008
D/VrLib (10266): OvrPhoneStateListener.onSignalStrengthsChanged4
W/VrApi (10266): nativeCellularSignalEvent( 4 )
D/STATUSBAR-NetworkController( 1224): onSignalStrengthsChanged signalStrength=SignalStrength: 19 -1 -1 -1 -1 -1 -1 99 2147483647 2147483647 2147483647 -1 2147483647 gsm|lte 0x4 level=4
W/TimeWarp(10266): Frame 1752 Eye 0 latency 0.008
W/TimeWarp(10266): Frame 1754 Eye 0 latency 0.008
W/TimeWarp(10266): Frame 1758 Eye 0 latency 0.008
W/TimeWarp(10266): Frame 1760 Eye 0 latency 0.009
W/TimeWarp(10266): Warp GPU time: 0.0 ms
W/TimeWarp(10266): Frame 1766 Eye 0 latency 0.008
W/VrApi (10266): CPU0 Clock 1190 MHz, GPU Clock 300000 MHz, Power Level State 0, normal
W/UnityPlugin(10266): FPS: 27 GPU time: 0.0 ms
W/TimeWarp(10266): Frame 1772 Eye 0 latency 0.008
W/TimeWarp(10266): Frame 1780 Eye 0 latency 0.008
D/InputReader( 942): sendBroadcastEvent 0
D/InputReader( 942): sendBroadcastEvent am->transact
D/PowerManagerService( 942): [api] userActivityFromNative : 50 (event: 0 flags: 0) eventTime = 6362275
D/VRSVC ( 9239): at (HmtService.java:467) onReceive() [intent action : android.intent.action.proximity_sensor]
I/AudioService( 942): HMT unmount
V/AudioPolicyManagerBase( 327): setVoiceVolume: 0.800000
V/AudioPolicyManagerBase( 327): SPK Volume DOWN with HMT : 0.005623 / 0.500000
V/VRSVC ( 9239): at (HmtService.java:482) yTqX() [handleIntentProximitySensor type=0 sys.hmt.connected=true]
V/AudioPolicyManagerBase( 327): checkAndSetVolume() cannot set stream 6 volume with force use = 0 for comm
V/AudioPolicyManagerBase( 327): setVoiceVolume: 0.800000
D/VrLib (10266): !@#!@ProximityReceiver action:Intent { act=android.intent.action.proximity_sensor typ=0 flg=0x10 }
W/VrApi (10266): nativeProximitySensor(0)
D/VRSVC ( 9239): at (CommonDockEvent.java:190) snDW() [OnDeviceEvent onUnMount topActivity=com.climaxstudios.BanditSix/com.unity3d.player.UnityPlayerNativeActivity]
V/VRSVC ( 9239): at (HmtService.java:509) yTqX() [OnDeviceEvent onUnMount finished. elapsedTime=6]
V/DefaultAnalyticsLogger(10400): New event {"name":"moonlight_app_end","module":"null","extras":{"app_package_name":"com.oculus.home","active_duration_ms":5399,"reason":"headset_unmount","email":"nabril@climaxstudios.com","id":"2bd54e907c9b","pk":"0"},"time":1417704252573}.
W/TimeWarp(10266): Frame 1784 Eye 0 latency 0.008
D/ProximitySensorReceiver(10400): Unmount intent received Intent { act=android.intent.action.proximity_sensor typ=0 flg=0x10 cmp=com.oculus.home/com.oculus.logging.ProximitySensorReceiver }
W/VrApi (10266): ovr_HandleHmdEvents: HMT was UNmounted
W/JniUtils(10266): ovr_GetCurrentPackageName() = com.climaxstudios.BanditSix
W/JniUtils(10266): ovr_IsCurrentPackage( com.oculus.home ) = false
W/TimeWarp(10266): Frame 1796 Eye 0 latency 0.008
I/OVR (10266): DeviceManagerThread - event 69 (498Hz) (Tid=10318)
W/TimeWarp(10266): Frame 1798 Eye 0 latency 0.008
W/TimeWarp(10266): Frame 1802 Eye 0 latency 0.008
W/TimeWarp(10266): Frame 1806 Eye 0 latency 0.008
W/TimeWarp(10266): Frame 1808 Eye 0 latency 0.009
W/TimeWarp(10266): Frame 1812 Eye 0 latency 0.008
W/TimeWarp(10266): Frame 1814 Eye 0 latency 0.008
W/TimeWarp(10266): Frame 1816 Eye 0 latency 0.008
W/TimeWarp(10266): Frame 1820 Eye 0 latency 0.008
W/TimeWarp(10266): Frame 1821 Eye 1 latency 0.008
W/TimeWarp(10266): Warp GPU time: 0.0 ms
W/TimeWarp(10266): Frame 1826 Eye 0 latency 0.008
W/VrApi (10266): CPU0 Clock 1190 MHz, GPU Clock 300000 MHz, Power Level State 0, normal
W/UnityPlugin(10266): FPS: 30 GPU time: 0.0 ms
W/TimeWarp(10266): Frame 1830 Eye 0 latency 0.008
W/TimeWarp(10266): Frame 1832 Eye 0 latency 0.008
W/TimeWarp(10266): Frame 1834 Eye 0 latency 0.008
W/TimeWarp(10266): Frame 1836 Eye 0 latency 0.009
W/TimeWarp(10266): Frame 1838 Eye 0 latency 0.009
W/TimeWarp(10266): Frame 1840 Eye 0 latency 0.008
W/TimeWarp(10266): Frame 1842 Eye 0 latency 0.008
W/TimeWarp(10266): Frame 1844 Eye 0 latency 0.008
W/TimeWarp(10266): Frame 1850 Eye 0 latency 0.008
