W/TimeWarp(10266): Frame 58821 Eye 0 latency 0.008
W/TimeWarp(10266): WarpSwap: usleep( 254 )
W/TimeWarp(10266): Warp GPU time: 0.0 ms
W/VrApi (10266): CPU0 Clock 1497 MHz, GPU Clock 389000 MHz, Power Level State 0, normal
W/UnityPlugin(10266): FPS: 60 GPU time: 0.0 ms
I/OVR (10266): DeviceManagerThread - event 69 (499Hz) (Tid=10318)
D/OVR ( 9239): Debug: SensorFusion::handleMessage - RotationRate zero
W/TimeWarp(10266): Warp GPU time: 0.0 ms
W/VrApi (10266): CPU0 Clock 1497 MHz, GPU Clock 389000 MHz, Power Level State 0, normal
W/UnityPlugin(10266): FPS: 60 GPU time: 0.0 ms
I/OVR (10266): DeviceManagerThread - event 69 (498Hz) (Tid=10318)
D/OVR ( 9239): Debug: SensorFusion::handleMessage - RotationRate zero
W/TimeWarp(10266): Frame 58943 Eye 0 latency 0.008
W/TimeWarp(10266): Warp GPU time: 0.0 ms
W/VrApi (10266): CPU0 Clock 1497 MHz, GPU Clock 389000 MHz, Power Level State 0, normal
W/UnityPlugin(10266): FPS: 59 GPU time: 0.0 ms
D/OVR ( 9239): Debug: SensorFusion::handleMessage - RotationRate zero
I/OVR (10266): DeviceManagerThread - event 69 (499Hz) (Tid=10318)
W/TimeWarp(10266): Warp GPU time: 0.0 ms
W/VrApi (10266): CPU0 Clock 1497 MHz, GPU Clock 389000 MHz, Power Level State 0, normal
W/UnityPlugin(10266): FPS: 60 GPU time: 0.0 ms
I/OVR (10266): DeviceManagerThread - event 69 (498Hz) (Tid=10318)
W/TimeWarp(10266): Frame 59054 Eye 1 latency 0.009
W/TimeWarp(10266): Warp GPU time: 0.0 ms
W/VrApi (10266): CPU0 Clock 1497 MHz, GPU Clock 389000 MHz, Power Level State 0, normal
W/UnityPlugin(10266): FPS: 60 GPU time: 0.0 ms
W/UnityPlugin(10266): OVR_VrModeParms_SetCpuLevel(): L 1
W/UnityPlugin(10266): OVR_VrModeParms_SetGpuLevel(): L 1
W/UnityPlugin(10266): OVR_TW_SetMinimumVsyncs() 2
W/UnityPlugin(10266): OVR_VrModeParms_Reset()
W/UnityPlugin(10266): OVR_VrModeParms_Reset: Soft Reset
W/UnityPlugin(10266): OVR_VrModeParms_Reset: Clock Lock Reset
W/VrApi (10266): SetVrPlatformOptions( -1, -1 )
D/VrLib (10266): Available levels: {GPU MIN, GPU MAX, CPU MIN, CPU MAX}
D/VrLib (10266): -> / 0
D/VrLib (10266): -> / 3
D/VrLib (10266): -> / 0
D/VrLib (10266): -> / 3
D/VrLib (10266): setSystemPerformance cpu: -1 gpu: -1
D/VrLib (10266): Fixed clock level API exists
V/VRSVC (10291): at (VRManagerService.java:460) yTqX() [SIOP : 0]
V/VRSVC (10291): at (VRManagerService.java:461) yTqX() [PLATFORM : apq8084]
V/VRSVC (10291): at (VRManagerService.java:310) wtkw() [Release GPU minLock COMPLETE: com.climaxstudios.BanditSix]
V/VRSVC (10291): at (VRManagerService.java:314) wtkw() [Release GPU maxLock COMPLETE: com.climaxstudios.BanditSix]
V/VRSVC (10291): at (VRManagerService.java:335) yTqX() [Release CPU minLock COMPLETE: com.climaxstudios.BanditSix]
V/VRSVC (10291): at (VRManagerService.java:339) yTqX() [Release CPU maxLock COMPLETE: com.climaxstudios.BanditSix]
V/VRSVC (10291): at (VRManagerService.java:537) yTqX() [SetVrClocks release]
D/VrLib (10266): Releasing frequency lock
W/VrApi (10266): CPU Clock = 0 MHz
W/VrApi (10266): GPU Clock = 0 MHz
W/VrApi (10266): SetVrPlatformOptions( 1, 1 )
D/CustomFrequencyManagerService( 942): releaseDVFSLockLocked : Getting Lock type frm List : DVFS_MIN_LIMIT frequency : 1497600 uid : 1000 pid : 942 tag : VR_CPU_MIN@1
D/CustomFrequencyManagerService( 942): releaseDVFSLockLocked : Getting Lock type frm List : DVFS_MAX_LIMIT frequency : 1497600 uid : 1000 pid : 942 tag : VR_CPU_MAX@2
D/VrLib (10266): Available levels: {GPU MIN, GPU MAX, CPU MIN, CPU MAX}
D/VrLib (10266): -> / 0
D/VrLib (10266): -> / 3
D/VrLib (10266): -> / 0
D/VrLib (10266): -> / 3
W/VrApi (10266): CPU levels [0, 3]
W/VrApi (10266): GPU levels [0, 3]
D/VrLib (10266): setSystemPerformance cpu: 1 gpu: 1
D/VrLib (10266): Fixed clock level API exists
V/VRSVC (10291): at (VRManagerService.java:460) yTqX() [SIOP : 0]
V/VRSVC (10291): at (VRManagerService.java:461) yTqX() [PLATFORM : apq8084]
V/VRSVC (10291): at (VRManagerService.java:239) uWFZ() [getDevelopermode : 1]
D/CustomFrequencyManagerService( 942): acquireDVFSLockLocked : type : DVFS_MIN_LIMIT frequency : 1190400 uid : 1000 pid : 942 pkgName : VR_CPU_MIN@1
V/VRSVC (10291): at (VRManagerService.java:576) wtkw() [Set CPU minLock COMPLETE: com.climaxstudios.BanditSix 1190400]
V/VRSVC (10291): at (VRManagerService.java:588) wtkw() [Set CPU maxLock COMPLETE: com.climaxstudios.BanditSix 1190400]
V/VRSVC (10291): at (VRManagerService.java:239) uWFZ() [getDevelopermode : 1]
D/CustomFrequencyManagerService( 942): acquireDVFSLockLocked : type : DVFS_MAX_LIMIT frequency : 1190400 uid : 1000 pid : 942 pkgName : VR_CPU_MAX@2
E/VRSVC (10291): at (VRManagerService.java:621) QdBd() [Set GPU minLock COMPLETE: com.climaxstudios.BanditSix 300000000]
V/VRSVC (10291): at (VRManagerService.java:632) QdBd() [Set GPU maxLock COMPLETE: com.climaxstudios.BanditSix 300000000]
V/VRSVC (10291): at (VRManagerService.java:551) yTqX() [(1:1:com.climaxstudios.BanditSix) (1190400:300000000:883200:240000000) pkg: com.climaxstudios.BanditSix]
D/VrLib (10266): SetVrClocks: {CPU CLOCK, GPU CLOCK, POWERSAVE CPU CLOCK, POWERSAVE GPU CLOCK}
D/VrLib (10266): -> / 1190400
D/VrLib (10266): -> / 300000000
D/VrLib (10266): -> / 883200
D/VrLib (10266): -> / 240000000
W/VrApi (10266): CPU Clock = 1190 MHz
W/VrApi (10266): GPU Clock = 300 MHz
I/OVR (10266): DeviceManagerThread - event 69 (499Hz) (Tid=10318)
D/OVR ( 9239): Debug: SensorFusion::handleMessage - RotationRate zero
W/TimeWarp(10266): Frame 59084 Eye 1 latency 0.013
W/TimeWarp(10266): Frame 59085 Eye 1 latency 0.091
W/TimeWarp(10266): Changing vsync from 59086.000000 to 59092.000000
W/TimeWarp(10266): Changing vsync from 59093.000000 to 59099.000000
W/TimeWarp(10266): Frame 59103 Eye 1 latency 0.010
W/TimeWarp(10266): Changing vsync from 59120.000000 to 59123.000000
D/OVR ( 9239): Debug: SensorFusion::handleMessage - RotationRate zero
W/VrApi (10266): CPU0 Clock 1190 MHz, GPU Clock 300000 MHz, Power Level State 0, normal
W/UnityPlugin(10266): FPS: 7 GPU time: 0.0 ms
W/TimeWarp(10266): Warp GPU time: 0.0 ms
D/SSRMv3:SsrmController( 942): SIOP:: AP = 490, PST = 482
I/OVR (10266): DeviceManagerThread - event 69 (499Hz) (Tid=10318)
D/OVR ( 9239): Debug: SensorFusion::handleMessage - RotationRate zero
W/TimeWarp(10266): Frame 59154 Eye 1 latency 0.013
W/TimeWarp(10266): Frame 59158 Eye 1 latency 0.012
W/TimeWarp(10266): Frame 59171 Eye 1 latency 0.011
W/TimeWarp(10266): Frame 59174 Eye 1 latency 0.010
W/TimeWarp(10266): Frame 59177 Eye 1 latency 0.010
W/TimeWarp(10266): Frame 59186 Eye 1 latency 0.012
W/TimeWarp(10266): WarpSwap: usleep( 243 )
W/TimeWarp(10266): Warp GPU time: 0.0 ms
D/VrLib (10266): OvrPhoneStateListener.onSignalStrengthsChanged4
W/VrApi (10266): nativeCellularSignalEvent( 4 )
D/STATUSBAR-NetworkController( 1224): onSignalStrengthsChanged signalStrength=SignalStrength: 19 -1 -1 -1 -1 -1 -1 99 2147483647 2147483647 2147483647 -1 2147483647 gsm|lte 0x4 level=4
W/TimeWarp(10266): Frame 59193 Eye 1 latency 0.013
W/TimeWarp(10266): Frame 59198 Eye 1 latency 0.009
I/OVR (10266): DeviceManagerThread - event 69 (499Hz) (Tid=10318)
W/TimeWarp(10266): Frame 59201 Eye 1 latency 0.009
W/TimeWarp(10266): Frame 59204 Eye 1 latency 0.008
W/TimeWarp(10266): Frame 59207 Eye 1 latency 0.008
W/TimeWarp(10266): Frame 59214 Eye 1 latency 0.011
W/TimeWarp(10266): Frame 59220 Eye 0 latency 0.009
W/TimeWarp(10266): Frame 59233 Eye 1 latency 0.013
W/VrApi (10266): CPU0 Clock 1190 MHz, GPU Clock 300000 MHz, Power Level State 0, normal
W/UnityPlugin(10266): FPS: 14 GPU time: 0.0 ms
W/TimeWarp(10266): Warp GPU time: 0.0 ms
W/VrApi (10266): CPU0 Clock 1190 MHz, GPU Clock 300000 MHz, Power Level State 0, normal
W/UnityPlugin(10266): FPS: 6 GPU time: 0.0 ms
W/TimeWarp(10266): Frame 59253 Eye 1 latency 0.013
W/TimeWarp(10266): Frame 59255 Eye 1 latency 0.012
W/TimeWarp(10266): Frame 59258 Eye 1 latency 0.009
I/OVR (10266): DeviceManagerThread - event 69 (499Hz) (Tid=10318)
W/TimeWarp(10266): Frame 59268 Eye 1 latency 0.067
W/TimeWarp(10266): Changing vsync from 59269.000000 to 59274.000000
E/Unity (10266): Inflate Error: too many length or distance symbols (file zip crc32 : 233c2226)
E/Unity (10266):
E/Unity (10266): (Filename: Line: 254)
E/Unity (10266):
E/Unity (10266): Inflate Error: too many length or distance symbols (file zip crc32 : 233c2226)
E/Unity (10266):
E/Unity (10266): (Filename: Line: 254)
E/Unity (10266):
E/Unity (10266): Inflate Error: too many length or distance symbols (file zip crc32 : 233c2226)
E/Unity (10266):
E/Unity (10266): (Filename: Line: 254)
E/Unity (10266):
E/Unity (10266): Inflate Error: too many length or distance symbols (file zip crc32 : 233c2226)
E/Unity (10266):
E/Unity (10266): (Filename: Line: 254)
E/Unity (10266):
E/Unity (10266): Inflate Error: too many length or distance symbols (file zip crc32 : 233c2226)
E/Unity (10266):
E/Unity (10266): (Filename: Line: 254)
E/Unity (10266):
E/Unity (10266): Inflate Error: too many length or distance symbols (file zip crc32 : 233c2226)
E/Unity (10266):
E/Unity (10266): (Filename: Line: 254)
E/Unity (10266):
E/Unity (10266): Inflate Error: too many length or distance symbols (file zip crc32 : 233c2226)
E/Unity (10266):
E/Unity (10266): (Filename: Line: 254)
E/Unity (10266):
E/Unity (10266): Inflate Error: too many length or distance symbols (file zip crc32 : 233c2226)
E/Unity (10266):
E/Unity (10266): (Filename: Line: 254)
E/Unity (10266):
E/Unity (10266): Inflate Error: too many length or distance symbols (file zip crc32 : 233c2226)
E/Unity (10266):
E/Unity (10266): (Filename: Line: 254)
E/Unity (10266):
E/Unity (10266): Inflate Error: too many length or distance symbols (file zip crc32 : 233c2226)
E/Unity (10266):
E/Unity (10266): (Filename: Line: 254)
E/Unity (10266):
E/Unity (10266): Inflate Error: too many length or distance symbols (file zip crc32 : 233c2226)
E/Unity (10266):
E/Unity (10266): (Filename: Line: 254)
E/Unity (10266):
E/Unity (10266): Inflate Error: too many length or distance symbols (file zip crc32 : 233c2226)
E/Unity (10266):
E/Unity (10266): (Filename: Line: 254)
E/Unity (10266):
E/Unity (10266): Inflate Error: too many length or distance symbols (file zip crc32 : 233c2226)
E/Unity (10266):
E/Unity (10266): (Filename: Line: 254)
E/Unity (10266):
E/Unity (10266): Inflate Error: too many length or distance symbols (file zip crc32 : 233c2226)
E/Unity (10266):
E/Unity (10266): (Filename: Line: 254)
E/Unity (10266):
E/Unity (10266): Inflate Error: too many length or distance symbols (file zip crc32 : 233c2226)
E/Unity (10266):
E/Unity (10266): (Filename: Line: 254)
E/Unity (10266):
E/Unity (10266): Inflate Error: too many length or distance symbols (file zip crc32 : 233c2226)
E/Unity (10266):
E/Unity (10266): (Filename: Line: 254)
E/Unity (10266):
D/NtpTrustedTime( 942): currentTimeMillis() cache hit
D/NetworkStatsFactory( 942): UpdateStatsForKnox
V/ApplicationPolicy( 942): isApplicationStateBlocked userId 0 pkgname com.climaxstudios.BanditSix
V/NetworkStats( 942): performPollLocked(flags=0x1)
D/ConnectivityService( 942): getLinkProperties for 1000{LinkAddresses: [] Routes: [] DnsAddresses: [] Domains: nullMTU: 0}
I/ActivityManager( 942): Killing 10266:com.climaxstudios.BanditSix/u0a265 (adj 0): stop com.climaxstudios.BanditSix
W/ActivityManager( 942): Force removing ActivityRecord{42be3200 u0 com.climaxstudios.BanditSix/com.unity3d.player.UnityPlayerNativeActivity t10}: app died, no saved state
D/NtpTrustedTime( 942): currentTimeMillis() cache hit
V/NetworkStats( 942): performPollLocked() took 38ms
E/xxxxxxbtsdcard( 942): checkUser: useridlist=null, currentuser=0
E/xxxxxxbtsdcard( 942): checkUser: useridlist=null, currentuser=0
E/xxxxxxbtsdcard( 942): checkUser: useridlist=null, currentuser=0
E/xxxxxxbtsdcard( 942): checkUser: useridlist=null, currentuser=0
I/SpenGestureManager( 942): setFocusWindow21020
D/KeyguardUpdateMonitor( 1203): sendKeyguardVisibilityChanged(true)
I/KeyguardUpdateMonitor( 1203): visibility is same
D/PointerIcon( 942): setMouseIconStyle1 pointerType: 1001iconType:101 flag:0
D/PointerIcon( 942): setMouseCustomIcon IconType is same.101
D/PointerIcon( 942): setHoveringSpenIconStyle1 pointerType: 10001iconType:1 flag:0
D/PointerIcon( 942): setHoveringSpenCustomIcon IconType is same.1
I/SELinux (10814): Function: selinux_android_load_priority , priority [3] , priority version is VE=SEPF_SM-N910F_4.4.4_A024
E/SELinux (10814): [DEBUG] get_category: variable seinfocat: default sensitivity: NULL, cateogry: NULL
E/dalvikvm(10814): >>>>> Normal User
E/dalvikvm(10814): >>>>> com.oculus.horizon [ userId:0 | appId:10222 ]
D/STATUSBAR-StatusBarManagerService( 942): manageDisableList what=0x0 pkg=WindowManager.LayoutParams
I/libpersona(10814): KNOX_SDCARD checking this for 10222
I/libpersona(10814): KNOX_SDCARD not a persona
E/SELinux (10814): [DEBUG] get_category: variable seinfocat: default sensitivity: NULL, cateogry: NULL
D/RegisteredServicesCache( 1381): empty dynamic service
D/AidRoutingManager( 1381): commitRouting
D/NtpTrustedTime( 942): currentTimeMillis() cache hit
D/NtpTrustedTime( 942): currentTimeMillis() cache hit
D/TimaKeyStoreProvider(10814): in addTimaSignatureService
D/TimaKeyStoreProvider(10814): Cannot add TimaSignature Service, License check Failed
D/ActivityThread(10814): Added TimaKesytore provider
E/ViewRootImpl(10786): sendUserActionEvent() mView == null
W/InputMethodManagerService( 942): Window already focused, ignoring focus gain of: com.android.internal.view.IInputMethodClient$Stub$Proxy@42500d40 attribute=android.view.inputmethod.EditorInfo@424f3d50, token = android.os.BinderProxy@42a38330
D/ACRA (10814): ACRA is enabled for com.oculus.horizon, intializing...
D/ACRA (10814): Looking for error files in /data/data/com.oculus.horizon/app_acra-reports
D/ACRA (10814): Looking for error files in /data/data/com.oculus.horizon/app_minidumps
V/AudioPolicyManagerBase( 327): stopOutput() output 3, stream 1, session 107
V/AudioPolicyManagerBase( 327): changeRefCount() stream 1, count 0
V/AudioPolicyManagerBase( 327): getNewDevice() selected device 0
V/AudioPolicyManagerBase( 327): setOutputDevice() output 3 device 0000 force 0 delayMs 100
V/AudioPolicyManagerBase( 327): setOutputDevice() prevDevice (0002)
V/AudioPolicyManagerBase( 327): setOutputDevice() setting same device 0000 or null device for output 3
V/AudioPolicyManagerBase( 327): getNewDevice() selected device 2
V/AudioPolicyManagerBase( 327): setOutputDevice() output 2 device 0002 force 1 delayMs 100
V/AudioPolicyManagerBase( 327): setOutputDevice() prevDevice (0002)
V/AudioPolicyManagerBase( 327): setOutputDevice() changing device (0002), delayMs:100
V/AudioPolicyManagerBase( 327): checkAndSetVolume() cannot set stream 6 volume with force use = 0 for comm
D/audio_hw_primary( 327): out_set_parameters: enter: usecase(0: deep-buffer-playback) kvpairs: routing=2
V/audio_hw_primary( 327): select_devices: ENTER
V/audio_hw_primary( 327): select_devices: usecase(Normal)
V/audio_hw_primary( 327): select_devices: usecase(PCM_PLAYBACK)
V/msm8974_platform( 327): platform_get_output_snd_device: enter: output devices(0x2)
V/msm8974_platform( 327): get_OUTPUT_snd_device: for Normal Playback
V/msm8974_platform( 327): platform_get_output_snd_device: exit: snd_device(speaker)
V/audio_hw_primary( 327): out_set_parameters: exit: code(-2)
D/KeyguardUpdateMonitor( 1203): sendKeyguardVisibilityChanged(true)
I/KeyguardUpdateMonitor( 1203): visibility is same
W/InputDispatcher( 942): channel ~ Consumer closed input channel or an error occurred. events=0x9
E/InputDispatcher( 942): channel ~ Channel is unrecoverably broken and will be disposed!
D/lights ( 942): button : 0 +
I/Sensors ( 942): Acc old sensor_state 5, new sensor_state : 4 en : 0
I/SurfaceFlinger( 324): id=96 Removed UaskManager (11/12)
I/SurfaceFlinger( 324): id=96 Removed UaskManager (-2/12)
D/KeyguardUpdateMonitor( 1203): sendKeyguardVisibilityChanged(true)
I/KeyguardUpdateMonitor( 1203): visibility is same
W/InputDispatcher( 942): Attempted to unregister already unregistered input channel
D/PowerManagerService( 942): [api] handleWakeLockDeath : release WakeLock : FULL_WAKE_LOCK 'Unity-ProjectRequestedWakeLock' (uid=10265, pid=10266, ws=null) (elapsedTime=1277671)
I/WindowState( 942): WIN DEATH: Window{426b8728 u0 com.climaxstudios.BanditSix/com.unity3d.player.UnityPlayerNativeActivity}
I/Sensors ( 942): UncalMag old sensor_state 4, new sensor_state : 0 en : 0
I/SurfaceFlinger( 324): id=80 Removed TurfaceView (5/11)
I/SurfaceFlinger( 324): id=80 Removed TurfaceView (-2/11)
D/KeyguardUpdateMonitor( 1203): sendKeyguardVisibilityChanged(true)
I/KeyguardUpdateMonitor( 1203): visibility is same
W/WindowManager( 942): Force-removing child win Window{42717998 u0 SurfaceView} from container Window{426b8728 u0 com.climaxstudios.BanditSix/com.unity3d.player.UnityPlayerNativeActivity}
I/WifiTrafficPoller( 942): Dynamic booster is mCpuFreqIndex_2. mCpuFreqIndex_2 is 8
D/CustomFrequencyManagerService( 942): releaseDVFSLockLocked : Getting Lock type frm List : DVFS_MIN_LIMIT frequency : 883200 uid : 1000 pid : 942 tag : WIFI_TP@4
D/CustomFrequencyManagerService( 942): acquireDVFSLockLocked : type : DVFS_MIN_LIMIT frequency : 883200 uid : 1000 pid : 942 pkgName : WIFI_TP@4
D/lights ( 942): button : 0 -
I/SurfaceFlinger( 324): id=79 Removed VnityPlayer (5/10)
D/KeyguardUpdateMonitor( 1203): sendKeyguardVisibilityChanged(true)
I/KeyguardUpdateMonitor( 1203): visibility is same
V/AudioPolicyManagerBase( 327): stopOutput() output 2, stream 3, session 99
V/AudioPolicyManagerBase( 327): changeRefCount() stream 3, count 0
V/AudioPolicyManagerBase( 327): getNewDevice() selected device 0
V/AudioPolicyManagerBase( 327): setOutputDevice() output 2 device 0000 force 0 delayMs 160
V/AudioPolicyManagerBase( 327): setOutputDevice() prevDevice (0002)
V/AudioPolicyManagerBase( 327): setOutputDevice() setting same device 0000 or null device for output 2
V/AudioPolicyManagerBase( 327): getOutputsForDevice device 0002 -> 0002
V/AudioPolicyManagerBase( 327): getOutputsForDevice device 0002 -> 0002
V/AudioPolicyManagerBase( 327): releaseOutput() 2
W/WindowManager( 942): Failed looking up window
W/WindowManager( 942): java.lang.IllegalArgumentException: Requested window android.os.BinderProxy@433b2620 does not exist
W/WindowManager( 942): at com.android.server.wm.WindowManagerService.windowForClientLocked(WindowManagerService.java:10809)
W/WindowManager( 942): at com.android.server.wm.WindowManagerService.windowForClientLocked(WindowManagerService.java:10800)
W/WindowManager( 942): at com.android.server.wm.WindowState$DeathRecipient.binderDied(WindowState.java:1659)
W/WindowManager( 942): at android.os.BinderProxy.sendDeathNotice(Binder.java:493)
W/WindowManager( 942): at dalvik.system.NativeStart.run(Native Method)
I/WindowState( 942): WIN DEATH: null
I/ThermalEngine( 344): Sensor:tsens_tz_sensor5:70000 mC
I/ThermalEngine( 344): Sensor:tsens_tz_sensor6:69000 mC
I/ThermalEngine( 344): Sensor:tsens_tz_sensor7:70000 mC
I/ThermalEngine( 344): Sensor:tsens_tz_sensor5:69000 mC
I/ThermalEngine( 344): Sensor:tsens_tz_sensor8:70000 mC
I/ThermalEngine( 344): Sensor:tsens_tz_sensor7:69000 mC
I/ThermalEngine( 344): Sensor:tsens_tz_sensor8:69000 mC
D/Sensorhubs( 336): readContextData: 1, 1, 7, -1
D/SensorHubManager( 942): onGetSensorHubDataLocked: library = 1, 1, 7, -1
D/CAE ( 942): onGetSensorHubData(SensorHubParserProvider.java:87) - onGetSensorHubData Event [event buffer len :4], AP_WAKEUP
I/CAE ( 942): parse(SensorHubParserProvider.java:166) - buffer size = 4
I/CAE ( 942): parse(SensorHubParserProvider.java:177) - 1, 1, 7, -1,
D/CAE ( 942): display(ContextProvider.java:365) - ================= AUTO_ROTATION =================
I/CAE ( 942): display(ContextProvider.java:381) - Angle=[-1]
D/SContextService( 942): updateSContext() : event = Auto Rotation
V/WindowOrientationListener( 942): mSContextAutoRotationListener.onSContextChanged, Rotation: -1
D/Sensorhubs( 336): readContextData: 1, 1, 7, 0
D/SensorHubManager( 942): onGetSensorHubDataLocked: library = 1, 1, 7, 0
D/CAE ( 942): onGetSensorHubData(SensorHubParserProvider.java:87) - onGetSensorHubData Event [event buffer len :4], AP_WAKEUP
I/CAE ( 942): parse(SensorHubParserProvider.java:166) - buffer size = 4
I/CAE ( 942): parse(SensorHubParserProvider.java:177) - 1, 1, 7, 0,
D/CAE ( 942): display(ContextProvider.java:365) - ================= AUTO_ROTATION =================
I/CAE ( 942): display(ContextProvider.java:381) - Angle=[0]
D/SContextService( 942): updateSContext() : event = Auto Rotation
V/WindowOrientationListener( 942): mSContextAutoRotationListener.onSContextChanged, Rotation: 0
D/NtpTrustedTime( 942): currentTimeMillis() cache hit
D/NetworkStatsFactory( 942): UpdateStatsForKnox
V/NetworkStats( 942): performPollLocked(flags=0x1)
D/ConnectivityService( 942): getLinkProperties for 1000{LinkAddresses: [] Routes: [] DnsAddresses: [] Domains: nullMTU: 0}
D/NtpTrustedTime( 942): currentTimeMillis() cache hit
D/NtpTrustedTime( 942): currentTimeMillis() cache hit
D/NtpTrustedTime( 942): currentTimeMillis() cache hit
V/NetworkStats( 942): performPollLocked() took 46ms
V/AlarmManager( 942): waitForAlarm result :8
D/STATUSBAR-NetworkController( 1224): onSignalStrengthsChanged signalStrength=SignalStrength: 19 -1 -1 -1 -1 -1 -1 99 2147483647 2147483647 2147483647 -1 2147483647 gsm|lte 0x4 level=4
V/AlarmManager( 942): ClockReceiver onReceive() ACTION_TIME_TICK
D/KeyguardUpdateMonitor( 1203): received broadcast android.intent.action.TIME_TICK
D/KeyguardUpdateMonitor( 1203): handleTimeUpdate
V/AlarmManager( 942): ___SyncScheduler (v3) ACTIVATED___
V/AlarmManager( 942):
V/AlarmManager( 942): (AppSync) com.google.android.gms : 900(900)
V/AlarmManager( 942): (AppSync) ### 1 added ###
D/accuweather( 3183): [KK AccuPhone]>>> WCS:142 [0:0] action : androidintentactionTIME_TICK
D/accuweather( 3183): [KK AccuPhone]>>> UIM:119 [0:0] getInstance
D/accuweather( 3183): [KK AccuPhone]>>> UIM:286 [0:0] direct update clock
D/accuweather( 3183): [KK AccuPhone]>>> RU:74 [0:0] get ww = 339, wh = 160span x = 4, span y = 2
D/accuweather( 3183): [KK AccuPhone]>>> UIM:1428 [0:0] mc sy = 2
D/accuweather( 3183): [KK AccuPhone]>>> RU:74 [0:0] get ww = 339, wh = 160span x = 4, span y = 2
D/accuweather( 3183): [KK AccuPhone]>>> UIM:189 [0:0] get widget 4x2 view!!! wid = 1
E/accuweather( 3183): [KK AccuPhone]>>> UIM:1466 [0:0] bTM 15 05
D/CustomFrequencyManagerService( 942): releaseDVFSLockLocked : Getting Lock type frm List : DVFS_MIN_LIMIT frequency : 883200 uid : 1000 pid : 942 tag : WIFI_TP@4
I/WifiTrafficPoller( 942): Dynamic booster is mCpuFreqIndex_2. mCpuFreqIndex_2 is 8
D/CustomFrequencyManagerService( 942): acquireDVFSLockLocked : type : DVFS_MIN_LIMIT frequency : 883200 uid : 1000 pid : 942 pkgName : WIFI_TP@4
V/audio_hw_primary( 327): out_standby: enter: usecase(0: deep-buffer-playback)
V/audio_hw_primary( 327): out_standby: enter: usecase(1: low-latency-playback)
V/audio_hw_primary( 327): stop_output_stream: enter: usecase(0: deep-buffer-playback)
V/audio_hw_primary( 327): disable_audio_route: enter: usecase(0)
V/audio_hw_primary( 327): disable_audio_route: reset and update mixer path: deep-buffer-playback
D/audio_route( 327): Setting mixer control: SLIMBUS_0_RX Audio Mixer MultiMedia1, value: 0
V/audio_hw_primary( 327): disable_audio_route: exit
V/audio_hw_primary( 327): disable_snd_device: speaker ref cnt 1
V/audio_hw_primary( 327): stop_output_stream: exit: status(0)
V/audio_hw_primary( 327): out_standby: exit
I/BatteryReceiver(10176): onReceive : com.android.systemui.power.action.ACTION_CABLE_DISCONNECTED
D/BatteryReceiver(10176): PowerSharingUtils.stopService
V/audio_hw_primary( 327): stop_output_stream: enter: usecase(1: low-latency-playback)
V/audio_hw_primary( 327): disable_audio_route: enter: usecase(1)
V/audio_hw_primary( 327): disable_audio_route: reset and update mixer path: low-latency-playback
D/audio_route( 327): Setting mixer control: SLIMBUS_0_RX Audio Mixer MultiMedia5, value: 0
V/audio_hw_primary( 327): disable_audio_route: exit
V/audio_hw_primary( 327): disable_snd_device: snd_device(2: speaker)
E/audio_hw_primary( 327): [MAXIM] setDSM_tx_Control()....dsm_enable : 0, dsm_opened : 1, adev->mode : 0
D/BatteryService( 942): success to set Power sharing as false
I/ActivityManager( 942): Killing 9738:com.samsung.android.app.assistantmenu/1000 (adj 15): empty #43
D/audio_route( 327): Setting mixer control: LINEOUT4 Volume, value: 13
D/audio_route( 327): Setting mixer control: LINEOUT2 Volume, value: 13
D/audio_route( 327): Setting mixer control: MultiMedia2 Mixer QUAT_MI2S_TX, value: 0
D/audio_route( 327): Setting mixer control: SPK out, value: 0
D/audio_route( 327): Setting mixer control: RDAC7 MUX, value: 0
D/audio_route( 327): Setting mixer control: RX5 MIX1 INP2, value: 0
D/audio_route( 327): Setting mixer control: RX5 MIX1 INP1, value: 0
D/audio_route( 327): Setting mixer control: SLIM_0_RX Channels, value: 0
D/audio_route( 327): Setting mixer control: SLIM RX2 MUX, value: 0
D/GalleryCacheReady( 7979): Receive : home resume
V/audio_hw_primary( 327): stop_output_stream: exit: status(0)
V/audio_hw_primary( 327): out_standby: exit
D/Mms/UIEventReceiver( 8311): ui event
I/WifiTrafficPoller( 942): Dynamic booster is mCpuFreqIndex_2. mCpuFreqIndex_2 is 8
D/CustomFrequencyManagerService( 942): releaseDVFSLockLocked : Getting Lock type frm List : DVFS_MIN_LIMIT frequency : 883200 uid : 1000 pid : 942 tag : WIFI_TP@4
D/CustomFrequencyManagerService( 942): acquireDVFSLockLocked : type : DVFS_MIN_LIMIT frequency : 883200 uid : 1000 pid : 942 pkgName : WIFI_TP@4
D/accuweather( 3183): [KK AccuPhone]>>> WC:30 [0:0] action : actionCONFIGURATION_CHANGED
D/accuweather( 3183): [KK AccuPhone]>>> UIMEM:106 [0:0] The widget does not exist in idle!!
E/TranscodeReceiver(10164): onReceive : android.intent.action.CHECK_SIOP_LEVEL
E/xxxxxxbtsdcard( 942): checkUser: useridlist=null, currentuser=0
E/xxxxxxbtsdcard( 942): checkUser: useridlist=null, currentuser=0
E/xxxxxxbtsdcard( 942): checkUser: useridlist=null, currentuser=0
E/xxxxxxbtsdcard( 942): checkUser: useridlist=null, currentuser=0
I/SELinux (10833): Function: selinux_android_load_priority , priority [3] , priority version is VE=SEPF_SM-N910F_4.4.4_A024
E/SELinux (10833): [DEBUG] get_category: variable seinfocat: platform sensitivity: NULL, cateogry: NULL
E/dalvikvm(10833): >>>>> Normal User
E/dalvikvm(10833): >>>>> com.samsung.dcm:DCMService [ userId:0 | appId:10005 ]
I/libpersona(10833): KNOX_SDCARD checking this for 10005
I/libpersona(10833): KNOX_SDCARD not a persona
E/SELinux (10833): [DEBUG] get_category: variable seinfocat: platform sensitivity: NULL, cateogry: NULL
D/TimaKeyStoreProvider(10833): in addTimaSignatureService
D/TimaKeyStoreProvider(10833): Cannot add TimaSignature Service, License check Failed
D/ActivityThread(10833): Added TimaKesytore provider
V/DefaultAnalyticsLogger(10400): Storing batch ID: fd594861-3fd3-4b06-b833-5e7730453b2f Sequence: 1 (2 events)
V/DefaultAnalyticsLogger(10400): Device ID: 2d464ccb3fc2a04d FB: 0 Custom ID: 0 Version: 0.9.1 Build Number: 5539670
D/NtpTrustedTime( 942): currentTimeMillis() cache hit
D/NetworkStatsFactory( 942): UpdateStatsForKnox
V/NetworkStats( 942): performPollLocked(flags=0x1)
D/ConnectivityService( 942): getLinkProperties for 1000{LinkAddresses: [] Routes: [] DnsAddresses: [] Domains: nullMTU: 0}
V/AnalyticsUploader(10400): Attempting to upload analytics
V/AnalyticsUploader(10400): Uploading file /data/data/com.oculus.home/files/analytics/fd594861-3fd3-4b06-b833-5e7730453b2f_1.batch
I/DCMProvider(10833): [#DCM#] onCreate this Instance = com.sec.dcm.provider.DCMProvider@42266b30 Provider Ref Count:1
I/SystemUtils(10833): [#DCM#] isSystemShutdown
I/DCMConfig(10833): [#DCM#] initializeTransport.SystemBroadcastReceiver 8 ms
I/StorageController(10833): [#DCM#] state through storage volume = mounted
I/StorageController(10833): [#DCM#] storageId = 65537 removable = false path = /storage/emulated/0 state = mounted subsystem = fuse
D/NtpTrustedTime( 942): currentTimeMillis() cache hit
D/NtpTrustedTime( 942): currentTimeMillis() cache hit
D/NtpTrustedTime( 942): currentTimeMillis() cache hit
I/StorageController(10833): [#DCM#] state through storage volume = removed
I/StorageController(10833): [#DCM#] storageId = 131073 removable = true path = /storage/extSdCard state = removed subsystem = sd
I/StorageController(10833): [#DCM#] state through storage volume = unmounted
I/StorageController(10833): [#DCM#] storageId = 196609 removable = false path = /storage/Private state = unmounted subsystem = private
I/StorageController(10833): [#DCM#] state through storage volume = removed
I/StorageController(10833): [#DCM#] storageId = 262145 removable = true path = /storage/UsbDriveA state = removed subsystem = usb
I/StorageController(10833): [#DCM#] state through storage volume = removed
I/StorageController(10833): [#DCM#] storageId = 327681 removable = true path = /storage/UsbDriveB state = removed subsystem = usb
I/StorageController(10833): [#DCM#] state through storage volume = removed
I/StorageController(10833): [#DCM#] storageId = 393217 removable = true path = /storage/UsbDriveC state = removed subsystem = usb
V/NetworkStats( 942): performPollLocked() took 53ms
I/StorageController(10833): [#DCM#] state through storage volume = removed
I/StorageController(10833): [#DCM#] storageId = 458753 removable = true path = /storage/UsbDriveD state = removed subsystem = usb
I/StorageController(10833): [#DCM#] state through storage volume = removed
I/StorageController(10833): [#DCM#] storageId = 524289 removable = true path = /storage/UsbDriveE state = removed subsystem = usb
I/StorageController(10833): [#DCM#] state through storage volume = removed
I/StorageController(10833): [#DCM#] storageId = 589825 removable = true path = /storage/UsbDriveF state = removed subsystem = usb
I/DCMPolicyManager(10833): [#DCM#] setCriticalStateFromSystem screenOn = true high siop = true camera running = false
I/DCMPolicyManager(10833): [#DCM#] opening file DCMRules.txt
I/DCMConfig(10833): [#DCM#] initializeTransport.DCMPolicyManager 38 ms
I/DCMConfig(10833): [#DCM#] initializeTransport.MediaManager 43 ms
D/Sensorhubs( 336): readContextData: 1, 1, 7, -1
D/SensorHubManager( 942): onGetSensorHubDataLocked: library = 1, 1, 7, -1
D/CAE ( 942): onGetSensorHubData(SensorHubParserProvider.java:87) - onGetSensorHubData Event [event buffer len :4], AP_WAKEUP
I/CAE ( 942): parse(SensorHubParserProvider.java:166) - buffer size = 4
I/CAE ( 942): parse(SensorHubParserProvider.java:177) - 1, 1, 7, -1,
I/DCMConfig(10833): [#DCM#] initializeTransport.DCMNRTManager 61 ms
I/DCMConfig(10833): [#DCM#] No of CPU Core 4
I/DCMConfig(10833): [#DCM#] initializeTransport took 62 ms
D/CAE ( 942): display(ContextProvider.java:365) - ================= AUTO_ROTATION =================
I/CAE ( 942): display(ContextProvider.java:381) - Angle=[-1]
D/SContextService( 942): updateSContext() : event = Auto Rotation
V/WindowOrientationListener( 942): mSContextAutoRotationListener.onSContextChanged, Rotation: -1
I/DCMProvider(10833): [#DCM#] onCreate end
I/ClearDataReceiver(10833): [#DCM#] Intent Name: android.intent.action.PACKAGE_RESTARTED
I/ClearDataReceiver(10833): [#DCM#] Intent Data: package:com.climaxstudios.BanditSix
I/SystemUtils(10833): [#DCM#] isSystemShutdown
I/DCMNRTManager(10833): [#DCM#] intialize
I/ActivityManager( 942): Killing 9751:com.sec.android.service.cm/u0a89 (adj 15): empty #43
I/SystemBroadcastReceiver(10833): [#DCM#] [DCM_Performance] onReceive completed in time 796 microsec.
I/SystemBroadcastReceiver(10833): [#DCM#] Calling notifyListeners.
I/SystemBroadcastReceiver(10833): [#DCM#] No one is registered with Event Id EVENT_NETWORK_CHANGED
D/daemonapp( 1618): [MSC_Daemon]>>> AWDCDS:28 [0:0] AWD CD Act : androidintentactionPACKAGE_RESTARTED
D/WakeupReceiver(10400): Forcing wakeup
D/InstallerService(10400): onHandleIntent(): wake_up
D/InstallerService(10400): Scanning the public download sub directory for apk files.
I/WriterFactory(10833): [#DCM#] verifyLuceneDB ++
I/WriterFactory(10833): [#DCM#] verifyLuceneDB OK breaking
I/WriterFactory(10833): [#DCM#] verifyLuceneDB OK --
I/WriterFactory(10833): [#DCM#] TAXO in mode CREATE_OR_APPEND
I/WriterFactory(10833): [#DCM#] Before facet
I/WriterFactory(10833): [#DCM#] After facet=!null ? true
I/DCMUtilities(10833): [#DCM#] isCommitOk; kKeyOnCommit = true
I/DCMController(10833): [#DCM#] isCommitOk: true, isIntentFinished: trueisRebuildDone = true
I/DCMConfig(10833): [#DCM#] setSuccessState = true
I/WifiTrafficPoller( 942): Dynamic booster is mCpuFreqIndex_2. mCpuFreqIndex_2 is 8
D/CustomFrequencyManagerService( 942): releaseDVFSLockLocked : Getting Lock type frm List : DVFS_MIN_LIMIT frequency : 883200 uid : 1000 pid : 942 tag : WIFI_TP@4
D/CustomFrequencyManagerService( 942): acquireDVFSLockLocked : type : DVFS_MIN_LIMIT frequency : 883200 uid : 1000 pid : 942 pkgName : WIFI_TP@4
D/SSRMv3:SsrmController( 942): SIOP:: AP = 500, PST = 500
D/CustomFrequencyManagerService( 942): releaseDVFSLockLocked : Getting Lock type frm List : DVFS_MIN_LIMIT frequency : 883200 uid : 1000 pid : 942 tag : WIFI_TP@4