W/TimeWarp(10266): Frame 50896 Eye 0 latency 0.008
W/TimeWarp(10266): Frame 50898 Eye 0 latency 0.008
W/TimeWarp(10266): Frame 50900 Eye 0 latency 0.008
W/TimeWarp(10266): Frame 50904 Eye 0 latency 0.008
W/TimeWarp(10266): Frame 50908 Eye 0 latency 0.008
W/TimeWarp(10266): Frame 50910 Eye 0 latency 0.008
W/TimeWarp(10266): Frame 50912 Eye 0 latency 0.009
W/TimeWarp(10266): Frame 50914 Eye 0 latency 0.008
W/TimeWarp(10266): Frame 50917 Eye 0 latency 0.008
W/TimeWarp(10266): Frame 50917 Eye 1 latency 0.008
W/TimeWarp(10266): Frame 50920 Eye 0 latency 0.008
W/TimeWarp(10266): Frame 50924 Eye 0 latency 0.008
W/TimeWarp(10266): Frame 50926 Eye 0 latency 0.008
I/OVR (10266): DeviceManagerThread - event 69 (499Hz) (Tid=10318)
W/TimeWarp(10266): Frame 50932 Eye 0 latency 0.008
W/TimeWarp(10266): Frame 50936 Eye 0 latency 0.008
W/TimeWarp(10266): Frame 50942 Eye 0 latency 0.008
W/TimeWarp(10266): Warp GPU time: 0.0 ms
W/TimeWarp(10266): Frame 50946 Eye 0 latency 0.008
W/VrApi (10266): CPU0 Clock 1190 MHz, GPU Clock 300000 MHz, Power Level State 0, normal
W/UnityPlugin(10266): FPS: 30 GPU time: 0.0 ms
W/TimeWarp(10266): Frame 50950 Eye 0 latency 0.008
W/TimeWarp(10266): Frame 50952 Eye 0 latency 0.008
W/TimeWarp(10266): Frame 50968 Eye 0 latency 0.008
W/TimeWarp(10266): Frame 50970 Eye 0 latency 0.008
W/TimeWarp(10266): Frame 50978 Eye 0 latency 0.008
W/TimeWarp(10266): Frame 50986 Eye 0 latency 0.011
I/OVR (10266): DeviceManagerThread - event 69 (499Hz) (Tid=10318)
W/TimeWarp(10266): Frame 50992 Eye 0 latency 0.008
W/TimeWarp(10266): Frame 50994 Eye 0 latency 0.009
W/TimeWarp(10266): Frame 50995 Eye 1 latency 0.008
W/TimeWarp(10266): Frame 51001 Eye 0 latency 0.008
D/BatteryService( 942): level:84, scale:100, status:3, health:2, present:true, voltage: 4043, temperature: 355, technology: Li-ion, AC powered:false, USB powered:false, Wireless powered:false, icon:17303771, invalid charger:0, online:13, current avg:-891, charge type:0, power sharing:false, high voltage charger:false, capacity:322000
D/KeyguardUpdateMonitor( 1203): received broadcast android.intent.action.BATTERY_CHANGED
D/KeyguardUpdateMonitor( 1203): handleBatteryUpdate
D/BatteryService( 942): Sending ACTION_BATTERY_CHANGED.
D/UiModeManager( 942): mCoverManager.getCoverState() : true
V/HeadsetService( 2464): HeadsetService - Received Intent.ACTION_BATTERY_CHANGED
D/HeadsetStateMachine( 2464): Disconnected process message: 10
D/STATUSBAR-PhoneStatusBar( 1224): mBrightnessEnablebySettings = true mBrightnessEnablebyBattery = true mBrightnessEnablebyDisableFlag = true mPmsBrightnessEnablebySettings = true
D/BatteryMeterView( 1224): ACTION_BATTERY_CHANGED : level:84 status:3 health:2
D/VRSVC ( 9239): at (HmtService.java:528) onReceive() [intent action=android.intent.action.BATTERY_CHANGED]
V/VRSVC ( 9239): at (HmtService.java:639) wtkw() [handleIntentBattery batteryLevel=84]
D/VrLib (10266): OnReceive BATTERY_ACTION_CHANGED
W/VrApi (10266): nativeBatteryEvent(3, 84, 355)
W/TimeWarp(10266): Frame 51004 Eye 0 latency 0.009
W/TimeWarp(10266): Warp GPU time: 0.0 ms
W/VrApi (10266): CPU0 Clock 1190 MHz, GPU Clock 300000 MHz, Power Level State 0, normal
W/UnityPlugin(10266): FPS: 30 GPU time: 0.0 ms
W/TimeWarp(10266): Frame 51014 Eye 0 latency 0.008
W/TimeWarp(10266): Frame 51021 Eye 0 latency 0.009
W/TimeWarp(10266): Frame 51026 Eye 0 latency 0.008
W/TimeWarp(10266): Frame 51030 Eye 0 latency 0.008
W/TimeWarp(10266): Frame 51032 Eye 0 latency 0.008
W/TimeWarp(10266): Frame 51038 Eye 0 latency 0.008
W/TimeWarp(10266): Frame 51040 Eye 0 latency 0.008
W/TimeWarp(10266): Frame 51046 Eye 0 latency 0.008
W/TimeWarp(10266): Frame 51050 Eye 0 latency 0.009
I/OVR (10266): DeviceManagerThread - event 69 (499Hz) (Tid=10318)
D/OVR ( 9239): Debug: SensorFusion::handleMessage - RotationRate zero
W/TimeWarp(10266): Frame 51056 Eye 0 latency 0.009
W/TimeWarp(10266): Frame 51058 Eye 0 latency 0.009
W/VrApi (10266): CPU0 Clock 1190 MHz, GPU Clock 300000 MHz, Power Level State 0, normal
W/UnityPlugin(10266): FPS: 29 GPU time: 0.0 ms
W/TimeWarp(10266): Frame 51065 Eye 0 latency 0.009
W/TimeWarp(10266): Warp GPU time: 0.0 ms
W/TimeWarp(10266): Frame 51070 Eye 0 latency 0.008
W/TimeWarp(10266): Frame 51084 Eye 0 latency 0.008
D/OVR ( 9239): Debug: SensorFusion::handleMessage - RotationRate zero
D/VrLib (10266): OvrPhoneStateListener.onSignalStrengthsChanged4
W/VrApi (10266): nativeCellularSignalEvent( 4 )
D/STATUSBAR-NetworkController( 1224): onSignalStrengthsChanged signalStrength=SignalStrength: 18 -1 -1 -1 -1 -1 -1 99 2147483647 2147483647 2147483647 -1 2147483647 gsm|lte 0x4 level=4
W/TimeWarp(10266): Frame 51090 Eye 0 latency 0.008
W/TimeWarp(10266): Frame 51092 Eye 0 latency 0.009
W/TimeWarp(10266): Frame 51094 Eye 0 latency 0.008
W/TimeWarp(10266): Frame 51096 Eye 0 latency 0.008
W/TimeWarp(10266): Frame 51102 Eye 0 latency 0.008
W/TimeWarp(10266): Frame 51104 Eye 0 latency 0.008
W/TimeWarp(10266): Frame 51106 Eye 0 latency 0.008
W/TimeWarp(10266): Frame 51110 Eye 0 latency 0.008
I/OVR (10266): DeviceManagerThread - event 69 (499Hz) (Tid=10318)
W/TimeWarp(10266): Frame 51114 Eye 0 latency 0.008
W/TimeWarp(10266): Frame 51116 Eye 0 latency 0.008
W/TimeWarp(10266): Frame 51119 Eye 1 latency 0.008
W/TimeWarp(10266): Frame 51122 Eye 0 latency 0.008
W/TimeWarp(10266): Warp GPU time: 0.0 ms
W/VrApi (10266): CPU0 Clock 1190 MHz, GPU Clock 300000 MHz, Power Level State 0, normal
W/UnityPlugin(10266): FPS: 30 GPU time: 0.0 ms
W/TimeWarp(10266): Frame 51126 Eye 1 latency 0.008
W/TimeWarp(10266): Frame 51128 Eye 0 latency 0.008
W/TimeWarp(10266): Frame 51134 Eye 0 latency 0.008
W/TimeWarp(10266): Frame 51136 Eye 0 latency 0.008
W/TimeWarp(10266): Frame 51138 Eye 0 latency 0.008
W/TimeWarp(10266): Frame 51140 Eye 0 latency 0.008
W/TimeWarp(10266): Frame 51142 Eye 0 latency 0.009
W/TimeWarp(10266): Frame 51147 Eye 1 latency 0.010
W/TimeWarp(10266): Frame 51149 Eye 0 latency 0.009
W/TimeWarp(10266): Frame 51151 Eye 1 latency 0.010
D/OVR ( 9239): Debug: SensorFusion::handleMessage - RotationRate zero
W/TimeWarp(10266): Frame 51153 Eye 1 latency 0.009
W/TimeWarp(10266): Frame 51156 Eye 0 latency 0.008
W/TimeWarp(10266): Frame 51158 Eye 0 latency 0.008
W/TimeWarp(10266): Frame 51160 Eye 0 latency 0.009
W/TimeWarp(10266): Frame 51164 Eye 0 latency 0.009
W/TimeWarp(10266): Frame 51166 Eye 0 latency 0.008
W/TimeWarp(10266): Frame 51168 Eye 0 latency 0.008
W/TimeWarp(10266): Frame 51170 Eye 0 latency 0.008
I/OVR (10266): DeviceManagerThread - event 69 (498Hz) (Tid=10318)
W/TimeWarp(10266): Frame 51172 Eye 0 latency 0.009
W/TimeWarp(10266): Frame 51174 Eye 0 latency 0.009
W/TimeWarp(10266): Frame 51178 Eye 0 latency 0.008
W/TimeWarp(10266): Frame 51182 Eye 0 latency 0.008
W/TimeWarp(10266): Frame 51184 Eye 0 latency 0.010
W/TimeWarp(10266): Warp GPU time: 0.0 ms
W/VrApi (10266): CPU0 Clock 1190 MHz, GPU Clock 300000 MHz, Power Level State 0, normal
W/UnityPlugin(10266): FPS: 29 GPU time: 0.0 ms
W/TimeWarp(10266): Frame 51187 Eye 1 latency 0.009
W/TimeWarp(10266): Frame 51190 Eye 0 latency 0.009
W/TimeWarp(10266): Frame 51192 Eye 0 latency 0.008
W/TimeWarp(10266): Frame 51193 Eye 1 latency 0.009
W/TimeWarp(10266): Frame 51196 Eye 0 latency 0.008
W/TimeWarp(10266): Frame 51198 Eye 0 latency 0.009
W/TimeWarp(10266): Frame 51200 Eye 0 latency 0.008
W/TimeWarp(10266): Frame 51201 Eye 0 latency 0.009
W/TimeWarp(10266): Frame 51202 Eye 0 latency 0.008
W/TimeWarp(10266): Frame 51204 Eye 0 latency 0.008
W/TimeWarp(10266): Frame 51208 Eye 0 latency 0.009
W/TimeWarp(10266): Frame 51209 Eye 0 latency 0.009
W/TimeWarp(10266): Frame 51209 Eye 1 latency 0.008
W/TimeWarp(10266): Frame 51211 Eye 0 latency 0.008
W/TimeWarp(10266): Frame 51211 Eye 1 latency 0.008
W/TimeWarp(10266): Frame 51214 Eye 0 latency 0.008
W/TimeWarp(10266): Frame 51216 Eye 0 latency 0.008
W/TimeWarp(10266): Frame 51218 Eye 0 latency 0.008
W/TimeWarp(10266): Frame 51220 Eye 0 latency 0.008
W/TimeWarp(10266): Frame 51222 Eye 0 latency 0.009
W/TimeWarp(10266): Frame 51224 Eye 0 latency 0.008
V/AlarmManager( 942): waitForAlarm result :8
V/AlarmManager( 942): ClockReceiver onReceive() ACTION_TIME_TICK
D/KeyguardUpdateMonitor( 1203): received broadcast android.intent.action.TIME_TICK
D/KeyguardUpdateMonitor( 1203): handleTimeUpdate
D/accuweather( 3183): [KK AccuPhone]>>> WCS:142 [0:0] action : androidintentactionTIME_TICK
D/accuweather( 3183): [KK AccuPhone]>>> UIM:119 [0:0] getInstance
D/accuweather( 3183): [KK AccuPhone]>>> UIM:286 [0:0] direct update clock
D/accuweather( 3183): [KK AccuPhone]>>> RU:74 [0:0] get ww = 339, wh = 160span x = 4, span y = 2
D/accuweather( 3183): [KK AccuPhone]>>> UIM:1428 [0:0] mc sy = 2
D/accuweather( 3183): [KK AccuPhone]>>> RU:74 [0:0] get ww = 339, wh = 160span x = 4, span y = 2
D/accuweather( 3183): [KK AccuPhone]>>> UIM:189 [0:0] get widget 4x2 view!!! wid = 1
W/TimeWarp(10266): Frame 51230 Eye 0 latency 0.008
E/accuweather( 3183): [KK AccuPhone]>>> UIM:1466 [0:0] bTM 14 58
I/OVR (10266): DeviceManagerThread - event 69 (499Hz) (Tid=10318)
D/OVR ( 9239): Debug: SensorFusion::handleMessage - RotationRate zero
W/TimeWarp(10266): Frame 51236 Eye 0 latency 0.008
W/TimeWarp(10266): Warp GPU time: 0.0 ms
W/VrApi (10266): CPU0 Clock 1190 MHz, GPU Clock 300000 MHz, Power Level State 0, normal
W/UnityPlugin(10266): FPS: 30 GPU time: 0.0 ms
W/TimeWarp(10266): Frame 51250 Eye 0 latency 0.008
D/OVR ( 9239): Debug: SensorFusion::handleMessage - RotationRate zero
W/TimeWarp(10266): Frame 51252 Eye 0 latency 0.009
W/TimeWarp(10266): Frame 51254 Eye 0 latency 0.009
W/TimeWarp(10266): Frame 51256 Eye 0 latency 0.009
W/TimeWarp(10266): Frame 51258 Eye 0 latency 0.008
W/TimeWarp(10266): Frame 51262 Eye 0 latency 0.008
W/TimeWarp(10266): Frame 51264 Eye 0 latency 0.009
W/TimeWarp(10266): Frame 51267 Eye 1 latency 0.009
W/TimeWarp(10266): Frame 51274 Eye 0 latency 0.008
W/TimeWarp(10266): Frame 51276 Eye 0 latency 0.009
W/TimeWarp(10266): Frame 51282 Eye 0 latency 0.009
W/TimeWarp(10266): Frame 51284 Eye 0 latency 0.009
W/TimeWarp(10266): Frame 51286 Eye 0 latency 0.008
W/TimeWarp(10266): Frame 51288 Eye 0 latency 0.008
W/TimeWarp(10266): Frame 51290 Eye 0 latency 0.009
I/OVR (10266): DeviceManagerThread - event 69 (498Hz) (Tid=10318)
W/TimeWarp(10266): Frame 51292 Eye 0 latency 0.008
W/TimeWarp(10266): Frame 51294 Eye 0 latency 0.008
W/TimeWarp(10266): Frame 51296 Eye 0 latency 0.008
W/TimeWarp(10266): Frame 51298 Eye 0 latency 0.009
W/TimeWarp(10266): Frame 51300 Eye 0 latency 0.008
W/TimeWarp(10266): Frame 51302 Eye 0 latency 0.008
W/TimeWarp(10266): Warp GPU time: 0.0 ms
W/VrApi (10266): CPU0 Clock 1190 MHz, GPU Clock 300000 MHz, Power Level State 0, normal
W/UnityPlugin(10266): FPS: 30 GPU time: 0.0 ms
W/TimeWarp(10266): Frame 51308 Eye 0 latency 0.009
W/TimeWarp(10266): Frame 51310 Eye 0 latency 0.008
W/TimeWarp(10266): Frame 51312 Eye 0 latency 0.008
W/TimeWarp(10266): Frame 51318 Eye 0 latency 0.008
W/TimeWarp(10266): Frame 51320 Eye 0 latency 0.008
W/TimeWarp(10266): Frame 51324 Eye 0 latency 0.008
W/TimeWarp(10266): Frame 51326 Eye 0 latency 0.009
W/TimeWarp(10266): Frame 51328 Eye 0 latency 0.008
D/SSRMv3:SsrmController( 942): SIOP:: AP = 480, PST = 476
W/TimeWarp(10266): Frame 51332 Eye 0 latency 0.008
D/OVR ( 9239): Debug: SensorFusion::handleMessage - RotationRate zero
W/TimeWarp(10266): Frame 51336 Eye 0 latency 0.008
W/TimeWarp(10266): Frame 51338 Eye 0 latency 0.008
W/TimeWarp(10266): Frame 51342 Eye 0 latency 0.009
D/OVR ( 9239): Debug: SensorFusion::handleMessage - RotationRate zero
I/OVR (10266): DeviceManagerThread - event 69 (499Hz) (Tid=10318)
W/TimeWarp(10266): Frame 51352 Eye 0 latency 0.009
W/TimeWarp(10266): Frame 51354 Eye 0 latency 0.008
W/TimeWarp(10266): Frame 51356 Eye 0 latency 0.008
W/TimeWarp(10266): Frame 51358 Eye 0 latency 0.009
W/TimeWarp(10266): Frame 51360 Eye 0 latency 0.008
W/TimeWarp(10266): Warp GPU time: 0.0 ms
W/VrApi (10266): CPU0 Clock 1190 MHz, GPU Clock 300000 MHz, Power Level State 0, normal
W/UnityPlugin(10266): FPS: 30 GPU time: 0.0 ms
W/TimeWarp(10266): Frame 51365 Eye 1 latency 0.009
D/OVR ( 9239): Debug: SensorFusion::handleMessage - RotationRate zero
W/TimeWarp(10266): Frame 51370 Eye 0 latency 0.008
W/TimeWarp(10266): Frame 51371 Eye 1 latency 0.008
D/OVR ( 9239): Debug: SensorFusion::handleMessage - RotationRate zero
W/TimeWarp(10266): Frame 51374 Eye 0 latency 0.008
W/TimeWarp(10266): Frame 51376 Eye 0 latency 0.009
W/TimeWarp(10266): Frame 51378 Eye 0 latency 0.008
W/TimeWarp(10266): Frame 51390 Eye 0 latency 0.009
W/TimeWarp(10266): Frame 51394 Eye 0 latency 0.008
W/TimeWarp(10266): Frame 51400 Eye 0 latency 0.008
W/TimeWarp(10266): Frame 51402 Eye 0 latency 0.008
W/TimeWarp(10266): Frame 51404 Eye 0 latency 0.008
W/TimeWarp(10266): Frame 51408 Eye 0 latency 0.008
W/TimeWarp(10266): Frame 51410 Eye 0 latency 0.009
I/OVR (10266): DeviceManagerThread - event 69 (499Hz) (Tid=10318)
W/TimeWarp(10266): Frame 51412 Eye 0 latency 0.008
W/TimeWarp(10266): Frame 51414 Eye 0 latency 0.008
W/TimeWarp(10266): Frame 51418 Eye 0 latency 0.008
W/TimeWarp(10266): Frame 51422 Eye 0 latency 0.008
W/TimeWarp(10266): Warp GPU time: 0.0 ms
W/VrApi (10266): CPU0 Clock 1190 MHz, GPU Clock 300000 MHz, Power Level State 0, normal
W/UnityPlugin(10266): FPS: 30 GPU time: 0.0 ms
W/TimeWarp(10266): Frame 51428 Eye 0 latency 0.008
W/TimeWarp(10266): Frame 51430 Eye 0 latency 0.008
W/TimeWarp(10266): Frame 51433 Eye 1 latency 0.008
W/TimeWarp(10266): Frame 51434 Eye 0 latency 0.008
W/TimeWarp(10266): Frame 51436 Eye 0 latency 0.008
W/TimeWarp(10266): Frame 51440 Eye 0 latency 0.009
W/TimeWarp(10266): Frame 51442 Eye 0 latency 0.008
W/TimeWarp(10266): Frame 51444 Eye 0 latency 0.008
W/TimeWarp(10266): Frame 51446 Eye 0 latency 0.008
W/TimeWarp(10266): Frame 51447 Eye 1 latency 0.008
W/TimeWarp(10266): Frame 51448 Eye 0 latency 0.009
W/TimeWarp(10266): Frame 51449 Eye 1 latency 0.008
W/TimeWarp(10266): Frame 51450 Eye 0 latency 0.009
W/TimeWarp(10266): Frame 51452 Eye 0 latency 0.009
W/TimeWarp(10266): Frame 51453 Eye 1 latency 0.009
W/TimeWarp(10266): Frame 51454 Eye 0 latency 0.009
W/TimeWarp(10266): Frame 51455 Eye 1 latency 0.009
W/TimeWarp(10266): Frame 51456 Eye 0 latency 0.009
W/TimeWarp(10266): Frame 51457 Eye 1 latency 0.009
W/TimeWarp(10266): Frame 51458 Eye 0 latency 0.009
W/TimeWarp(10266): Frame 51459 Eye 1 latency 0.008
W/TimeWarp(10266): Frame 51460 Eye 0 latency 0.009
W/TimeWarp(10266): Frame 51461 Eye 1 latency 0.009
W/TimeWarp(10266): Frame 51462 Eye 0 latency 0.009
W/TimeWarp(10266): Frame 51463 Eye 1 latency 0.009
W/TimeWarp(10266): Frame 51464 Eye 0 latency 0.009
W/UnityPlugin(10266): OVR_VrModeParms_SetCpuLevel(): L 1
W/UnityPlugin(10266): OVR_VrModeParms_SetGpuLevel(): L 1
W/UnityPlugin(10266): OVR_TW_SetMinimumVsyncs() 2
W/TimeWarp(10266): Frame 51466 Eye 0 latency 0.009
W/UnityPlugin(10266): OVR_VrModeParms_Reset()
W/UnityPlugin(10266): OVR_VrModeParms_Reset: Soft Reset
W/UnityPlugin(10266): OVR_VrModeParms_Reset: Clock Lock Reset
W/VrApi (10266): SetVrPlatformOptions( -1, -1 )
D/VrLib (10266): Available levels: {GPU MIN, GPU MAX, CPU MIN, CPU MAX}
D/VrLib (10266): -> / 0
D/VrLib (10266): -> / 3
D/VrLib (10266): -> / 0
D/VrLib (10266): -> / 3
D/VrLib (10266): setSystemPerformance cpu: -1 gpu: -1
D/VrLib (10266): Fixed clock level API exists
V/VRSVC (10291): at (VRManagerService.java:460) yTqX() [SIOP : 0]
V/VRSVC (10291): at (VRManagerService.java:461) yTqX() [PLATFORM : apq8084]
V/VRSVC (10291): at (VRManagerService.java:310) wtkw() [Release GPU minLock COMPLETE: com.climaxstudios.BanditSix]
V/VRSVC (10291): at (VRManagerService.java:314) wtkw() [Release GPU maxLock COMPLETE: com.climaxstudios.BanditSix]
V/VRSVC (10291): at (VRManagerService.java:335) yTqX() [Release CPU minLock COMPLETE: com.climaxstudios.BanditSix]
V/VRSVC (10291): at (VRManagerService.java:339) yTqX() [Release CPU maxLock COMPLETE: com.climaxstudios.BanditSix]
V/VRSVC (10291): at (VRManagerService.java:537) yTqX() [SetVrClocks release]
D/VrLib (10266): Releasing frequency lock
W/VrApi (10266): CPU Clock = 0 MHz
W/VrApi (10266): GPU Clock = 0 MHz
W/VrApi (10266): SetVrPlatformOptions( 1, 1 )
D/VrLib (10266): Available levels: {GPU MIN, GPU MAX, CPU MIN, CPU MAX}
D/VrLib (10266): -> / 0
D/VrLib (10266): -> / 3
D/VrLib (10266): -> / 0
D/VrLib (10266): -> / 3
W/VrApi (10266): CPU levels [0, 3]
W/VrApi (10266): GPU levels [0, 3]
D/VrLib (10266): setSystemPerformance cpu: 1 gpu: 1
D/CustomFrequencyManagerService( 942): releaseDVFSLockLocked : Getting Lock type frm List : DVFS_MIN_LIMIT frequency : 1190400 uid : 1000 pid : 942 tag : VR_CPU_MIN@1
D/CustomFrequencyManagerService( 942): releaseDVFSLockLocked : Getting Lock type frm List : DVFS_MAX_LIMIT frequency : 1190400 uid : 1000 pid : 942 tag : VR_CPU_MAX@2
D/VrLib (10266): Fixed clock level API exists
V/VRSVC (10291): at (VRManagerService.java:460) yTqX() [SIOP : 0]
V/VRSVC (10291): at (VRManagerService.java:461) yTqX() [PLATFORM : apq8084]
V/VRSVC (10291): at (VRManagerService.java:239) uWFZ() [getDevelopermode : 1]
D/CustomFrequencyManagerService( 942): acquireDVFSLockLocked : type : DVFS_MIN_LIMIT frequency : 1190400 uid : 1000 pid : 942 pkgName : VR_CPU_MIN@1
V/VRSVC (10291): at (VRManagerService.java:576) wtkw() [Set CPU minLock COMPLETE: com.climaxstudios.BanditSix 1190400]
V/VRSVC (10291): at (VRManagerService.java:588) wtkw() [Set CPU maxLock COMPLETE: com.climaxstudios.BanditSix 1190400]
V/VRSVC (10291): at (VRManagerService.java:239) uWFZ() [getDevelopermode : 1]
D/CustomFrequencyManagerService( 942): acquireDVFSLockLocked : type : DVFS_MAX_LIMIT frequency : 1190400 uid : 1000 pid : 942 pkgName : VR_CPU_MAX@2
E/VRSVC (10291): at (VRManagerService.java:621) QdBd() [Set GPU minLock COMPLETE: com.climaxstudios.BanditSix 300000000]
I/OVR (10266): DeviceManagerThread - event 69 (499Hz) (Tid=10318)
V/VRSVC (10291): at (VRManagerService.java:632) QdBd() [Set GPU maxLock COMPLETE: com.climaxstudios.BanditSix 300000000]
V/VRSVC (10291): at (VRManagerService.java:551) yTqX() [(1:1:com.climaxstudios.BanditSix) (1190400:300000000:883200:240000000) pkg: com.climaxstudios.BanditSix]
D/VrLib (10266): SetVrClocks: {CPU CLOCK, GPU CLOCK, POWERSAVE CPU CLOCK, POWERSAVE GPU CLOCK}
D/VrLib (10266): -> / 1190400
D/VrLib (10266): -> / 300000000
D/VrLib (10266): -> / 883200
D/VrLib (10266): -> / 240000000
W/VrApi (10266): CPU Clock = 1190 MHz
W/VrApi (10266): GPU Clock = 300 MHz
D/OVR ( 9239): Debug: SensorFusion::handleMessage - RotationRate zero
W/TimeWarp(10266): Warp GPU time: 0.0 ms
W/TimeWarp(10266): Frame 51502 Eye 1 latency 0.010
W/TimeWarp(10266): WarpSwap: usleep( 435 )
W/VrApi (10266): CPU0 Clock 1190 MHz, GPU Clock 300000 MHz, Power Level State 0, normal
W/UnityPlugin(10266): FPS: 23 GPU time: 0.0 ms
W/TimeWarp(10266): Frame 51528 Eye 1 latency 0.009
I/OVR (10266): DeviceManagerThread - event 69 (498Hz) (Tid=10318)
W/TimeWarp(10266): Warp GPU time: 0.0 ms
D/OVR ( 9239): Debug: SensorFusion::handleMessage - RotationRate zero
W/VrApi (10266): CPU0 Clock 1190 MHz, GPU Clock 300000 MHz, Power Level State 0, normal
W/UnityPlugin(10266): FPS: 15 GPU time: 0.0 ms
I/OVR (10266): DeviceManagerThread - event 69 (498Hz) (Tid=10318)
W/TimeWarp(10266): Frame 51598 Eye 0 latency 0.010
W/TimeWarp(10266): Warp GPU time: 0.0 ms
D/OVR ( 9239): Debug: SensorFusion::handleMessage - RotationRate zero
W/VrApi (10266): CPU0 Clock 1190 MHz, GPU Clock 300000 MHz, Power Level State 0, normal
W/UnityPlugin(10266): FPS: 2 GPU time: 0.0 ms
D/OVR ( 9239): Debug: SensorFusion::handleMessage - RotationRate zero
W/TimeWarp(10266): Frame 51628 Eye 0 latency 0.008
I/OVR (10266): DeviceManagerThread - event 69 (499Hz) (Tid=10318)
W/TimeWarp(10266): Warp GPU time: 0.0 ms
W/TimeWarp(10266): Frame 51675 Eye 0 latency 0.009
W/TimeWarp(10266): TimeWarp Watchdog: removed SCHED_FIFO from tid 10305
D/VrLib (10266): setSchedFifoStatic tid:10305 pto:0
D/VrLib (10266): VRManager set thread priority to 0
W/TimeWarp(10266): TimeWarp Watchdog: removed SCHED_FIFO from tid 10287
D/VrLib (10266): setSchedFifoStatic tid:10287 pto:0
D/VrLib (10266): VRManager set thread priority to 0
V/VRManagerService( 942): ---- demoteProcessThread 'com.climaxstudios.BanditSix' requestPriority(pid=10266, tid=10305, prio=0 ----
V/VRManagerService( 942): ---- demoteProcessThread 'com.climaxstudios.BanditSix' requestPriority(pid=10266, tid=10287, prio=0 ----
W/VrApi (10266): CPU0 Clock 1190 MHz, GPU Clock 300000 MHz, Power Level State 0, normal
W/UnityPlugin(10266): FPS: 6 GPU time: 0.0 ms
W/TimeWarp(10266): TimeWarp Watchdog: restored SCHED_FIFO on tid 10305
D/VrLib (10266): setSchedFifoStatic tid:10305 pto:1
D/VrLib (10266): VRManager set thread priority to 1
W/TimeWarp(10266): TimeWarp Watchdog: restored SCHED_FIFO on tid 10287
D/VrLib (10266): setSchedFifoStatic tid:10287 pto:1
V/VRManagerService( 942): ---- elevateProcessThread 'com.climaxstudios.BanditSix' requestPriority(pid=10266, tid=10305, prio=1 ----
D/VrLib (10266): VRManager set thread priority to 1
V/VRManagerService( 942): ---- elevateProcessThread 'com.climaxstudios.BanditSix' requestPriority(pid=10266, tid=10287, prio=1 ----
I/OVR (10266): DeviceManagerThread - event 69 (498Hz) (Tid=10318)
W/TimeWarp(10266): Warp GPU time: 0.0 ms
W/VrApi (10266): CPU0 Clock 1190 MHz, GPU Clock 300000 MHz, Power Level State 0, normal
W/UnityPlugin(10266): FPS: 9 GPU time: 0.0 ms
W/UnityPlugin(10266): OVR_VrModeParms_SetCpuLevel(): L 2
W/UnityPlugin(10266): OVR_VrModeParms_SetGpuLevel(): L 2
W/UnityPlugin(10266): OVR_TW_SetMinimumVsyncs() 1
W/TimeWarp(10266): Frame 51756 Eye 0 latency 0.008
I/OVR (10266): DeviceManagerThread - event 69 (499Hz) (Tid=10318)
W/TimeWarp(10266): Frame 51779 Eye 1 latency 0.010
W/UnityPlugin(10266): OVR_VrModeParms_Reset()
W/UnityPlugin(10266): OVR_VrModeParms_Reset: Soft Reset
W/UnityPlugin(10266): OVR_VrModeParms_Reset: Clock Lock Reset
W/VrApi (10266): SetVrPlatformOptions( -1, -1 )
D/VrLib (10266): Available levels: {GPU MIN, GPU MAX, CPU MIN, CPU MAX}
D/VrLib (10266): -> / 0
D/VrLib (10266): -> / 3
D/VrLib (10266): -> / 0
D/VrLib (10266): -> / 3
D/VrLib (10266): setSystemPerformance cpu: -1 gpu: -1
D/VrLib (10266): Fixed clock level API exists
V/VRSVC (10291): at (VRManagerService.java:460) yTqX() [SIOP : 0]
V/VRSVC (10291): at (VRManagerService.java:461) yTqX() [PLATFORM : apq8084]
V/VRSVC (10291): at (VRManagerService.java:310) wtkw() [Release GPU minLock COMPLETE: com.climaxstudios.BanditSix]
V/VRSVC (10291): at (VRManagerService.java:314) wtkw() [Release GPU maxLock COMPLETE: com.climaxstudios.BanditSix]
D/CustomFrequencyManagerService( 942): releaseDVFSLockLocked : Getting Lock type frm List : DVFS_MIN_LIMIT frequency : 1190400 uid : 1000 pid : 942 tag : VR_CPU_MIN@1
V/VRSVC (10291): at (VRManagerService.java:335) yTqX() [Release CPU minLock COMPLETE: com.climaxstudios.BanditSix]
V/VRSVC (10291): at (VRManagerService.java:339) yTqX() [Release CPU maxLock COMPLETE: com.climaxstudios.BanditSix]
V/VRSVC (10291): at (VRManagerService.java:537) yTqX() [SetVrClocks release]
D/VrLib (10266): Releasing frequency lock
W/VrApi (10266): CPU Clock = 0 MHz
W/VrApi (10266): GPU Clock = 0 MHz
W/VrApi (10266): SetVrPlatformOptions( 2, 2 )
D/VrLib (10266): Available levels: {GPU MIN, GPU MAX, CPU MIN, CPU MAX}
D/VrLib (10266): -> / 0
D/VrLib (10266): -> / 3
D/VrLib (10266): -> / 0
D/VrLib (10266): -> / 3
W/VrApi (10266): CPU levels [0, 3]
W/VrApi (10266): GPU levels [0, 3]
D/VrLib (10266): setSystemPerformance cpu: 2 gpu: 2
D/CustomFrequencyManagerService( 942): releaseDVFSLockLocked : Getting Lock type frm List : DVFS_MAX_LIMIT frequency : 1190400 uid : 1000 pid : 942 tag : VR_CPU_MAX@2
D/VrLib (10266): Fixed clock level API exists
V/VRSVC (10291): at (VRManagerService.java:460) yTqX() [SIOP : 0]
V/VRSVC (10291): at (VRManagerService.java:461) yTqX() [PLATFORM : apq8084]
V/VRSVC (10291): at (VRManagerService.java:239) uWFZ() [getDevelopermode : 1]
W/TimeWarp(10266): Warp GPU time: 0.0 ms
V/VRSVC (10291): at (VRManagerService.java:576) wtkw() [Set CPU minLock COMPLETE: com.climaxstudios.BanditSix 1497600]
V/VRSVC (10291): at (VRManagerService.java:588) wtkw() [Set CPU maxLock COMPLETE: com.climaxstudios.BanditSix 1497600]
V/VRSVC (10291): at (VRManagerService.java:239) uWFZ() [getDevelopermode : 1]
D/CustomFrequencyManagerService( 942): acquireDVFSLockLocked : type : DVFS_MIN_LIMIT frequency : 1497600 uid : 1000 pid : 942 pkgName : VR_CPU_MIN@1
D/CustomFrequencyManagerService( 942): acquireDVFSLockLocked : type : DVFS_MAX_LIMIT frequency : 1497600 uid : 1000 pid : 942 pkgName : VR_CPU_MAX@2
E/VRSVC (10291): at (VRManagerService.java:621) QdBd() [Set GPU minLock COMPLETE: com.climaxstudios.BanditSix 389000000]
V/VRSVC (10291): at (VRManagerService.java:632) QdBd() [Set GPU maxLock COMPLETE: com.climaxstudios.BanditSix 389000000]
V/VRSVC (10291): at (VRManagerService.java:551) yTqX() [(2:2:com.climaxstudios.BanditSix) (1497600:389000000:883200:240000000) pkg: com.climaxstudios.BanditSix]
D/VrLib (10266): SetVrClocks: {CPU CLOCK, GPU CLOCK, POWERSAVE CPU CLOCK, POWERSAVE GPU CLOCK}
D/VrLib (10266): -> / 1497600
D/VrLib (10266): -> / 389000000
D/VrLib (10266): -> / 883200
D/VrLib (10266): -> / 240000000
W/VrApi (10266): CPU Clock = 1497 MHz
W/VrApi (10266): GPU Clock = 389 MHz
W/VrApi (10266): CPU0 Clock 1497 MHz, GPU Clock 389000 MHz, Power Level State 0, normal
W/UnityPlugin(10266): FPS: 11 GPU time: 0.0 ms
D/OVR ( 9239): Debug: SensorFusion::handleMessage - RotationRate zero
D/OVR ( 9239): Debug: SensorFusion::handleMessage - RotationRate zero
D/OVR ( 9239): Debug: SensorFusion::handleMessage - RotationRate zero
I/OVR (10266): DeviceManagerThread - event 69 (498Hz) (Tid=10318)
W/TimeWarp(10266): Warp GPU time: 0.0 ms
W/VrApi (10266): CPU0 Clock 1497 MHz, GPU Clock 389000 MHz, Power Level State 0, normal
W/UnityPlugin(10266): FPS: 57 GPU time: 0.0 ms
D/NetworkStatsFactory( 942): UpdateStatsForKnox
D/OVR ( 9239): Debug: SensorFusion::handleMessage - RotationRate zero
I/OVR (10266): DeviceManagerThread - event 69 (499Hz) (Tid=10318)
W/TimeWarp(10266): Warp GPU time: 0.0 ms
W/VrApi (10266): CPU0 Clock 1497 MHz, GPU Clock 389000 MHz, Power Level State 0, normal
W/UnityPlugin(10266): FPS: 60 GPU time: 0.0 ms
D/OVR ( 9239): Debug: SensorFusion::handleMessage - RotationRate zero
D/OVR ( 9239): Debug: SensorFusion::handleMessage - RotationRate zero
D/SSRMv3:SsrmController( 942): SIOP:: AP = 480, PST = 477
I/OVR (10266): DeviceManagerThread - event 69 (498Hz) (Tid=10318)
W/TimeWarp(10266): Warp GPU time: 0.0 ms
W/VrApi (10266): CPU0 Clock 1497 MHz, GPU Clock 389000 MHz, Power Level State 0, normal
W/UnityPlugin(10266): FPS: 60 GPU time: 0.0 ms
D/OVR ( 9239): Debug: SensorFusion::handleMessage - RotationRate zero
D/OVR ( 9239): Debug: SensorFusion::handleMessage - RotationRate zero
D/OVR ( 9239): Debug: SensorFusion::handleMessage - RotationRate zero
I/OVR (10266): DeviceManagerThread - event 69 (499Hz) (Tid=10318)
W/VrApi (10266): CPU0 Clock 1497 MHz, GPU Clock 389000 MHz, Power Level State 0, normal
W/UnityPlugin(10266): FPS: 59 GPU time: 0.0 ms
W/TimeWarp(10266): Warp GPU time: 0.0 ms
D/OVR ( 9239): Debug: SensorFusion::handleMessage - RotationRate zero
I/OVR (10266): DeviceManagerThread - event 69 (498Hz) (Tid=10318)
W/TimeWarp(10266): Warp GPU time: 0.0 ms
W/VrApi (10266): CPU0 Clock 1497 MHz, GPU Clock 389000 MHz, Power Level State 0, normal
W/UnityPlugin(10266): FPS: 60 GPU time: 0.0 ms
D/OVR ( 9239): Debug: SensorFusion::handleMessage - RotationRate zero
I/OVR (10266): DeviceManagerThread - event 69 (499Hz) (Tid=10318)
W/TimeWarp(10266): Frame 52134 Eye 0 latency 0.008
W/TimeWarp(10266): Warp GPU time: 0.0 ms
W/VrApi (10266): CPU0 Clock 1497 MHz, GPU Clock 389000 MHz, Power Level State 0, normal
W/UnityPlugin(10266): FPS: 58 GPU time: 0.0 ms
D/VrLib (10266): OvrPhoneStateListener.onSignalStrengthsChanged4
W/VrApi (10266): nativeCellularSignalEvent( 4 )
D/STATUSBAR-NetworkController( 1224): onSignalStrengthsChanged signalStrength=SignalStrength: 19 -1 -1 -1 -1 -1 -1 99 2147483647 2147483647 2147483647 -1 2147483647 gsm|lte 0x4 level=4
I/OVR (10266): DeviceManagerThread - event 69 (499Hz) (Tid=10318)
W/TimeWarp(10266): Warp GPU time: 0.0 ms
W/VrApi (10266): CPU0 Clock 1497 MHz, GPU Clock 389000 MHz, Power Level State 0, normal
W/UnityPlugin(10266): FPS: 60 GPU time: 0.0 ms
W/TimeWarp(10266): Frame 52202 Eye 0 latency 0.010
D/OVR ( 9239): Debug: SensorFusion::handleMessage - RotationRate zero
D/OVR ( 9239): Debug: SensorFusion::handleMessage - RotationRate zero
I/OVR (10266): DeviceManagerThread - event 69 (498Hz) (Tid=10318)
W/VrApi (10266): CPU0 Clock 1497 MHz, GPU Clock 389000 MHz, Power Level State 0, normal
W/UnityPlugin(10266): FPS: 59 GPU time: 0.0 ms
W/TimeWarp(10266): Warp GPU time: 0.0 ms
I/OVR (10266): DeviceManagerThread - event 69 (498Hz) (Tid=10318)
W/VrApi (10266): CPU0 Clock 1497 MHz, GPU Clock 389000 MHz, Power Level State 0, normal
W/UnityPlugin(10266): FPS: 60 GPU time: 0.0 ms
W/TimeWarp(10266): Warp GPU time: 0.0 ms
I/OVR (10266): DeviceManagerThread - event 69 (499Hz) (Tid=10318)
W/TimeWarp(10266): Warp GPU time: 0.0 ms
W/VrApi (10266): CPU0 Clock 1497 MHz, GPU Clock 389000 MHz, Power Level State 0, normal
W/UnityPlugin(10266): FPS: 60 GPU time: 0.0 ms
W/UnityPlugin(10266): OVR_VrModeParms_SetCpuLevel(): L 1
W/UnityPlugin(10266): OVR_VrModeParms_SetGpuLevel(): L 1
W/UnityPlugin(10266): OVR_TW_SetMinimumVsyncs() 2
W/UnityPlugin(10266): OVR_VrModeParms_Reset()
W/UnityPlugin(10266): OVR_VrModeParms_Reset: Soft Reset
W/UnityPlugin(10266): OVR_VrModeParms_Reset: Clock Lock Reset
W/VrApi (10266): SetVrPlatformOptions( -1, -1 )
D/VrLib (10266): Available levels: {GPU MIN, GPU MAX, CPU MIN, CPU MAX}
D/VrLib (10266): -> / 0
D/VrLib (10266): -> / 3
D/VrLib (10266): -> / 0
D/VrLib (10266): -> / 3
D/VrLib (10266): setSystemPerformance cpu: -1 gpu: -1
D/VrLib (10266): Fixed clock level API exists
V/VRSVC (10291): at (VRManagerService.java:460) yTqX() [SIOP : 0]
V/VRSVC (10291): at (VRManagerService.java:461) yTqX() [PLATFORM : apq8084]
V/VRSVC (10291): at (VRManagerService.java:310) wtkw() [Release GPU minLock COMPLETE: com.climaxstudios.BanditSix]
V/VRSVC (10291): at (VRManagerService.java:314) wtkw() [Release GPU maxLock COMPLETE: com.climaxstudios.BanditSix]
V/VRSVC (10291): at (VRManagerService.java:335) yTqX() [Release CPU minLock COMPLETE: com.climaxstudios.BanditSix]
V/VRSVC (10291): at (VRManagerService.java:339) yTqX() [Release CPU maxLock COMPLETE: com.climaxstudios.BanditSix]
V/VRSVC (10291): at (VRManagerService.java:537) yTqX() [SetVrClocks release]
D/VrLib (10266): Releasing frequency lock
W/VrApi (10266): CPU Clock = 0 MHz
W/VrApi (10266): GPU Clock = 0 MHz
W/VrApi (10266): SetVrPlatformOptions( 1, 1 )
D/CustomFrequencyManagerService( 942): releaseDVFSLockLocked : Getting Lock type frm List : DVFS_MIN_LIMIT frequency : 1497600 uid : 1000 pid : 942 tag : VR_CPU_MIN@1
D/CustomFrequencyManagerService( 942): releaseDVFSLockLocked : Getting Lock type frm List : DVFS_MAX_LIMIT frequency : 1497600 uid : 1000 pid : 942 tag : VR_CPU_MAX@2
D/VrLib (10266): Available levels: {GPU MIN, GPU MAX, CPU MIN, CPU MAX}
D/VrLib (10266): -> / 0
D/VrLib (10266): -> / 3
D/VrLib (10266): -> / 0
D/VrLib (10266): -> / 3
W/VrApi (10266): CPU levels [0, 3]
W/VrApi (10266): GPU levels [0, 3]
D/VrLib (10266): setSystemPerformance cpu: 1 gpu: 1
D/VrLib (10266): Fixed clock level API exists
V/VRSVC (10291): at (VRManagerService.java:460) yTqX() [SIOP : 0]
V/VRSVC (10291): at (VRManagerService.java:461) yTqX() [PLATFORM : apq8084]
V/VRSVC (10291): at (VRManagerService.java:239) uWFZ() [getDevelopermode : 1]
D/CustomFrequencyManagerService( 942): acquireDVFSLockLocked : type : DVFS_MIN_LIMIT frequency : 1190400 uid : 1000 pid : 942 pkgName : VR_CPU_MIN@1
V/VRSVC (10291): at (VRManagerService.java:576) wtkw() [Set CPU minLock COMPLETE: com.climaxstudios.BanditSix 1190400]
V/VRSVC (10291): at (VRManagerService.java:588) wtkw() [Set CPU maxLock COMPLETE: com.climaxstudios.BanditSix 1190400]
V/VRSVC (10291): at (VRManagerService.java:239) uWFZ() [getDevelopermode : 1]
E/VRSVC (10291): at (VRManagerService.java:621) QdBd() [Set GPU minLock COMPLETE: com.climaxstudios.BanditSix 300000000]
D/CustomFrequencyManagerService( 942): acquireDVFSLockLocked : type : DVFS_MAX_LIMIT frequency : 1190400 uid : 1000 pid : 942 pkgName : VR_CPU_MAX@2
V/VRSVC (10291): at (VRManagerService.java:632) QdBd() [Set GPU maxLock COMPLETE: com.climaxstudios.BanditSix 300000000]
V/VRSVC (10291): at (VRManagerService.java:551) yTqX() [(1:1:com.climaxstudios.BanditSix) (1190400:300000000:883200:240000000) pkg: com.climaxstudios.BanditSix]
D/VrLib (10266): SetVrClocks: {CPU CLOCK, GPU CLOCK, POWERSAVE CPU CLOCK, POWERSAVE GPU CLOCK}
D/VrLib (10266): -> / 1190400
D/VrLib (10266): -> / 300000000
D/VrLib (10266): -> / 883200
D/VrLib (10266): -> / 240000000
W/VrApi (10266): CPU Clock = 1190 MHz
W/VrApi (10266): GPU Clock = 300 MHz
D/TimaService( 942): TIMA: TimaService scheduler is intialized.
D/TimaService( 942): TIMA: checkEvent, operation: 50000 subject: 10000
D/TimaService( 942): TimaServiceHandler.handleMessage what =1
W/TimeWarp(10266): Frame 52428 Eye 1 latency 0.011
I/OVR (10266): DeviceManagerThread - event 69 (499Hz) (Tid=10318)
W/TimeWarp(10266): Warp GPU time: 0.0 ms
W/TimeWarp(10266): Frame 52459 Eye 0 latency 0.021
W/TimeWarp(10266): Frame 52461 Eye 1 latency 0.008
W/TimeWarp(10266): TimeWarp Watchdog: removed SCHED_FIFO from tid 10305
D/VrLib (10266): setSchedFifoStatic tid:10305 pto:0
D/VrLib (10266): VRManager set thread priority to 0
W/TimeWarp(10266): TimeWarp Watchdog: removed SCHED_FIFO from tid 10287
D/VrLib (10266): setSchedFifoStatic tid:10287 pto:0
D/VrLib (10266): VRManager set thread priority to 0
V/VRManagerService( 942): ---- demoteProcessThread 'com.climaxstudios.BanditSix' requestPriority(pid=10266, tid=10305, prio=0 ----
V/VRManagerService( 942): ---- demoteProcessThread 'com.climaxstudios.BanditSix' requestPriority(pid=10266, tid=10287, prio=0 ----
W/TimeWarp(10266): Changing vsync from 52480.000000 to 52483.000000
W/VrApi (10266): CPU0 Clock 1190 MHz, GPU Clock 300000 MHz, Power Level State 0, normal
W/UnityPlugin(10266): FPS: 38 GPU time: 0.0 ms
W/TimeWarp(10266): TimeWarp Watchdog: restored SCHED_FIFO on tid 10305
D/VrLib (10266): setSchedFifoStatic tid:10305 pto:1
D/VrLib (10266): VRManager set thread priority to 1
W/TimeWarp(10266): TimeWarp Watchdog: restored SCHED_FIFO on tid 10287
D/VrLib (10266): setSchedFifoStatic tid:10287 pto:1
V/VRManagerService( 942): ---- elevateProcessThread 'com.climaxstudios.BanditSix' requestPriority(pid=10266, tid=10305, prio=1 ----
D/VrLib (10266): VRManager set thread priority to 1
V/VRManagerService( 942): ---- elevateProcessThread 'com.climaxstudios.BanditSix' requestPriority(pid=10266, tid=10287, prio=1 ----
I/OVR (10266): DeviceManagerThread - event 69 (498Hz) (Tid=10318)
W/TimeWarp(10266): Warp GPU time: 0.0 ms
W/VrApi (10266): CPU0 Clock 1190 MHz, GPU Clock 300000 MHz, Power Level State 0, normal
W/UnityPlugin(10266): FPS: 9 GPU time: 0.0 ms
W/TimeWarp(10266): Frame 52508 Eye 1 latency 0.012
D/SSRMv3:SsrmController( 942): SIOP:: AP = 490, PST = 479
W/TimeWarp(10266): Frame 52535 Eye 1 latency 0.010
W/TimeWarp(10266): Frame 52541 Eye 1 latency 0.009
I/OVR (10266): DeviceManagerThread - event 69 (499Hz) (Tid=10318)
W/TimeWarp(10266): Warp GPU time: 0.0 ms
W/TimeWarp(10266): Frame 52562 Eye 1 latency 0.009
W/TimeWarp(10266): Frame 52565 Eye 1 latency 0.008
W/VrApi (10266): CPU0 Clock 1190 MHz, GPU Clock 300000 MHz, Power Level State 0, normal
W/UnityPlugin(10266): FPS: 7 GPU time: 0.0 ms
W/TimeWarp(10266): Frame 52571 Eye 1 latency 0.012
W/TimeWarp(10266): Frame 52575 Eye 1 latency 0.010
W/TimeWarp(10266): Frame 52581 Eye 0 latency 0.008
W/TimeWarp(10266): Frame 52581 Eye 1 latency 0.012
E/Watchdog( 942): !@Sync 240
W/TimeWarp(10266): Frame 52590 Eye 1 latency 0.009
W/TimeWarp(10266): Frame 52593 Eye 1 latency 0.009
W/TimeWarp(10266): Frame 52594 Eye 0 latency 0.029
W/TimeWarp(10266): Frame 52599 Eye 1 latency 0.009
W/TimeWarp(10266): Frame 52605 Eye 1 latency 0.008
I/OVR (10266): DeviceManagerThread - event 69 (499Hz) (Tid=10318)
W/TimeWarp(10266): Frame 52615 Eye 1 latency 0.011
W/TimeWarp(10266): Frame 52618 Eye 1 latency 0.011
W/TimeWarp(10266): Warp GPU time: 0.0 ms
D/OVR ( 9239): Debug: SensorFusion::handleMessage - RotationRate zero
W/TimeWarp(10266): Frame 52621 Eye 1 latency 0.100
W/TimeWarp(10266): Changing vsync from 52622.000000 to 52629.000000
W/TimeWarp(10266): Changing vsync from 52630.000000 to 52639.000000
W/VrApi (10266): CPU0 Clock 1190 MHz, GPU Clock 300000 MHz, Power Level State 0, normal
W/UnityPlugin(10266): FPS: 1 GPU time: 0.0 ms
D/OVR ( 9239): Debug: SensorFusion::handleMessage - RotationRate zero
I/TLC_TIMA_PKM_measure_kernel( 942): TIMA: response_id = 3
I/TLC_TIMA_PKM_measure_kernel( 942): TIMA: response ret = 0, result_ondemand = MSG=Kernel Verification Success;
D/TimaService( 942): TIMA MEASUREMENT Result: TIMA_STATUS=0;MSG=Kernel Verification Success;
D/TimaService( 942): TIMA MEASUREMENT success status: TIMA_STATUS=0;MSG=Kernel Verification Success;
I/OVR (10266): DeviceManagerThread - event 69 (499Hz) (Tid=10318)
W/TimeWarp(10266): Warp GPU time: 0.0 ms
W/VrApi (10266): CPU0 Clock 1190 MHz, GPU Clock 300000 MHz, Power Level State 0, normal
W/UnityPlugin(10266): FPS: 20 GPU time: 0.0 ms
W/TimeWarp(10266): Frame 52687 Eye 1 latency 0.025
D/OVR ( 9239): Debug: SensorFusion::handleMessage - RotationRate zero
I/OVR (10266): DeviceManagerThread - event 69 (499Hz) (Tid=10318)
D/OVR ( 9239): Debug: SensorFusion::handleMessage - RotationRate zero
W/TimeWarp(10266): Warp GPU time: 0.0 ms
W/TimeWarp(10266): TimeWarp Watchdog: removed SCHED_FIFO from tid 10305
D/VrLib (10266): setSchedFifoStatic tid:10305 pto:0
D/VrLib (10266): VRManager set thread priority to 0
W/TimeWarp(10266): TimeWarp Watchdog: removed SCHED_FIFO from tid 10287
D/VrLib (10266): setSchedFifoStatic tid:10287 pto:0
D/VrLib (10266): VRManager set thread priority to 0
V/VRManagerService( 942): ---- demoteProcessThread 'com.climaxstudios.BanditSix' requestPriority(pid=10266, tid=10305, prio=0 ----
V/VRManagerService( 942): ---- demoteProcessThread 'com.climaxstudios.BanditSix' requestPriority(pid=10266, tid=10287, prio=0 ----
D/OVR ( 9239): Debug: SensorFusion::handleMessage - RotationRate zero
D/OVR ( 9239): Debug: SensorFusion::handleMessage - RotationRate zero
I/OVR (10266): DeviceManagerThread - event 69 (498Hz) (Tid=10318)
W/TimeWarp(10266): Warp GPU time: 0.0 ms
D/BatteryService( 942): level:84, scale:100, status:3, health:2, present:true, voltage: 4068, temperature: 356, technology: Li-ion, AC powered:false, USB powered:false, Wireless powered:false, icon:17303771, invalid charger:0, online:13, current avg:-967, charge type:0, power sharing:false, high voltage charger:false, capacity:322000
D/BatteryService( 942): Sending ACTION_BATTERY_CHANGED.
D/KeyguardUpdateMonitor( 1203): received broadcast android.intent.action.BATTERY_CHANGED
D/UiModeManager( 942): mCoverManager.getCoverState() : true
D/KeyguardUpdateMonitor( 1203): handleBatteryUpdate
V/HeadsetService( 2464): HeadsetService - Received Intent.ACTION_BATTERY_CHANGED
D/HeadsetStateMachine( 2464): Disconnected process message: 10
D/VrLib (10266): OnReceive BATTERY_ACTION_CHANGED
W/VrApi (10266): nativeBatteryEvent(3, 84, 356)
D/STATUSBAR-PhoneStatusBar( 1224): mBrightnessEnablebySettings = true mBrightnessEnablebyBattery = true mBrightnessEnablebyDisableFlag = true mPmsBrightnessEnablebySettings = true
D/VRSVC ( 9239): at (HmtService.java:528) onReceive() [intent action=android.intent.action.BATTERY_CHANGED]
V/VRSVC ( 9239): at (HmtService.java:639) wtkw() [handleIntentBattery batteryLevel=84]
D/BatteryMeterView( 1224): ACTION_BATTERY_CHANGED : level:84 status:3 health:2
I/OVR (10266): DeviceManagerThread - event 69 (498Hz) (Tid=10318)
W/TimeWarp(10266): Warp GPU time: 0.0 ms
W/TimeWarp(10266): TimeWarp Watchdog: restored SCHED_FIFO on tid 10305
D/VrLib (10266): setSchedFifoStatic tid:10305 pto:1
D/VrLib (10266): VRManager set thread priority to 1
W/TimeWarp(10266): TimeWarp Watchdog: restored SCHED_FIFO on tid 10287
D/VrLib (10266): setSchedFifoStatic tid:10287 pto:1
D/VrLib (10266): VRManager set thread priority to 1
V/VRManagerService( 942): ---- elevateProcessThread 'com.climaxstudios.BanditSix' requestPriority(pid=10266, tid=10305, prio=1 ----
V/VRManagerService( 942): ---- elevateProcessThread 'com.climaxstudios.BanditSix' requestPriority(pid=10266, tid=10287, prio=1 ----
W/VrApi (10266): CPU0 Clock 1190 MHz, GPU Clock 300000 MHz, Power Level State 0, normal
W/UnityPlugin(10266): FPS: 3 GPU time: 0.0 ms
W/TimeWarp(10266): Frame 52866 Eye 1 latency 0.009
W/TimeWarp(10266): Frame 52874 Eye 0 latency 0.093
W/TimeWarp(10266): Changing vsync from 52875.000000 to 52881.000000
W/TimeWarp(10266): Frame 52881 Eye 1 latency 0.009
I/OVR (10266): DeviceManagerThread - event 69 (499Hz) (Tid=10318)
W/TimeWarp(10266): Frame 52909 Eye 1 latency 0.009
W/TimeWarp(10266): Frame 52915 Eye 1 latency 0.009
W/TimeWarp(10266): Frame 52916 Eye 0 latency 0.008
W/TimeWarp(10266): Warp GPU time: 0.0 ms
W/TimeWarp(10266): Frame 52924 Eye 1 latency 0.008
W/TimeWarp(10266): Frame 52925 Eye 0 latency 0.008
W/TimeWarp(10266): TimeWarp Watchdog: removed SCHED_FIFO from tid 10305
D/VrLib (10266): setSchedFifoStatic tid:10305 pto:0
D/VrLib (10266): VRManager set thread priority to 0
W/TimeWarp(10266): TimeWarp Watchdog: removed SCHED_FIFO from tid 10287
D/VrLib (10266): setSchedFifoStatic tid:10287 pto:0
D/VrLib (10266): VRManager set thread priority to 0
V/VRManagerService( 942): ---- demoteProcessThread 'com.climaxstudios.BanditSix' requestPriority(pid=10266, tid=10305, prio=0 ----
V/VRManagerService( 942): ---- demoteProcessThread 'com.climaxstudios.BanditSix' requestPriority(pid=10266, tid=10287, prio=0 ----
D/OVR ( 9239): Debug: SensorFusion::handleMessage - RotationRate zero
D/OVR ( 9239): Debug: SensorFusion::handleMessage - RotationRate zero
I/OVR (10266): DeviceManagerThread - event 69 (498Hz) (Tid=10318)
W/TimeWarp(10266): Warp GPU time: 0.0 ms
I/OVR (10266): DeviceManagerThread - event 69 (499Hz) (Tid=10318)
W/TimeWarp(10266): Warp GPU time: 0.0 ms
D/OVR ( 9239): Debug: SensorFusion::handleMessage - RotationRate zero
W/TimeWarp(10266): TimeWarp Watchdog: restored SCHED_FIFO on tid 10305
D/VrLib (10266): setSchedFifoStatic tid:10305 pto:1
D/VrLib (10266): VRManager set thread priority to 1
W/TimeWarp(10266): TimeWarp Watchdog: restored SCHED_FIFO on tid 10287
D/VrLib (10266): setSchedFifoStatic tid:10287 pto:1
D/VrLib (10266): VRManager set thread priority to 1
W/VrApi (10266): CPU0 Clock 1190 MHz, GPU Clock 300000 MHz, Power Level State 0, normal
W/UnityPlugin(10266): FPS: 2 GPU time: 0.0 ms
V/VRManagerService( 942): ---- elevateProcessThread 'com.climaxstudios.BanditSix' requestPriority(pid=10266, tid=10305, prio=1 ----
V/VRManagerService( 942): ---- elevateProcessThread 'com.climaxstudios.BanditSix' requestPriority(pid=10266, tid=10287, prio=1 ----
I/OVR (10266): DeviceManagerThread - event 69 (498Hz) (Tid=10318)
W/TimeWarp(10266): Warp GPU time: 0.0 ms
W/VrApi (10266): CPU0 Clock 1190 MHz, GPU Clock 300000 MHz, Power Level State 0, normal
W/UnityPlugin(10266): FPS: 28 GPU time: 0.0 ms
W/TimeWarp(10266): Frame 53108 Eye 1 latency 0.010
W/TimeWarp(10266): Frame 53109 Eye 1 latency 0.010
W/TimeWarp(10266): Frame 53110 Eye 0 latency 0.009
W/TimeWarp(10266): Frame 53112 Eye 0 latency 0.008
W/TimeWarp(10266): Frame 53113 Eye 1 latency 0.008
W/TimeWarp(10266): Frame 53114 Eye 0 latency 0.009
W/TimeWarp(10266): Frame 53115 Eye 0 latency 0.009
W/TimeWarp(10266): Frame 53115 Eye 1 latency 0.009
W/TimeWarp(10266): Frame 53116 Eye 1 latency 0.009
W/TimeWarp(10266): Frame 53117 Eye 1 latency 0.009
W/TimeWarp(10266): Frame 53118 Eye 0 latency 0.009
W/TimeWarp(10266): Frame 53120 Eye 0 latency 0.009
W/TimeWarp(10266): Frame 53121 Eye 1 latency 0.008
W/TimeWarp(10266): Frame 53122 Eye 0 latency 0.009
W/TimeWarp(10266): Frame 53126 Eye 0 latency 0.008
D/OVR ( 9239): Debug: SensorFusion::handleMessage - RotationRate zero
D/ContentApp( 9043): LEVEL : 3
D/ContentApp( 9043): stopScan() is called.
D/SSRMv3:SsrmController( 942): SIOP:: AP = 480, PST = 480
D/SSRMv2:SIOP:Limiter( 942): limitSmartBonding:: limit = true
D/SSRMv2:SIOP:Limiter( 942): broadcastSiopChangedIntent:: FLASH = false, CAMERA = false, RECORDING = false, RECORDING_FPS = false, SMARTBONDING = true, LIVETHUMBNAIL = false
W/ContextImpl( 942): Calling a method in the system process without a qualified user: android.app.ContextImpl.sendStickyBroadcast:1668 com.android.server.ssrm.G.bj:-1 e.l.I:-1 e.l.c:-1 e.g.co:-1
D/SSRMv2:SIOP:Limiter( 942): broadcastSiopLevelIntent:: currentSiopLevel = 3
D/SmartBondingService( 942): SmartBondingReceiver: onReceive action=android.intent.action.SIOP_LEVEL_CHANGED
D/SmartBondingService( 942): unable to setSBInterfacesEnabled : already disabled
E/TranscodeReceiver(10164): onReceive : android.intent.action.CHECK_SIOP_LEVEL
W/TimeWarp(10266): Frame 53133 Eye 0 latency 0.008
W/TimeWarp(10266): Frame 53137 Eye 0 latency 0.009
W/TimeWarp(10266): Frame 53139 Eye 0 latency 0.008
W/TimeWarp(10266): Frame 53142 Eye 0 latency 0.009
I/OVR (10266): DeviceManagerThread - event 69 (499Hz) (Tid=10318)
D/OVR ( 9239): Debug: SensorFusion::handleMessage - RotationRate zero
W/TimeWarp(10266): Frame 53151 Eye 0 latency 0.009
W/TimeWarp(10266): Frame 53152 Eye 0 latency 0.008
W/TimeWarp(10266): Frame 53156 Eye 0 latency 0.008
W/TimeWarp(10266): Warp GPU time: 0.0 ms
W/VrApi (10266): CPU0 Clock 1190 MHz, GPU Clock 300000 MHz, Power Level State 0, normal
W/UnityPlugin(10266): FPS: 30 GPU time: 0.0 ms
W/TimeWarp(10266): Frame 53157 Eye 1 latency 0.008
W/TimeWarp(10266): Frame 53166 Eye 0 latency 0.008
W/TimeWarp(10266): Frame 53170 Eye 0 latency 0.008
W/TimeWarp(10266): Frame 53178 Eye 0 latency 0.008
W/TimeWarp(10266): Frame 53186 Eye 0 latency 0.008
W/TimeWarp(10266): Frame 53192 Eye 0 latency 0.008
W/TimeWarp(10266): Frame 53196 Eye 0 latency 0.008
W/TimeWarp(10266): Frame 53198 Eye 0 latency 0.008
W/TimeWarp(10266): Frame 53202 Eye 0 latency 0.008
I/OVR (10266): DeviceManagerThread - event 69 (498Hz) (Tid=10318)
W/TimeWarp(10266): Frame 53209 Eye 1 latency 0.009
W/TimeWarp(10266): Frame 53212 Eye 0 latency 0.009
W/TimeWarp(10266): Frame 53216 Eye 0 latency 0.009
W/TimeWarp(10266): Warp GPU time: 0.0 ms
W/VrApi (10266): CPU0 Clock 1190 MHz, GPU Clock 300000 MHz, Power Level State 0, normal
W/UnityPlugin(10266): FPS: 30 GPU time: 0.0 ms
W/TimeWarp(10266): Frame 53218 Eye 0 latency 0.008
W/TimeWarp(10266): Frame 53222 Eye 0 latency 0.008
W/TimeWarp(10266): Frame 53224 Eye 0 latency 0.008
W/TimeWarp(10266): Frame 53228 Eye 0 latency 0.008
W/TimeWarp(10266): Frame 53230 Eye 0 latency 0.008
W/TimeWarp(10266): Frame 53236 Eye 0 latency 0.008
W/TimeWarp(10266): Frame 53238 Eye 0 latency 0.008
W/TimeWarp(10266): Frame 53240 Eye 0 latency 0.008
W/TimeWarp(10266): Frame 53242 Eye 0 latency 0.008
W/TimeWarp(10266): Frame 53244 Eye 0 latency 0.008
W/TimeWarp(10266): Frame 53248 Eye 0 latency 0.009
W/TimeWarp(10266): Frame 53250 Eye 0 latency 0.009
W/TimeWarp(10266): Frame 53254 Eye 0 latency 0.008
W/TimeWarp(10266): Frame 53256 Eye 0 latency 0.008
W/TimeWarp(10266): Frame 53257 Eye 0 latency 0.009
W/TimeWarp(10266): Frame 53260 Eye 0 latency 0.008
W/TimeWarp(10266): Frame 53266 Eye 0 latency 0.008
I/OVR (10266): DeviceManagerThread - event 69 (499Hz) (Tid=10318)
W/TimeWarp(10266): Frame 53274 Eye 0 latency 0.008
W/TimeWarp(10266): Warp GPU time: 0.0 ms
W/VrApi (10266): CPU0 Clock 1190 MHz, GPU Clock 300000 MHz, Power Level State 0, normal
W/UnityPlugin(10266): FPS: 30 GPU time: 0.0 ms
W/TimeWarp(10266): Frame 53280 Eye 0 latency 0.009
W/TimeWarp(10266): Frame 53286 Eye 0 latency 0.009
W/TimeWarp(10266): Frame 53288 Eye 0 latency 0.008
W/TimeWarp(10266): Frame 53290 Eye 0 latency 0.008
W/TimeWarp(10266): Frame 53300 Eye 0 latency 0.008
W/TimeWarp(10266): Frame 53310 Eye 0 latency 0.008
W/TimeWarp(10266): Frame 53312 Eye 0 latency 0.008
W/TimeWarp(10266): Frame 53314 Eye 0 latency 0.009
W/TimeWarp(10266): Frame 53318 Eye 0 latency 0.008
W/TimeWarp(10266): Frame 53320 Eye 0 latency 0.008
W/TimeWarp(10266): Frame 53326 Eye 0 latency 0.008
I/OVR (10266): DeviceManagerThread - event 69 (499Hz) (Tid=10318)
W/TimeWarp(10266): Warp GPU time: 0.0 ms
W/VrApi (10266): CPU0 Clock 1190 MHz, GPU Clock 300000 MHz, Power Level State 0, normal
W/UnityPlugin(10266): FPS: 30 GPU time: 0.0 ms
W/TimeWarp(10266): Frame 53342 Eye 0 latency 0.008
W/TimeWarp(10266): Frame 53356 Eye 0 latency 0.008
W/TimeWarp(10266): Frame 53360 Eye 0 latency 0.008
W/TimeWarp(10266): Frame 53368 Eye 0 latency 0.009
W/TimeWarp(10266): Frame 53370 Eye 0 latency 0.008
W/TimeWarp(10266): Frame 53372 Eye 0 latency 0.008
W/TimeWarp(10266): Frame 53373 Eye 1 latency 0.008
W/TimeWarp(10266): Frame 53376 Eye 0 latency 0.008
W/TimeWarp(10266): Frame 53378 Eye 0 latency 0.008
W/TimeWarp(10266): Frame 53382 Eye 0 latency 0.008
I/OVR (10266): DeviceManagerThread - event 69 (498Hz) (Tid=10318)
W/TimeWarp(10266): Frame 53388 Eye 0 latency 0.009
W/TimeWarp(10266): Frame 53390 Eye 0 latency 0.009
D/OVR ( 9239): Debug: SensorFusion::handleMessage - RotationRate zero
W/TimeWarp(10266): Frame 53393 Eye 0 latency 0.009
W/TimeWarp(10266): Warp GPU time: 0.0 ms
W/TimeWarp(10266): Frame 53396 Eye 0 latency 0.008
W/VrApi (10266): CPU0 Clock 1190 MHz, GPU Clock 300000 MHz, Power Level State 0, normal
W/UnityPlugin(10266): FPS: 30 GPU time: 0.0 ms
W/TimeWarp(10266): Frame 53400 Eye 0 latency 0.008
W/TimeWarp(10266): Frame 53404 Eye 0 latency 0.009
W/TimeWarp(10266): Frame 53408 Eye 0 latency 0.009
W/TimeWarp(10266): Frame 53409 Eye 0 latency 0.009
W/TimeWarp(10266): Frame 53420 Eye 0 latency 0.009
W/TimeWarp(10266): Frame 53424 Eye 0 latency 0.008
W/TimeWarp(10266): Frame 53428 Eye 0 latency 0.008
W/TimeWarp(10266): Frame 53431 Eye 1 latency 0.008
W/TimeWarp(10266): Frame 53434 Eye 0 latency 0.009
W/TimeWarp(10266): Frame 53436 Eye 0 latency 0.008
