W/TimeWarp(10266): Frame 7385 Eye 1 latency 0.010
W/TimeWarp(10266): Frame 7386 Eye 1 latency 0.010
W/TimeWarp(10266): Frame 7387 Eye 0 latency 0.008
W/TimeWarp(10266): Frame 7388 Eye 1 latency 0.009
W/TimeWarp(10266): Frame 7389 Eye 0 latency 0.009
W/TimeWarp(10266): Frame 7390 Eye 1 latency 0.008
W/TimeWarp(10266): Frame 7391 Eye 0 latency 0.009
W/TimeWarp(10266): Frame 7393 Eye 0 latency 0.009
W/TimeWarp(10266): Frame 7395 Eye 0 latency 0.009
W/UnityPlugin(10266): OVR_VrModeParms_SetCpuLevel(): L 1
W/UnityPlugin(10266): OVR_VrModeParms_SetGpuLevel(): L 1
W/UnityPlugin(10266): OVR_TW_SetMinimumVsyncs() 2
W/TimeWarp(10266): Frame 7397 Eye 0 latency 0.009
W/UnityPlugin(10266): OVR_VrModeParms_Reset()
W/UnityPlugin(10266): OVR_VrModeParms_Reset: Soft Reset
W/UnityPlugin(10266): OVR_VrModeParms_Reset: Clock Lock Reset
W/VrApi (10266): SetVrPlatformOptions( -1, -1 )
D/VrLib (10266): Available levels: {GPU MIN, GPU MAX, CPU MIN, CPU MAX}
D/VrLib (10266): -> / 0
D/VrLib (10266): -> / 3
D/VrLib (10266): -> / 0
D/VrLib (10266): -> / 3
D/VrLib (10266): setSystemPerformance cpu: -1 gpu: -1
D/VrLib (10266): Fixed clock level API exists
V/VRSVC (10291): at (VRManagerService.java:460) yTqX() [SIOP : 0]
V/VRSVC (10291): at (VRManagerService.java:461) yTqX() [PLATFORM : apq8084]
V/VRSVC (10291): at (VRManagerService.java:310) wtkw() [Release GPU minLock COMPLETE: com.climaxstudios.BanditSix]
V/VRSVC (10291): at (VRManagerService.java:314) wtkw() [Release GPU maxLock COMPLETE: com.climaxstudios.BanditSix]
V/VRSVC (10291): at (VRManagerService.java:335) yTqX() [Release CPU minLock COMPLETE: com.climaxstudios.BanditSix]
V/VRSVC (10291): at (VRManagerService.java:339) yTqX() [Release CPU maxLock COMPLETE: com.climaxstudios.BanditSix]
V/VRSVC (10291): at (VRManagerService.java:537) yTqX() [SetVrClocks release]
D/VrLib (10266): Releasing frequency lock
W/VrApi (10266): CPU Clock = 0 MHz
W/VrApi (10266): GPU Clock = 0 MHz
W/VrApi (10266): SetVrPlatformOptions( 1, 1 )
D/CustomFrequencyManagerService( 942): releaseDVFSLockLocked : Getting Lock type frm List : DVFS_MIN_LIMIT frequency : 1190400 uid : 1000 pid : 942 tag : VR_CPU_MIN@1
D/CustomFrequencyManagerService( 942): releaseDVFSLockLocked : Getting Lock type frm List : DVFS_MAX_LIMIT frequency : 1190400 uid : 1000 pid : 942 tag : VR_CPU_MAX@2
D/VrLib (10266): Available levels: {GPU MIN, GPU MAX, CPU MIN, CPU MAX}
D/VrLib (10266): -> / 0
D/VrLib (10266): -> / 3
D/VrLib (10266): -> / 0
D/VrLib (10266): -> / 3
W/VrApi (10266): CPU levels [0, 3]
W/VrApi (10266): GPU levels [0, 3]
D/VrLib (10266): setSystemPerformance cpu: 1 gpu: 1
D/VrLib (10266): Fixed clock level API exists
V/VRSVC (10291): at (VRManagerService.java:460) yTqX() [SIOP : 0]
V/VRSVC (10291): at (VRManagerService.java:461) yTqX() [PLATFORM : apq8084]
V/VRSVC (10291): at (VRManagerService.java:239) uWFZ() [getDevelopermode : 1]
V/VRSVC (10291): at (VRManagerService.java:576) wtkw() [Set CPU minLock COMPLETE: com.climaxstudios.BanditSix 1190400]
V/VRSVC (10291): at (VRManagerService.java:588) wtkw() [Set CPU maxLock COMPLETE: com.climaxstudios.BanditSix 1190400]
V/VRSVC (10291): at (VRManagerService.java:239) uWFZ() [getDevelopermode : 1]
D/CustomFrequencyManagerService( 942): acquireDVFSLockLocked : type : DVFS_MIN_LIMIT frequency : 1190400 uid : 1000 pid : 942 pkgName : VR_CPU_MIN@1
D/CustomFrequencyManagerService( 942): acquireDVFSLockLocked : type : DVFS_MAX_LIMIT frequency : 1190400 uid : 1000 pid : 942 pkgName : VR_CPU_MAX@2
E/VRSVC (10291): at (VRManagerService.java:621) QdBd() [Set GPU minLock COMPLETE: com.climaxstudios.BanditSix 300000000]
V/VRSVC (10291): at (VRManagerService.java:632) QdBd() [Set GPU maxLock COMPLETE: com.climaxstudios.BanditSix 300000000]
V/VRSVC (10291): at (VRManagerService.java:551) yTqX() [(1:1:com.climaxstudios.BanditSix) (1190400:300000000:883200:240000000) pkg: com.climaxstudios.BanditSix]
D/VrLib (10266): SetVrClocks: {CPU CLOCK, GPU CLOCK, POWERSAVE CPU CLOCK, POWERSAVE GPU CLOCK}
D/VrLib (10266): -> / 1190400
D/VrLib (10266): -> / 300000000
D/VrLib (10266): -> / 883200
D/VrLib (10266): -> / 240000000
W/VrApi (10266): CPU Clock = 1190 MHz
W/VrApi (10266): GPU Clock = 300 MHz
D/OVR ( 9239): Debug: SensorFusion::handleMessage - RotationRate zero
W/TimeWarp(10266): Frame 7420 Eye 1 latency 0.008
D/OVR ( 9239): Debug: SensorFusion::handleMessage - RotationRate zero
I/OVR (10266): DeviceManagerThread - event 69 (499Hz) (Tid=10318)
D/OVR ( 9239): Debug: SensorFusion::handleMessage - RotationRate zero
W/TimeWarp(10266): Warp GPU time: 0.0 ms
W/VrApi (10266): CPU0 Clock 1190 MHz, GPU Clock 300000 MHz, Power Level State 0, normal
W/UnityPlugin(10266): FPS: 14 GPU time: 0.0 ms
D/BatteryService( 942): level:90, scale:100, status:3, health:2, present:true, voltage: 4153, temperature: 316, technology: Li-ion, AC powered:false, USB powered:false, Wireless powered:false, icon:17303771, invalid charger:0, online:13, current avg:-866, charge type:0, power sharing:false, high voltage charger:false, capacity:322000
D/BatteryService( 942): Sending ACTION_BATTERY_CHANGED.
D/KeyguardUpdateMonitor( 1203): received broadcast android.intent.action.BATTERY_CHANGED
D/KeyguardUpdateMonitor( 1203): handleBatteryUpdate
D/UiModeManager( 942): mCoverManager.getCoverState() : true
D/STATUSBAR-PhoneStatusBar( 1224): mBrightnessEnablebySettings = true mBrightnessEnablebyBattery = true mBrightnessEnablebyDisableFlag = true mPmsBrightnessEnablebySettings = true
D/BatteryMeterView( 1224): ACTION_BATTERY_CHANGED : level:90 status:3 health:2
V/HeadsetService( 2464): HeadsetService - Received Intent.ACTION_BATTERY_CHANGED
D/HeadsetStateMachine( 2464): Disconnected process message: 10
D/VRSVC ( 9239): at (HmtService.java:528) onReceive() [intent action=android.intent.action.BATTERY_CHANGED]
V/VRSVC ( 9239): at (HmtService.java:639) wtkw() [handleIntentBattery batteryLevel=90]
D/VrLib (10266): OnReceive BATTERY_ACTION_CHANGED
W/VrApi (10266): nativeBatteryEvent(3, 90, 316)
W/TimeWarp(10266): Frame 7462 Eye 1 latency 0.010
W/TimeWarp(10266): Frame 7464 Eye 1 latency 0.009
W/TimeWarp(10266): Frame 7465 Eye 1 latency 0.012
D/OVR ( 9239): Debug: SensorFusion::handleMessage - RotationRate zero
W/TimeWarp(10266): Frame 7469 Eye 1 latency 0.010
I/OVR (10266): DeviceManagerThread - event 69 (499Hz) (Tid=10318)
W/TimeWarp(10266): Warp GPU time: 0.0 ms
W/VrApi (10266): CPU0 Clock 1190 MHz, GPU Clock 300000 MHz, Power Level State 0, normal
W/UnityPlugin(10266): FPS: 13 GPU time: 0.0 ms
W/TimeWarp(10266): Frame 7516 Eye 1 latency 0.009
D/OVR ( 9239): Debug: SensorFusion::handleMessage - RotationRate zero
D/OVR ( 9239): Debug: SensorFusion::handleMessage - RotationRate zero
D/SSRMv3:SsrmController( 942): SIOP:: AP = 430, PST = 425
I/OVR (10266): DeviceManagerThread - event 69 (499Hz) (Tid=10318)
W/TimeWarp(10266): Frame 7550 Eye 1 latency 0.009
W/TimeWarp(10266): Frame 7551 Eye 1 latency 0.011
D/OVR ( 9239): Debug: SensorFusion::handleMessage - RotationRate zero
W/TimeWarp(10266): Warp GPU time: 0.0 ms
W/VrApi (10266): CPU0 Clock 1190 MHz, GPU Clock 300000 MHz, Power Level State 0, normal
W/UnityPlugin(10266): FPS: 6 GPU time: 0.0 ms
D/OVR ( 9239): Debug: SensorFusion::handleMessage - RotationRate zero
W/TimeWarp(10266): Frame 7579 Eye 1 latency 0.094
W/TimeWarp(10266): Changing vsync from 7580.000000 to 7586.000000
W/TimeWarp(10266): Changing vsync from 7587.000000 to 7591.000000
W/TimeWarp(10266): Frame 7593 Eye 1 latency 0.013
W/TimeWarp(10266): Frame 7594 Eye 0 latency 0.019
W/TimeWarp(10266): Frame 7605 Eye 1 latency 0.009
W/TimeWarp(10266): Frame 7606 Eye 0 latency 0.018
I/OVR (10266): DeviceManagerThread - event 69 (499Hz) (Tid=10318)
W/TimeWarp(10266): Warp GPU time: 0.0 ms
W/VrApi (10266): CPU0 Clock 1190 MHz, GPU Clock 300000 MHz, Power Level State 0, normal
W/UnityPlugin(10266): FPS: 7 GPU time: 0.0 ms
W/UnityPlugin(10266): OVR_VrModeParms_SetCpuLevel(): L 2
W/UnityPlugin(10266): OVR_VrModeParms_SetGpuLevel(): L 2
W/UnityPlugin(10266): OVR_TW_SetMinimumVsyncs() 1
W/TimeWarp(10266): Frame 7664 Eye 0 latency 0.010
D/OVR ( 9239): Debug: SensorFusion::handleMessage - RotationRate zero
I/OVR (10266): DeviceManagerThread - event 69 (499Hz) (Tid=10318)
W/UnityPlugin(10266): OVR_VrModeParms_Reset()
W/UnityPlugin(10266): OVR_VrModeParms_Reset: Soft Reset
W/UnityPlugin(10266): OVR_VrModeParms_Reset: Clock Lock Reset
W/VrApi (10266): SetVrPlatformOptions( -1, -1 )
D/VrLib (10266): Available levels: {GPU MIN, GPU MAX, CPU MIN, CPU MAX}
D/VrLib (10266): -> / 0
D/VrLib (10266): -> / 3
D/VrLib (10266): -> / 0
D/VrLib (10266): -> / 3
D/VrLib (10266): setSystemPerformance cpu: -1 gpu: -1
D/VrLib (10266): Fixed clock level API exists
W/TimeWarp(10266): Warp GPU time: 0.0 ms
V/VRSVC (10291): at (VRManagerService.java:460) yTqX() [SIOP : 0]
V/VRSVC (10291): at (VRManagerService.java:461) yTqX() [PLATFORM : apq8084]
V/VRSVC (10291): at (VRManagerService.java:310) wtkw() [Release GPU minLock COMPLETE: com.climaxstudios.BanditSix]
V/VRSVC (10291): at (VRManagerService.java:314) wtkw() [Release GPU maxLock COMPLETE: com.climaxstudios.BanditSix]
V/VRSVC (10291): at (VRManagerService.java:335) yTqX() [Release CPU minLock COMPLETE: com.climaxstudios.BanditSix]
D/CustomFrequencyManagerService( 942): releaseDVFSLockLocked : Getting Lock type frm List : DVFS_MIN_LIMIT frequency : 1190400 uid : 1000 pid : 942 tag : VR_CPU_MIN@1
D/CustomFrequencyManagerService( 942): releaseDVFSLockLocked : Getting Lock type frm List : DVFS_MAX_LIMIT frequency : 1190400 uid : 1000 pid : 942 tag : VR_CPU_MAX@2
V/VRSVC (10291): at (VRManagerService.java:339) yTqX() [Release CPU maxLock COMPLETE: com.climaxstudios.BanditSix]
V/VRSVC (10291): at (VRManagerService.java:537) yTqX() [SetVrClocks release]
D/VrLib (10266): Releasing frequency lock
W/VrApi (10266): CPU Clock = 0 MHz
W/VrApi (10266): GPU Clock = 0 MHz
W/VrApi (10266): SetVrPlatformOptions( 2, 2 )
D/VrLib (10266): Available levels: {GPU MIN, GPU MAX, CPU MIN, CPU MAX}
D/VrLib (10266): -> / 0
D/VrLib (10266): -> / 3
D/VrLib (10266): -> / 0
D/VrLib (10266): -> / 3
W/VrApi (10266): CPU levels [0, 3]
W/VrApi (10266): GPU levels [0, 3]
D/VrLib (10266): setSystemPerformance cpu: 2 gpu: 2
D/VrLib (10266): Fixed clock level API exists
V/VRSVC (10291): at (VRManagerService.java:460) yTqX() [SIOP : 0]
V/VRSVC (10291): at (VRManagerService.java:461) yTqX() [PLATFORM : apq8084]
V/VRSVC (10291): at (VRManagerService.java:239) uWFZ() [getDevelopermode : 1]
V/VRSVC (10291): at (VRManagerService.java:576) wtkw() [Set CPU minLock COMPLETE: com.climaxstudios.BanditSix 1497600]
D/CustomFrequencyManagerService( 942): acquireDVFSLockLocked : type : DVFS_MIN_LIMIT frequency : 1497600 uid : 1000 pid : 942 pkgName : VR_CPU_MIN@1
D/CustomFrequencyManagerService( 942): acquireDVFSLockLocked : type : DVFS_MAX_LIMIT frequency : 1497600 uid : 1000 pid : 942 pkgName : VR_CPU_MAX@2
V/VRSVC (10291): at (VRManagerService.java:588) wtkw() [Set CPU maxLock COMPLETE: com.climaxstudios.BanditSix 1497600]
V/VRSVC (10291): at (VRManagerService.java:239) uWFZ() [getDevelopermode : 1]
E/VRSVC (10291): at (VRManagerService.java:621) QdBd() [Set GPU minLock COMPLETE: com.climaxstudios.BanditSix 389000000]
V/VRSVC (10291): at (VRManagerService.java:632) QdBd() [Set GPU maxLock COMPLETE: com.climaxstudios.BanditSix 389000000]
V/VRSVC (10291): at (VRManagerService.java:551) yTqX() [(2:2:com.climaxstudios.BanditSix) (1497600:389000000:883200:240000000) pkg: com.climaxstudios.BanditSix]
D/VrLib (10266): SetVrClocks: {CPU CLOCK, GPU CLOCK, POWERSAVE CPU CLOCK, POWERSAVE GPU CLOCK}
D/VrLib (10266): -> / 1497600
D/VrLib (10266): -> / 389000000
D/VrLib (10266): -> / 883200
D/VrLib (10266): -> / 240000000
W/VrApi (10266): CPU Clock = 1497 MHz
W/VrApi (10266): GPU Clock = 389 MHz
W/VrApi (10266): CPU0 Clock 1497 MHz, GPU Clock 389000 MHz, Power Level State 0, normal
W/UnityPlugin(10266): FPS: 16 GPU time: 0.0 ms
D/OVR ( 9239): Debug: SensorFusion::handleMessage - RotationRate zero
I/OVR (10266): DeviceManagerThread - event 69 (499Hz) (Tid=10318)
W/TimeWarp(10266): Warp GPU time: 0.0 ms
W/VrApi (10266): CPU0 Clock 1497 MHz, GPU Clock 389000 MHz, Power Level State 0, normal
W/UnityPlugin(10266): FPS: 56 GPU time: 0.0 ms
V/AlarmManager( 942): waitForAlarm result :8
E/Watchdog( 942): !@Sync 215
I/OVR (10266): DeviceManagerThread - event 69 (498Hz) (Tid=10318)
W/TimeWarp(10266): Warp GPU time: 0.0 ms
W/VrApi (10266): CPU0 Clock 1497 MHz, GPU Clock 389000 MHz, Power Level State 0, normal
W/UnityPlugin(10266): FPS: 60 GPU time: 0.0 ms
D/OVR ( 9239): Debug: SensorFusion::handleMessage - RotationRate zero
I/OVR (10266): DeviceManagerThread - event 69 (499Hz) (Tid=10318)
D/OVR ( 9239): Debug: SensorFusion::handleMessage - RotationRate zero
W/VrApi (10266): CPU0 Clock 1497 MHz, GPU Clock 389000 MHz, Power Level State 0, normal
W/UnityPlugin(10266): FPS: 59 GPU time: 0.0 ms
W/TimeWarp(10266): Warp GPU time: 0.0 ms
D/OVR ( 9239): Debug: SensorFusion::handleMessage - RotationRate zero
D/OVR ( 9239): Debug: SensorFusion::handleMessage - RotationRate zero
I/OVR (10266): DeviceManagerThread - event 69 (499Hz) (Tid=10318)
W/TimeWarp(10266): Warp GPU time: 0.0 ms
W/VrApi (10266): CPU0 Clock 1497 MHz, GPU Clock 389000 MHz, Power Level State 0, normal
W/UnityPlugin(10266): FPS: 60 GPU time: 0.0 ms
D/OVR ( 9239): Debug: SensorFusion::handleMessage - RotationRate zero
D/VrLib (10266): OvrPhoneStateListener.onSignalStrengthsChanged4
W/VrApi (10266): nativeCellularSignalEvent( 4 )
D/STATUSBAR-NetworkController( 1224): onSignalStrengthsChanged signalStrength=SignalStrength: 18 -1 -1 -1 -1 -1 -1 99 2147483647 2147483647 2147483647 -1 2147483647 gsm|lte 0x4 level=4
I/OVR (10266): DeviceManagerThread - event 69 (498Hz) (Tid=10318)
D/OVR ( 9239): Debug: SensorFusion::handleMessage - RotationRate zero
W/TimeWarp(10266): Warp GPU time: 0.0 ms
W/VrApi (10266): CPU0 Clock 1497 MHz, GPU Clock 389000 MHz, Power Level State 0, normal
W/UnityPlugin(10266): FPS: 60 GPU time: 0.0 ms
D/OVR ( 9239): Debug: SensorFusion::handleMessage - RotationRate zero
W/TimeWarp(10266): WarpSwap: usleep( 216 )
D/OVR ( 9239): Debug: SensorFusion::handleMessage - RotationRate zero
I/OVR (10266): DeviceManagerThread - event 69 (499Hz) (Tid=10318)
D/OVR ( 9239): Debug: SensorFusion::handleMessage - RotationRate zero
W/TimeWarp(10266): Warp GPU time: 0.0 ms
W/VrApi (10266): CPU0 Clock 1497 MHz, GPU Clock 389000 MHz, Power Level State 0, normal
W/UnityPlugin(10266): FPS: 59 GPU time: 0.0 ms
D/OVR ( 9239): Debug: SensorFusion::handleMessage - RotationRate zero
D/OVR ( 9239): Debug: SensorFusion::handleMessage - RotationRate zero
D/OVR ( 9239): Debug: SensorFusion::handleMessage - RotationRate zero
I/OVR (10266): DeviceManagerThread - event 69 (498Hz) (Tid=10318)
W/VrApi (10266): CPU0 Clock 1497 MHz, GPU Clock 389000 MHz, Power Level State 0, normal
W/UnityPlugin(10266): FPS: 59 GPU time: 0.0 ms
W/TimeWarp(10266): Warp GPU time: 0.0 ms
D/SSRMv3:SsrmController( 942): SIOP:: AP = 430, PST = 426
D/OVR ( 9239): Debug: SensorFusion::handleMessage - RotationRate zero
I/OVR (10266): DeviceManagerThread - event 69 (499Hz) (Tid=10318)
W/VrApi (10266): CPU0 Clock 1497 MHz, GPU Clock 389000 MHz, Power Level State 0, normal
W/UnityPlugin(10266): FPS: 60 GPU time: 0.0 ms
W/TimeWarp(10266): Warp GPU time: 0.0 ms
V/AlarmManager( 942): waitForAlarm result :8
V/AlarmManager( 942): ClockReceiver onReceive() ACTION_TIME_TICK
D/KeyguardUpdateMonitor( 1203): received broadcast android.intent.action.TIME_TICK
D/KeyguardUpdateMonitor( 1203): handleTimeUpdate
D/accuweather( 3183): [KK AccuPhone]>>> WCS:142 [0:0] action : androidintentactionTIME_TICK
D/accuweather( 3183): [KK AccuPhone]>>> UIM:119 [0:0] getInstance
D/accuweather( 3183): [KK AccuPhone]>>> UIM:286 [0:0] direct update clock
D/accuweather( 3183): [KK AccuPhone]>>> RU:74 [0:0] get ww = 339, wh = 160span x = 4, span y = 2
D/accuweather( 3183): [KK AccuPhone]>>> UIM:1428 [0:0] mc sy = 2
D/accuweather( 3183): [KK AccuPhone]>>> RU:74 [0:0] get ww = 339, wh = 160span x = 4, span y = 2
D/accuweather( 3183): [KK AccuPhone]>>> UIM:189 [0:0] get widget 4x2 view!!! wid = 1
E/accuweather( 3183): [KK AccuPhone]>>> UIM:1466 [0:0] bTM 14 46
I/OVR (10266): DeviceManagerThread - event 69 (498Hz) (Tid=10318)
W/TimeWarp(10266): Warp GPU time: 0.0 ms
W/VrApi (10266): CPU0 Clock 1497 MHz, GPU Clock 389000 MHz, Power Level State 0, normal
W/UnityPlugin(10266): FPS: 60 GPU time: 0.0 ms
D/OVR ( 9239): Debug: SensorFusion::handleMessage - RotationRate zero
D/OVR ( 9239): Debug: SensorFusion::handleMessage - RotationRate zero
D/OVR ( 9239): Debug: SensorFusion::handleMessage - RotationRate zero
I/OVR (10266): DeviceManagerThread - event 69 (499Hz) (Tid=10318)
W/TimeWarp(10266): Warp GPU time: 0.0 ms
W/VrApi (10266): CPU0 Clock 1497 MHz, GPU Clock 389000 MHz, Power Level State 0, normal
W/UnityPlugin(10266): FPS: 60 GPU time: 0.0 ms
D/OVR ( 9239): Debug: SensorFusion::handleMessage - RotationRate zero
D/OVR ( 9239): Debug: SensorFusion::handleMessage - RotationRate zero
W/UnityPlugin(10266): OVR_VrModeParms_SetCpuLevel(): L 1
W/UnityPlugin(10266): OVR_VrModeParms_SetGpuLevel(): L 1
W/UnityPlugin(10266): OVR_TW_SetMinimumVsyncs() 2
W/UnityPlugin(10266): OVR_VrModeParms_Reset()
W/UnityPlugin(10266): OVR_VrModeParms_Reset: Soft Reset
W/UnityPlugin(10266): OVR_VrModeParms_Reset: Clock Lock Reset
W/VrApi (10266): SetVrPlatformOptions( -1, -1 )
D/VrLib (10266): Available levels: {GPU MIN, GPU MAX, CPU MIN, CPU MAX}
D/VrLib (10266): -> / 0
D/VrLib (10266): -> / 3
D/VrLib (10266): -> / 0
D/VrLib (10266): -> / 3
D/VrLib (10266): setSystemPerformance cpu: -1 gpu: -1
D/VrLib (10266): Fixed clock level API exists
V/VRSVC (10291): at (VRManagerService.java:460) yTqX() [SIOP : 0]
V/VRSVC (10291): at (VRManagerService.java:461) yTqX() [PLATFORM : apq8084]
V/VRSVC (10291): at (VRManagerService.java:310) wtkw() [Release GPU minLock COMPLETE: com.climaxstudios.BanditSix]
V/VRSVC (10291): at (VRManagerService.java:314) wtkw() [Release GPU maxLock COMPLETE: com.climaxstudios.BanditSix]
D/CustomFrequencyManagerService( 942): releaseDVFSLockLocked : Getting Lock type frm List : DVFS_MIN_LIMIT frequency : 1497600 uid : 1000 pid : 942 tag : VR_CPU_MIN@1
V/VRSVC (10291): at (VRManagerService.java:335) yTqX() [Release CPU minLock COMPLETE: com.climaxstudios.BanditSix]
V/VRSVC (10291): at (VRManagerService.java:339) yTqX() [Release CPU maxLock COMPLETE: com.climaxstudios.BanditSix]
V/VRSVC (10291): at (VRManagerService.java:537) yTqX() [SetVrClocks release]
D/VrLib (10266): Releasing frequency lock
W/VrApi (10266): CPU Clock = 0 MHz
W/VrApi (10266): GPU Clock = 0 MHz
W/VrApi (10266): SetVrPlatformOptions( 1, 1 )
D/VrLib (10266): Available levels: {GPU MIN, GPU MAX, CPU MIN, CPU MAX}
D/VrLib (10266): -> / 0
D/VrLib (10266): -> / 3
D/VrLib (10266): -> / 0
D/VrLib (10266): -> / 3
W/VrApi (10266): CPU levels [0, 3]
W/VrApi (10266): GPU levels [0, 3]
D/VrLib (10266): setSystemPerformance cpu: 1 gpu: 1
D/CustomFrequencyManagerService( 942): releaseDVFSLockLocked : Getting Lock type frm List : DVFS_MAX_LIMIT frequency : 1497600 uid : 1000 pid : 942 tag : VR_CPU_MAX@2
D/VrLib (10266): Fixed clock level API exists
V/VRSVC (10291): at (VRManagerService.java:460) yTqX() [SIOP : 0]
V/VRSVC (10291): at (VRManagerService.java:461) yTqX() [PLATFORM : apq8084]
V/VRSVC (10291): at (VRManagerService.java:239) uWFZ() [getDevelopermode : 1]
V/VRSVC (10291): at (VRManagerService.java:576) wtkw() [Set CPU minLock COMPLETE: com.climaxstudios.BanditSix 1190400]
D/CustomFrequencyManagerService( 942): acquireDVFSLockLocked : type : DVFS_MIN_LIMIT frequency : 1190400 uid : 1000 pid : 942 pkgName : VR_CPU_MIN@1
D/CustomFrequencyManagerService( 942): acquireDVFSLockLocked : type : DVFS_MAX_LIMIT frequency : 1190400 uid : 1000 pid : 942 pkgName : VR_CPU_MAX@2
V/VRSVC (10291): at (VRManagerService.java:588) wtkw() [Set CPU maxLock COMPLETE: com.climaxstudios.BanditSix 1190400]
V/VRSVC (10291): at (VRManagerService.java:239) uWFZ() [getDevelopermode : 1]
E/VRSVC (10291): at (VRManagerService.java:621) QdBd() [Set GPU minLock COMPLETE: com.climaxstudios.BanditSix 300000000]
V/VRSVC (10291): at (VRManagerService.java:632) QdBd() [Set GPU maxLock COMPLETE: com.climaxstudios.BanditSix 300000000]
V/VRSVC (10291): at (VRManagerService.java:551) yTqX() [(1:1:com.climaxstudios.BanditSix) (1190400:300000000:883200:240000000) pkg: com.climaxstudios.BanditSix]
D/VrLib (10266): SetVrClocks: {CPU CLOCK, GPU CLOCK, POWERSAVE CPU CLOCK, POWERSAVE GPU CLOCK}
D/VrLib (10266): -> / 1190400
D/VrLib (10266): -> / 300000000
D/VrLib (10266): -> / 883200
D/VrLib (10266): -> / 240000000
W/VrApi (10266): CPU Clock = 1190 MHz
W/VrApi (10266): GPU Clock = 300 MHz
I/OVR (10266): DeviceManagerThread - event 69 (499Hz) (Tid=10318)
D/OVR ( 9239): Debug: SensorFusion::handleMessage - RotationRate zero
W/TimeWarp(10266): Warp GPU time: 0.0 ms
D/OVR ( 9239): Debug: SensorFusion::handleMessage - RotationRate zero
W/TimeWarp(10266): Changing vsync from 8360.000000 to 8363.000000
W/VrApi (10266): CPU0 Clock 1190 MHz, GPU Clock 300000 MHz, Power Level State 0, normal
W/UnityPlugin(10266): FPS: 38 GPU time: 0.0 ms
D/OVR ( 9239): Debug: SensorFusion::handleMessage - RotationRate zero
I/OVR (10266): DeviceManagerThread - event 69 (498Hz) (Tid=10318)
W/TimeWarp(10266): Frame 8397 Eye 1 latency 0.009
W/TimeWarp(10266): Frame 8398 Eye 0 latency 0.009
W/TimeWarp(10266): Warp GPU time: 0.0 ms
W/VrApi (10266): CPU0 Clock 1190 MHz, GPU Clock 300000 MHz, Power Level State 0, normal
W/UnityPlugin(10266): FPS: 14 GPU time: 0.0 ms
D/OVR ( 9239): Debug: SensorFusion::handleMessage - RotationRate zero
D/OVR ( 9239): Debug: SensorFusion::handleMessage - RotationRate zero
D/OVR ( 9239): Debug: SensorFusion::handleMessage - RotationRate zero
D/OVR ( 9239): Debug: SensorFusion::handleMessage - RotationRate zero
I/OVR (10266): DeviceManagerThread - event 69 (498Hz) (Tid=10318)
W/TimeWarp(10266): WarpSwap: usleep( 955 )
D/OVR ( 9239): Debug: SensorFusion::handleMessage - RotationRate zero
W/TimeWarp(10266): Warp GPU time: 0.0 ms
W/VrApi (10266): CPU0 Clock 1190 MHz, GPU Clock 300000 MHz, Power Level State 0, normal
W/UnityPlugin(10266): FPS: 3 GPU time: 0.0 ms
I/OVR (10266): DeviceManagerThread - event 69 (499Hz) (Tid=10318)
W/TimeWarp(10266): Warp GPU time: 0.0 ms
W/VrApi (10266): CPU0 Clock 1190 MHz, GPU Clock 300000 MHz, Power Level State 0, normal
W/UnityPlugin(10266): FPS: 10 GPU time: 0.0 ms
W/TimeWarp(10266): Frame 8552 Eye 0 latency 0.019
W/TimeWarp(10266): Frame 8554 Eye 1 latency 0.025
W/TimeWarp(10266): Frame 8563 Eye 0 latency 0.019
I/OVR (10266): DeviceManagerThread - event 69 (498Hz) (Tid=10318)
W/TimeWarp(10266): Frame 8578 Eye 1 latency 0.010
W/TimeWarp(10266): Warp GPU time: 0.0 ms
D/OVR ( 9239): Debug: SensorFusion::handleMessage - RotationRate zero
W/TimeWarp(10266): TimeWarp Watchdog: removed SCHED_FIFO from tid 10305
D/VrLib (10266): setSchedFifoStatic tid:10305 pto:0
D/VrLib (10266): VRManager set thread priority to 0
W/TimeWarp(10266): TimeWarp Watchdog: removed SCHED_FIFO from tid 10287
D/VrLib (10266): setSchedFifoStatic tid:10287 pto:0
V/VRManagerService( 942): ---- demoteProcessThread 'com.climaxstudios.BanditSix' requestPriority(pid=10266, tid=10305, prio=0 ----
D/VrLib (10266): VRManager set thread priority to 0
V/VRManagerService( 942): ---- demoteProcessThread 'com.climaxstudios.BanditSix' requestPriority(pid=10266, tid=10287, prio=0 ----
D/OVR ( 9239): Debug: SensorFusion::handleMessage - RotationRate zero
I/OVR (10266): DeviceManagerThread - event 69 (499Hz) (Tid=10318)
D/OVR ( 9239): Debug: SensorFusion::handleMessage - RotationRate zero
D/VrLib (10266): OvrPhoneStateListener.onSignalStrengthsChanged4
W/VrApi (10266): nativeCellularSignalEvent( 4 )
D/STATUSBAR-NetworkController( 1224): onSignalStrengthsChanged signalStrength=SignalStrength: 18 -1 -1 -1 -1 -1 -1 99 2147483647 2147483647 2147483647 -1 2147483647 gsm|lte 0x4 level=4
V/AlarmManager( 942): waitForAlarm result :8
W/TimeWarp(10266): Warp GPU time: 0.0 ms
I/OVR (10266): DeviceManagerThread - event 69 (499Hz) (Tid=10318)
W/TimeWarp(10266): Warp GPU time: 0.0 ms
D/OVR ( 9239): Debug: SensorFusion::handleMessage - RotationRate zero
D/OVR ( 9239): Debug: SensorFusion::handleMessage - RotationRate zero
D/OVR ( 9239): Debug: SensorFusion::handleMessage - RotationRate zero
D/OVR ( 9239): Debug: SensorFusion::handleMessage - RotationRate zero
D/SSRMv3:SsrmController( 942): SIOP:: AP = 430, PST = 427
I/OVR (10266): DeviceManagerThread - event 69 (498Hz) (Tid=10318)
D/OVR ( 9239): Debug: SensorFusion::handleMessage - RotationRate zero
D/OVR ( 9239): Debug: SensorFusion::handleMessage - RotationRate zero
W/TimeWarp(10266): Warp GPU time: 0.0 ms
W/TimeWarp(10266): Frame 8788 Eye 0 latency 0.024
W/TimeWarp(10266): TimeWarp Watchdog: restored SCHED_FIFO on tid 10305
D/VrLib (10266): setSchedFifoStatic tid:10305 pto:1
D/VrLib (10266): VRManager set thread priority to 1
W/TimeWarp(10266): TimeWarp Watchdog: restored SCHED_FIFO on tid 10287
D/VrLib (10266): setSchedFifoStatic tid:10287 pto:1
V/VRManagerService( 942): ---- elevateProcessThread 'com.climaxstudios.BanditSix' requestPriority(pid=10266, tid=10305, prio=1 ----
D/VrLib (10266): VRManager set thread priority to 1
W/VrApi (10266): CPU0 Clock 1190 MHz, GPU Clock 300000 MHz, Power Level State 0, normal
W/UnityPlugin(10266): FPS: 16 GPU time: 0.0 ms
V/VRManagerService( 942): ---- elevateProcessThread 'com.climaxstudios.BanditSix' requestPriority(pid=10266, tid=10287, prio=1 ----
W/TimeWarp(10266): Frame 8790 Eye 1 latency 0.008
I/OVR (10266): DeviceManagerThread - event 69 (499Hz) (Tid=10318)
W/TimeWarp(10266): Frame 8808 Eye 0 latency 0.009
W/TimeWarp(10266): Frame 8809 Eye 1 latency 0.062
W/TimeWarp(10266): Changing vsync from 8810.000000 to 8814.000000
W/TimeWarp(10266): Frame 8814 Eye 0 latency 0.009
W/TimeWarp(10266): Warp GPU time: 0.0 ms
W/TimeWarp(10266): Frame 8840 Eye 0 latency 0.093
W/TimeWarp(10266): Changing vsync from 8841.000000 to 8847.000000
W/TimeWarp(10266): TimeWarp Watchdog: removed SCHED_FIFO from tid 10305
D/VrLib (10266): setSchedFifoStatic tid:10305 pto:0
D/VrLib (10266): VRManager set thread priority to 0
W/TimeWarp(10266): TimeWarp Watchdog: removed SCHED_FIFO from tid 10287
D/VrLib (10266): setSchedFifoStatic tid:10287 pto:0
D/VrLib (10266): VRManager set thread priority to 0
V/VRManagerService( 942): ---- demoteProcessThread 'com.climaxstudios.BanditSix' requestPriority(pid=10266, tid=10305, prio=0 ----
V/VRManagerService( 942): ---- demoteProcessThread 'com.climaxstudios.BanditSix' requestPriority(pid=10266, tid=10287, prio=0 ----
I/OVR (10266): DeviceManagerThread - event 69 (499Hz) (Tid=10318)
W/TimeWarp(10266): Warp GPU time: 0.0 ms
D/OVR ( 9239): Debug: SensorFusion::handleMessage - RotationRate zero
I/OVR (10266): DeviceManagerThread - event 69 (499Hz) (Tid=10318)
W/TimeWarp(10266): Warp GPU time: 0.0 ms
V/AlarmManager( 942): waitForAlarm result :4
V/AlarmManager( 942): trigger ELAPSED_REALTIME_WAKEUP or RTC_WAKEUP
I/ContactAccountLoggerTas( 1668): canRun() : Opted Out
I/Velvet.VelvetFactory( 1668): refreshing search history.
I/ContactAccountLoggerTas( 1668): canRun() : Opted Out
W/GAV2 ( 1668): Thread[Background Non-Blocking-3,5,main]: dispatch call queued. Need to call GAServiceManager.getInstance().initialize().
I/ContactAccountLoggerTas( 1668): canRun() : Opted Out
E/xxxxxxbtsdcard( 942): checkUser: useridlist=null, currentuser=0
E/xxxxxxbtsdcard( 942): checkUser: useridlist=null, currentuser=0
E/xxxxxxbtsdcard( 942): checkUser: useridlist=null, currentuser=0
E/xxxxxxbtsdcard( 942): checkUser: useridlist=null, currentuser=0
I/SELinux (10507): Function: selinux_android_load_priority , priority [3] , priority version is VE=SEPF_SM-N910F_4.4.4_A024
E/SELinux (10507): [DEBUG] get_category: variable seinfocat: untrusted sensitivity: NULL, cateogry: NULL
E/dalvikvm(10507): >>>>> Normal User
E/dalvikvm(10507): >>>>> com.google.android.partnersetup [ userId:0 | appId:10018 ]
E/SELinux (10507): [DEBUG] get_category: variable seinfocat: untrusted sensitivity: NULL, cateogry: NULL
I/libpersona(10507): KNOX_SDCARD checking this for 10018
I/libpersona(10507): KNOX_SDCARD not a persona
D/TimaKeyStoreProvider(10507): in addTimaSignatureService
D/TimaKeyStoreProvider(10507): Cannot add TimaSignature Service, License check Failed
D/ActivityThread(10507): Added TimaKesytore provider
W/Search.SearchUrlHelper( 1668): Auth token not ready, no auth header set.
D/ConnectivityManager( 1668): getActiveNetworkInfo : NetworkInfo: type: WIFI[], state: CONNECTED/CONNECTED, reason: (unspecified), extra: "ClimaxProduction", roaming: false, failover: false, isAvailable: true, isConnectedToProvisioningNetwork: false
W/TimeWarp(10266): TimeWarp Watchdog: restored SCHED_FIFO on tid 10305
D/VrLib (10266): setSchedFifoStatic tid:10305 pto:1
D/VrLib (10266): VRManager set thread priority to 1
W/TimeWarp(10266): TimeWarp Watchdog: restored SCHED_FIFO on tid 10287
D/VrLib (10266): setSchedFifoStatic tid:10287 pto:1
D/VrLib (10266): VRManager set thread priority to 1
W/VrApi (10266): CPU0 Clock 1190 MHz, GPU Clock 300000 MHz, Power Level State 0, normal
W/UnityPlugin(10266): FPS: 2 GPU time: 0.0 ms
V/VRManagerService( 942): ---- elevateProcessThread 'com.climaxstudios.BanditSix' requestPriority(pid=10266, tid=10305, prio=1 ----
V/VRManagerService( 942): ---- elevateProcessThread 'com.climaxstudios.BanditSix' requestPriority(pid=10266, tid=10287, prio=1 ----
D/dalvikvm( 942): GC_EXPLICIT freed 4794K, 26% free 39983K/53984K, paused 6ms+21ms, total 272ms
I/ActivityManager( 942): Killing 9652:com.sec.spp.push/u0a44 (adj 15): empty #43
I/ContactAccountLoggerTas( 1668): canRun() : Opted Out
D/dalvikvm( 1668): GC_CONCURRENT freed 1942K, 47% free 9798K/18376K, paused 5ms+3ms, total 54ms
I/OVR (10266): DeviceManagerThread - event 69 (499Hz) (Tid=10318)
W/TimeWarp(10266): Warp GPU time: 0.0 ms
W/VrApi (10266): CPU0 Clock 1190 MHz, GPU Clock 300000 MHz, Power Level State 0, normal
W/UnityPlugin(10266): FPS: 15 GPU time: 0.0 ms
D/OVR ( 9239): Debug: SensorFusion::handleMessage - RotationRate zero
D/OVR ( 9239): Debug: SensorFusion::handleMessage - RotationRate zero
W/TimeWarp(10266): Frame 9034 Eye 1 latency 0.008
W/TimeWarp(10266): Frame 9035 Eye 1 latency 0.010
W/TimeWarp(10266): Frame 9036 Eye 0 latency 0.009
W/TimeWarp(10266): Frame 9042 Eye 0 latency 0.009
W/TimeWarp(10266): Frame 9043 Eye 0 latency 0.009
W/TimeWarp(10266): Frame 9043 Eye 1 latency 0.009
W/TimeWarp(10266): Frame 9044 Eye 0 latency 0.009
W/TimeWarp(10266): Frame 9046 Eye 0 latency 0.008
I/OVR (10266): DeviceManagerThread - event 69 (499Hz) (Tid=10318)
W/TimeWarp(10266): Frame 9048 Eye 0 latency 0.008
W/TimeWarp(10266): Frame 9052 Eye 0 latency 0.008
W/TimeWarp(10266): Warp GPU time: 0.0 ms
W/TimeWarp(10266): Frame 9058 Eye 0 latency 0.008
W/VrApi (10266): CPU0 Clock 1190 MHz, GPU Clock 300000 MHz, Power Level State 0, normal
W/UnityPlugin(10266): FPS: 30 GPU time: 0.0 ms
W/TimeWarp(10266): Frame 9062 Eye 0 latency 0.009
W/TimeWarp(10266): Frame 9066 Eye 0 latency 0.008
W/TimeWarp(10266): Frame 9070 Eye 0 latency 0.008
W/TimeWarp(10266): Frame 9083 Eye 1 latency 0.008
W/TimeWarp(10266): Frame 9088 Eye 0 latency 0.008
W/TimeWarp(10266): Frame 9098 Eye 0 latency 0.008
D/OVR ( 9239): Debug: SensorFusion::handleMessage - RotationRate zero
W/TimeWarp(10266): Frame 9100 Eye 0 latency 0.008
W/TimeWarp(10266): Frame 9102 Eye 0 latency 0.009
I/OVR (10266): DeviceManagerThread - event 69 (499Hz) (Tid=10318)
W/TimeWarp(10266): Frame 9113 Eye 0 latency 0.009
W/VrApi (10266): CPU0 Clock 1190 MHz, GPU Clock 300000 MHz, Power Level State 0, normal
W/UnityPlugin(10266): FPS: 29 GPU time: 0.0 ms
W/TimeWarp(10266): Warp GPU time: 0.0 ms
W/TimeWarp(10266): Frame 9124 Eye 0 latency 0.008
W/TimeWarp(10266): Frame 9128 Eye 0 latency 0.008
W/TimeWarp(10266): Frame 9134 Eye 0 latency 0.008
W/TimeWarp(10266): Frame 9136 Eye 0 latency 0.008
W/TimeWarp(10266): Frame 9142 Eye 0 latency 0.008
W/TimeWarp(10266): Frame 9144 Eye 0 latency 0.008
W/TimeWarp(10266): Frame 9146 Eye 0 latency 0.008
W/TimeWarp(10266): Frame 9150 Eye 0 latency 0.008
W/TimeWarp(10266): Frame 9158 Eye 0 latency 0.008
W/TimeWarp(10266): Frame 9162 Eye 0 latency 0.008
W/TimeWarp(10266): Frame 9164 Eye 0 latency 0.008
I/OVR (10266): DeviceManagerThread - event 69 (498Hz) (Tid=10318)
W/TimeWarp(10266): Frame 9170 Eye 0 latency 0.009
D/VrLib (10266): OvrPhoneStateListener.onSignalStrengthsChanged4
W/VrApi (10266): nativeCellularSignalEvent( 4 )
D/STATUSBAR-NetworkController( 1224): onSignalStrengthsChanged signalStrength=SignalStrength: 18 -1 -1 -1 -1 -1 -1 99 2147483647 2147483647 2147483647 -1 2147483647 gsm|lte 0x4 level=4
W/TimeWarp(10266): Warp GPU time: 0.0 ms
W/VrApi (10266): CPU0 Clock 1190 MHz, GPU Clock 300000 MHz, Power Level State 0, normal
W/UnityPlugin(10266): FPS: 30 GPU time: 0.0 ms
W/TimeWarp(10266): Frame 9180 Eye 0 latency 0.008
W/TimeWarp(10266): Frame 9181 Eye 0 latency 0.008
W/TimeWarp(10266): Frame 9188 Eye 0 latency 0.008
W/TimeWarp(10266): Frame 9190 Eye 0 latency 0.008
W/TimeWarp(10266): Frame 9196 Eye 0 latency 0.008
V/AlarmManager( 942): waitForAlarm result :4
D/NtpTrustedTime( 942): currentTimeMillis() cache hit
V/NetworkStats( 942): performPollLocked(flags=0x3)
D/NetworkStatsFactory( 942): UpdateStatsForKnox
V/AlarmManager( 942): trigger ELAPSED_REALTIME_WAKEUP or RTC_WAKEUP
D/ConnectivityService( 942): getLinkProperties for 1000{LinkAddresses: [] Routes: [] DnsAddresses: [] Domains: nullMTU: 0}
D/NtpTrustedTime( 942): currentTimeMillis() cache hit
V/NetworkStats( 942): performPollLocked() took 97ms
D/NtpTrustedTime( 942): currentTimeMillis() cache hit
D/NtpTrustedTime( 942): currentTimeMillis() cache hit
D/ConnectivityManager( 942): getActiveNetworkInfo : NetworkInfo: type: WIFI[], state: CONNECTED/CONNECTED, reason: (unspecified), extra: "ClimaxProduction", roaming: false, failover: false, isAvailable: true, isConnectedToProvisioningNetwork: false
W/TimeWarp(10266): Frame 9206 Eye 0 latency 0.008
W/TimeWarp(10266): Frame 9216 Eye 0 latency 0.008
W/TimeWarp(10266): Frame 9218 Eye 0 latency 0.009
W/TimeWarp(10266): Frame 9224 Eye 0 latency 0.008
I/OVR (10266): DeviceManagerThread - event 69 (499Hz) (Tid=10318)
W/TimeWarp(10266): Frame 9227 Eye 1 latency 0.008
W/TimeWarp(10266): Frame 9230 Eye 0 latency 0.009
W/TimeWarp(10266): Frame 9232 Eye 0 latency 0.009
W/TimeWarp(10266): Warp GPU time: 0.0 ms
W/VrApi (10266): CPU0 Clock 1190 MHz, GPU Clock 300000 MHz, Power Level State 0, normal
W/UnityPlugin(10266): FPS: 30 GPU time: 0.0 ms
W/TimeWarp(10266): Frame 9240 Eye 0 latency 0.008
W/TimeWarp(10266): Frame 9248 Eye 0 latency 0.008
W/TimeWarp(10266): Frame 9250 Eye 0 latency 0.008
D/BatteryService( 942): level:90, scale:100, status:3, health:2, present:true, voltage: 4125, temperature: 317, technology: Li-ion, AC powered:false, USB powered:false, Wireless powered:false, icon:17303771, invalid charger:0, online:13, current avg:-857, charge type:0, power sharing:false, high voltage charger:false, capacity:322000
D/BatteryService( 942): Sending ACTION_BATTERY_CHANGED.
D/UiModeManager( 942): mCoverManager.getCoverState() : true
D/KeyguardUpdateMonitor( 1203): received broadcast android.intent.action.BATTERY_CHANGED
D/KeyguardUpdateMonitor( 1203): handleBatteryUpdate
V/HeadsetService( 2464): HeadsetService - Received Intent.ACTION_BATTERY_CHANGED
D/HeadsetStateMachine( 2464): Disconnected process message: 10
D/VrLib (10266): OnReceive BATTERY_ACTION_CHANGED
W/VrApi (10266): nativeBatteryEvent(3, 90, 317)
D/STATUSBAR-PhoneStatusBar( 1224): mBrightnessEnablebySettings = true mBrightnessEnablebyBattery = true mBrightnessEnablebyDisableFlag = true mPmsBrightnessEnablebySettings = true
W/TimeWarp(10266): Frame 9276 Eye 0 latency 0.009
D/VRSVC ( 9239): at (HmtService.java:528) onReceive() [intent action=android.intent.action.BATTERY_CHANGED]
V/VRSVC ( 9239): at (HmtService.java:639) wtkw() [handleIntentBattery batteryLevel=90]
D/BatteryMeterView( 1224): ACTION_BATTERY_CHANGED : level:90 status:3 health:2
W/TimeWarp(10266): Frame 9277 Eye 1 latency 0.009
W/TimeWarp(10266): Frame 9282 Eye 0 latency 0.008
W/TimeWarp(10266): Frame 9284 Eye 0 latency 0.008
I/OVR (10266): DeviceManagerThread - event 69 (498Hz) (Tid=10318)
W/TimeWarp(10266): Frame 9290 Eye 0 latency 0.009
W/TimeWarp(10266): Warp GPU time: 0.0 ms
W/VrApi (10266): CPU0 Clock 1190 MHz, GPU Clock 300000 MHz, Power Level State 0, normal
W/UnityPlugin(10266): FPS: 30 GPU time: 0.0 ms
W/TimeWarp(10266): Frame 9308 Eye 0 latency 0.008
W/TimeWarp(10266): Frame 9310 Eye 0 latency 0.008
W/TimeWarp(10266): Frame 9316 Eye 0 latency 0.008
W/TimeWarp(10266): Frame 9320 Eye 0 latency 0.008
D/OVR ( 9239): Debug: SensorFusion::handleMessage - RotationRate zero
W/TimeWarp(10266): Frame 9326 Eye 0 latency 0.008
W/TimeWarp(10266): Frame 9328 Eye 0 latency 0.009
W/TimeWarp(10266): Frame 9334 Eye 0 latency 0.008
W/TimeWarp(10266): Frame 9340 Eye 0 latency 0.008
D/SSRMv3:SsrmController( 942): SIOP:: AP = 430, PST = 428
W/TimeWarp(10266): Frame 9346 Eye 0 latency 0.009
I/OVR (10266): DeviceManagerThread - event 69 (499Hz) (Tid=10318)
W/TimeWarp(10266): Frame 9348 Eye 0 latency 0.009
W/TimeWarp(10266): Frame 9354 Eye 1 latency 0.008
W/TimeWarp(10266): Frame 9355 Eye 1 latency 0.009
W/TimeWarp(10266): Warp GPU time: 0.0 ms
W/VrApi (10266): CPU0 Clock 1190 MHz, GPU Clock 300000 MHz, Power Level State 0, normal
W/UnityPlugin(10266): FPS: 29 GPU time: 0.0 ms
W/TimeWarp(10266): Frame 9357 Eye 0 latency 0.008
W/TimeWarp(10266): Frame 9360 Eye 0 latency 0.008
W/TimeWarp(10266): Frame 9364 Eye 0 latency 0.008
W/TimeWarp(10266): Frame 9366 Eye 0 latency 0.008
W/TimeWarp(10266): Frame 9368 Eye 0 latency 0.009
W/TimeWarp(10266): Frame 9370 Eye 0 latency 0.009
W/TimeWarp(10266): Frame 9374 Eye 0 latency 0.008
W/TimeWarp(10266): Frame 9376 Eye 0 latency 0.009
W/TimeWarp(10266): Frame 9378 Eye 0 latency 0.008
W/TimeWarp(10266): Frame 9382 Eye 0 latency 0.008
W/TimeWarp(10266): Frame 9384 Eye 0 latency 0.008
W/TimeWarp(10266): Frame 9388 Eye 0 latency 0.008
W/TimeWarp(10266): Frame 9390 Eye 0 latency 0.009
W/TimeWarp(10266): Frame 9396 Eye 0 latency 0.008
W/TimeWarp(10266): Frame 9400 Eye 0 latency 0.008
W/TimeWarp(10266): Frame 9406 Eye 0 latency 0.009
I/OVR (10266): DeviceManagerThread - event 69 (498Hz) (Tid=10318)
W/TimeWarp(10266): Frame 9408 Eye 0 latency 0.009
W/TimeWarp(10266): Frame 9411 Eye 0 latency 0.009
W/TimeWarp(10266): Frame 9413 Eye 1 latency 0.008
W/TimeWarp(10266): Warp GPU time: 0.0 ms
W/VrApi (10266): CPU0 Clock 1190 MHz, GPU Clock 300000 MHz, Power Level State 0, normal
W/UnityPlugin(10266): FPS: 30 GPU time: 0.0 ms
W/TimeWarp(10266): Frame 9417 Eye 1 latency 0.009
W/TimeWarp(10266): Frame 9420 Eye 0 latency 0.008
W/TimeWarp(10266): Frame 9426 Eye 0 latency 0.009
D/OVR ( 9239): Debug: SensorFusion::handleMessage - RotationRate zero
W/TimeWarp(10266): Frame 9430 Eye 0 latency 0.008
W/TimeWarp(10266): Frame 9432 Eye 0 latency 0.009
W/TimeWarp(10266): Frame 9440 Eye 0 latency 0.008
W/TimeWarp(10266): Frame 9442 Eye 0 latency 0.009
D/OVR ( 9239): Debug: SensorFusion::handleMessage - RotationRate zero
W/TimeWarp(10266): Frame 9452 Eye 0 latency 0.008
W/TimeWarp(10266): Frame 9458 Eye 0 latency 0.008
W/TimeWarp(10266): Frame 9460 Eye 0 latency 0.008
W/TimeWarp(10266): Frame 9466 Eye 0 latency 0.008
I/OVR (10266): DeviceManagerThread - event 69 (499Hz) (Tid=10318)
W/TimeWarp(10266): Frame 9472 Eye 0 latency 0.008
W/TimeWarp(10266): Warp GPU time: 0.0 ms
W/TimeWarp(10266): Frame 9476 Eye 0 latency 0.008
W/VrApi (10266): CPU0 Clock 1190 MHz, GPU Clock 300000 MHz, Power Level State 0, normal
W/UnityPlugin(10266): FPS: 30 GPU time: 0.0 ms
W/TimeWarp(10266): Frame 9481 Eye 0 latency 0.009
W/TimeWarp(10266): Frame 9484 Eye 0 latency 0.008
W/TimeWarp(10266): Frame 9486 Eye 0 latency 0.009
W/TimeWarp(10266): Frame 9488 Eye 0 latency 0.008
W/TimeWarp(10266): Frame 9490 Eye 0 latency 0.008
W/TimeWarp(10266): Frame 9494 Eye 0 latency 0.008
W/TimeWarp(10266): Frame 9496 Eye 0 latency 0.009
W/TimeWarp(10266): Frame 9498 Eye 0 latency 0.008
W/TimeWarp(10266): Frame 9500 Eye 0 latency 0.009
W/TimeWarp(10266): Frame 9504 Eye 0 latency 0.008
D/OVR ( 9239): Debug: SensorFusion::handleMessage - RotationRate zero
W/TimeWarp(10266): Frame 9512 Eye 0 latency 0.008
W/TimeWarp(10266): Frame 9514 Eye 0 latency 0.008
W/TimeWarp(10266): Frame 9516 Eye 0 latency 0.009
W/TimeWarp(10266): Frame 9520 Eye 0 latency 0.008
D/OVR ( 9239): Debug: SensorFusion::handleMessage - RotationRate zero
W/TimeWarp(10266): Frame 9522 Eye 0 latency 0.009
W/TimeWarp(10266): Frame 9526 Eye 0 latency 0.008
I/OVR (10266): DeviceManagerThread - event 69 (499Hz) (Tid=10318)
W/TimeWarp(10266): Frame 9528 Eye 0 latency 0.009
W/TimeWarp(10266): Warp GPU time: 0.0 ms
W/TimeWarp(10266): Frame 9536 Eye 0 latency 0.008
W/VrApi (10266): CPU0 Clock 1190 MHz, GPU Clock 300000 MHz, Power Level State 0, normal
W/UnityPlugin(10266): FPS: 30 GPU time: 0.0 ms
W/TimeWarp(10266): Frame 9540 Eye 0 latency 0.008
W/TimeWarp(10266): Frame 9546 Eye 0 latency 0.008
W/TimeWarp(10266): Frame 9548 Eye 0 latency 0.008
D/OVR ( 9239): Debug: SensorFusion::handleMessage - RotationRate zero
W/TimeWarp(10266): Frame 9554 Eye 0 latency 0.008
W/TimeWarp(10266): Frame 9560 Eye 0 latency 0.008
W/TimeWarp(10266): Frame 9562 Eye 0 latency 0.008
W/TimeWarp(10266): Frame 9564 Eye 0 latency 0.009
E/Watchdog( 942): !@Sync 216
W/TimeWarp(10266): Frame 9566 Eye 0 latency 0.008
W/TimeWarp(10266): Frame 9570 Eye 0 latency 0.008
W/TimeWarp(10266): Frame 9573 Eye 0 latency 0.009
W/TimeWarp(10266): Frame 9573 Eye 1 latency 0.009
W/TimeWarp(10266): Frame 9580 Eye 0 latency 0.009
W/TimeWarp(10266): Frame 9582 Eye 0 latency 0.008
I/OVR (10266): DeviceManagerThread - event 69 (498Hz) (Tid=10318)
W/TimeWarp(10266): Frame 9588 Eye 0 latency 0.008
W/TimeWarp(10266): Frame 9592 Eye 0 latency 0.008
W/TimeWarp(10266): Frame 9594 Eye 0 latency 0.008
W/TimeWarp(10266): Warp GPU time: 0.0 ms
W/TimeWarp(10266): Frame 9596 Eye 0 latency 0.008
W/VrApi (10266): CPU0 Clock 1190 MHz, GPU Clock 300000 MHz, Power Level State 0, normal
W/UnityPlugin(10266): FPS: 30 GPU time: 0.0 ms
D/OVR ( 9239): Debug: SensorFusion::handleMessage - RotationRate zero
W/TimeWarp(10266): Frame 9602 Eye 0 latency 0.008
W/TimeWarp(10266): Frame 9606 Eye 0 latency 0.009
W/TimeWarp(10266): Frame 9608 Eye 0 latency 0.008
W/TimeWarp(10266): Frame 9614 Eye 0 latency 0.008
W/TimeWarp(10266): Frame 9620 Eye 0 latency 0.008
W/TimeWarp(10266): Frame 9624 Eye 0 latency 0.008
W/TimeWarp(10266): Frame 9626 Eye 0 latency 0.008
W/TimeWarp(10266): Frame 9630 Eye 0 latency 0.009
W/TimeWarp(10266): Frame 9632 Eye 0 latency 0.008
W/TimeWarp(10266): Frame 9634 Eye 0 latency 0.009
W/TimeWarp(10266): Frame 9636 Eye 0 latency 0.008
W/TimeWarp(10266): Frame 9642 Eye 0 latency 0.008
W/TimeWarp(10266): Frame 9644 Eye 0 latency 0.009
I/OVR (10266): DeviceManagerThread - event 69 (499Hz) (Tid=10318)
W/TimeWarp(10266): Frame 9648 Eye 0 latency 0.009
W/TimeWarp(10266): Frame 9650 Eye 0 latency 0.008
W/TimeWarp(10266): Frame 9651 Eye 1 latency 0.008
W/TimeWarp(10266): Frame 9652 Eye 0 latency 0.009
W/TimeWarp(10266): Frame 9653 Eye 1 latency 0.008
W/TimeWarp(10266): Frame 9654 Eye 0 latency 0.009
W/VrApi (10266): CPU0 Clock 1190 MHz, GPU Clock 300000 MHz, Power Level State 0, normal
W/UnityPlugin(10266): FPS: 29 GPU time: 0.0 ms
W/TimeWarp(10266): Frame 9655 Eye 1 latency 0.008
W/TimeWarp(10266): Warp GPU time: 0.0 ms
W/TimeWarp(10266): Frame 9656 Eye 1 latency 0.008
W/TimeWarp(10266): Frame 9657 Eye 1 latency 0.008
W/TimeWarp(10266): Frame 9658 Eye 0 latency 0.009
W/TimeWarp(10266): Frame 9659 Eye 1 latency 0.008
W/TimeWarp(10266): Frame 9662 Eye 0 latency 0.009
D/OVR ( 9239): Debug: SensorFusion::handleMessage - RotationRate zero
W/TimeWarp(10266): Frame 9663 Eye 1 latency 0.008
W/TimeWarp(10266): Frame 9664 Eye 0 latency 0.009
W/TimeWarp(10266): Frame 9665 Eye 1 latency 0.008
W/TimeWarp(10266): Frame 9666 Eye 0 latency 0.009
W/TimeWarp(10266): Frame 9667 Eye 1 latency 0.009
W/TimeWarp(10266): Frame 9668 Eye 0 latency 0.009
W/UnityPlugin(10266): OVR_VrModeParms_SetCpuLevel(): L 1
W/UnityPlugin(10266): OVR_VrModeParms_SetGpuLevel(): L 1
W/UnityPlugin(10266): OVR_TW_SetMinimumVsyncs() 2
W/TimeWarp(10266): Frame 9670 Eye 0 latency 0.011
W/UnityPlugin(10266): OVR_VrModeParms_Reset()
W/UnityPlugin(10266): OVR_VrModeParms_Reset: Soft Reset
W/UnityPlugin(10266): OVR_VrModeParms_Reset: Clock Lock Reset
W/VrApi (10266): SetVrPlatformOptions( -1, -1 )
D/VrLib (10266): Available levels: {GPU MIN, GPU MAX, CPU MIN, CPU MAX}
D/VrLib (10266): -> / 0
D/VrLib (10266): -> / 3
D/VrLib (10266): -> / 0
D/VrLib (10266): -> / 3
D/VrLib (10266): setSystemPerformance cpu: -1 gpu: -1
D/VrLib (10266): Fixed clock level API exists
V/VRSVC (10291): at (VRManagerService.java:460) yTqX() [SIOP : 0]
V/VRSVC (10291): at (VRManagerService.java:461) yTqX() [PLATFORM : apq8084]
V/VRSVC (10291): at (VRManagerService.java:310) wtkw() [Release GPU minLock COMPLETE: com.climaxstudios.BanditSix]
V/VRSVC (10291): at (VRManagerService.java:314) wtkw() [Release GPU maxLock COMPLETE: com.climaxstudios.BanditSix]
V/VRSVC (10291): at (VRManagerService.java:335) yTqX() [Release CPU minLock COMPLETE: com.climaxstudios.BanditSix]
D/CustomFrequencyManagerService( 942): releaseDVFSLockLocked : Getting Lock type frm List : DVFS_MIN_LIMIT frequency : 1190400 uid : 1000 pid : 942 tag : VR_CPU_MIN@1
D/CustomFrequencyManagerService( 942): releaseDVFSLockLocked : Getting Lock type frm List : DVFS_MAX_LIMIT frequency : 1190400 uid : 1000 pid : 942 tag : VR_CPU_MAX@2
V/VRSVC (10291): at (VRManagerService.java:339) yTqX() [Release CPU maxLock COMPLETE: com.climaxstudios.BanditSix]
V/VRSVC (10291): at (VRManagerService.java:537) yTqX() [SetVrClocks release]
D/VrLib (10266): Releasing frequency lock
W/VrApi (10266): CPU Clock = 0 MHz
W/VrApi (10266): GPU Clock = 0 MHz
W/VrApi (10266): SetVrPlatformOptions( 1, 1 )
D/VrLib (10266): Available levels: {GPU MIN, GPU MAX, CPU MIN, CPU MAX}
D/VrLib (10266): -> / 0
D/VrLib (10266): -> / 3
D/VrLib (10266): -> / 0
D/VrLib (10266): -> / 3
W/VrApi (10266): CPU levels [0, 3]
W/VrApi (10266): GPU levels [0, 3]
D/VrLib (10266): setSystemPerformance cpu: 1 gpu: 1
D/VrLib (10266): Fixed clock level API exists
V/VRSVC (10291): at (VRManagerService.java:460) yTqX() [SIOP : 0]
V/VRSVC (10291): at (VRManagerService.java:461) yTqX() [PLATFORM : apq8084]
V/VRSVC (10291): at (VRManagerService.java:239) uWFZ() [getDevelopermode : 1]
V/VRSVC (10291): at (VRManagerService.java:576) wtkw() [Set CPU minLock COMPLETE: com.climaxstudios.BanditSix 1190400]
D/CustomFrequencyManagerService( 942): acquireDVFSLockLocked : type : DVFS_MIN_LIMIT frequency : 1190400 uid : 1000 pid : 942 pkgName : VR_CPU_MIN@1
D/CustomFrequencyManagerService( 942): acquireDVFSLockLocked : type : DVFS_MAX_LIMIT frequency : 1190400 uid : 1000 pid : 942 pkgName : VR_CPU_MAX@2
V/VRSVC (10291): at (VRManagerService.java:588) wtkw() [Set CPU maxLock COMPLETE: com.climaxstudios.BanditSix 1190400]
V/VRSVC (10291): at (VRManagerService.java:239) uWFZ() [getDevelopermode : 1]
E/VRSVC (10291): at (VRManagerService.java:621) QdBd() [Set GPU minLock COMPLETE: com.climaxstudios.BanditSix 300000000]
V/VRSVC (10291): at (VRManagerService.java:632) QdBd() [Set GPU maxLock COMPLETE: com.climaxstudios.BanditSix 300000000]
V/VRSVC (10291): at (VRManagerService.java:551) yTqX() [(1:1:com.climaxstudios.BanditSix) (1190400:300000000:883200:240000000) pkg: com.climaxstudios.BanditSix]
D/VrLib (10266): SetVrClocks: {CPU CLOCK, GPU CLOCK, POWERSAVE CPU CLOCK, POWERSAVE GPU CLOCK}
D/VrLib (10266): -> / 1190400
D/VrLib (10266): -> / 300000000
D/VrLib (10266): -> / 883200
D/VrLib (10266): -> / 240000000
W/VrApi (10266): CPU Clock = 1190 MHz
W/VrApi (10266): GPU Clock = 300 MHz
W/TimeWarp(10266): Frame 9685 Eye 1 latency 0.019
W/TimeWarp(10266): Frame 9694 Eye 1 latency 0.008
D/OVR ( 9239): Debug: SensorFusion::handleMessage - RotationRate zero
W/TimeWarp(10266): Frame 9700 Eye 1 latency 0.013
I/OVR (10266): DeviceManagerThread - event 69 (499Hz) (Tid=10318)
D/OVR ( 9239): Debug: SensorFusion::handleMessage - RotationRate zero
W/VrApi (10266): CPU0 Clock 1190 MHz, GPU Clock 300000 MHz, Power Level State 0, normal
W/UnityPlugin(10266): FPS: 14 GPU time: 0.0 ms
W/TimeWarp(10266): Warp GPU time: 0.0 ms
W/TimeWarp(10266): Frame 9750 Eye 0 latency 0.099
W/TimeWarp(10266): Changing vsync from 9751.000000 to 9765.000000
W/TimeWarp(10266): Frame 9765 Eye 0 latency 0.012
I/OVR (10266): DeviceManagerThread - event 69 (499Hz) (Tid=10318)
W/TimeWarp(10266): Warp GPU time: 0.0 ms
D/OVR ( 9239): Debug: SensorFusion::handleMessage - RotationRate zero
D/STATUSBAR-NetworkController( 1224): onSignalStrengthsChanged signalStrength=SignalStrength: 18 -1 -1 -1 -1 -1 -1 99 2147483647 2147483647 2147483647 -1 2147483647 gsm|lte 0x4 level=4
D/VrLib (10266): OvrPhoneStateListener.onSignalStrengthsChanged4
W/VrApi (10266): nativeCellularSignalEvent( 4 )
V/AlarmManager( 942): waitForAlarm result :4
W/TimeWarp(10266): Frame 9780 Eye 1 latency 0.098
W/TimeWarp(10266): Changing vsync from 9781.000000 to 9787.000000
D/OVR ( 9239): Debug: SensorFusion::handleMessage - RotationRate zero
D/OVR ( 9239): Debug: SensorFusion::handleMessage - RotationRate zero
W/TimeWarp(10266): Changing vsync from 9788.000000 to 9805.000000
W/VrApi (10266): CPU0 Clock 1190 MHz, GPU Clock 300000 MHz, Power Level State 0, normal
W/UnityPlugin(10266): FPS: 14 GPU time: 0.0 ms
I/OVR (10266): DeviceManagerThread - event 69 (499Hz) (Tid=10318)
W/TimeWarp(10266): Warp GPU time: 0.0 ms
W/VrApi (10266): CPU0 Clock 1190 MHz, GPU Clock 300000 MHz, Power Level State 0, normal
W/UnityPlugin(10266): FPS: 5 GPU time: 0.0 ms
W/TimeWarp(10266): Frame 9838 Eye 1 latency 0.008
W/TimeWarp(10266): Frame 9844 Eye 1 latency 0.039
W/TimeWarp(10266): Changing vsync from 9845.000000 to 9848.000000
W/TimeWarp(10266): Frame 9848 Eye 1 latency 0.010
D/OVR ( 9239): Debug: SensorFusion::handleMessage - RotationRate zero
